{"id":23277,"date":"2024-08-26T13:25:14","date_gmt":"2024-08-26T10:25:14","guid":{"rendered":"https:\/\/kutluyayinevi.com\/magaza\/?post_type=product&#038;p=23277"},"modified":"2026-02-20T16:39:57","modified_gmt":"2026-02-20T13:39:57","slug":"operasyon-a-terlan-nezir","status":"publish","type":"product","link":"https:\/\/kutluyayinevi.com\/magaza\/urun\/operasyon-a-terlan-nezir\/","title":{"rendered":"Operasyon A &#8211; Terlan Nezir"},"content":{"rendered":"<p>Amir yerinde oturmu\u015f, arkaya yaslanm\u0131\u015ft\u0131. Erol durumdan \u015f\u00fcphelendi; \u2018\u2019Amirim!\u2019\u2019 diye seslendi. Ama rengi bembeyaz olan, g\u00f6zleri bir noktaya bakakalan amir \u00f6lm\u00fc\u015ft\u00fc. Erol endi\u015fe i\u00e7inde d\u0131\u015far\u0131ya \u00e7\u0131karken sekreterin de \u00f6lm\u00fc\u015f oldu\u011fu belli oldu. Erol; \u2018\u2019Yard\u0131m edin.\u2019\u2019 diye ba\u011f\u0131r\u0131nca herkes oraya topland\u0131. Amirin aln\u0131nda tek kur\u015fun yaras\u0131 vard\u0131. Cani kimdi? Emniyet m\u00fcd\u00fcrl\u00fc\u011f\u00fcne nas\u0131l girmi\u015fti? B\u00f6ylesi \u00f6nemli bir cinayeti daha \u00f6nce hi\u00e7 kimse ne g\u00f6rm\u00fc\u015f ne de i\u015fitmi\u015fti. Kimsenin hi\u00e7bir \u015feyden haberi yoktu.<\/p>\n","protected":false},"excerpt":{"rendered":"<p>Amir yerinde oturmu\u015f, arkaya yaslanm\u0131\u015ft\u0131. Erol durumdan \u015f\u00fcphelendi; \u2018\u2019Amirim!\u2019\u2019 diye seslendi. Ama rengi bembeyaz olan, g\u00f6zleri bir noktaya bakakalan amir \u00f6lm\u00fc\u015ft\u00fc. Erol endi\u015fe i\u00e7inde d\u0131\u015far\u0131ya \u00e7\u0131karken sekreterin de \u00f6lm\u00fc\u015f oldu\u011fu belli oldu. Erol; \u2018\u2019Yard\u0131m edin.\u2019\u2019 diye ba\u011f\u0131r\u0131nca herkes oraya topland\u0131. Amirin aln\u0131nda tek kur\u015fun yaras\u0131 vard\u0131. Cani kimdi? Emniyet m\u00fcd\u00fcrl\u00fc\u011f\u00fcne nas\u0131l girmi\u015fti? B\u00f6ylesi \u00f6nemli bir [&hellip;]<\/p>\n","protected":false},"featured_media":23278,"comment_status":"closed","ping_status":"closed","template":"","meta":[],"product_brand":[],"product_cat":[24],"product_tag":[],"class_list":{"0":"post-23277","1":"product","2":"type-product","3":"status-publish","4":"has-post-thumbnail","6":"product_cat-roman","8":"first","9":"instock","10":"sale","11":"shipping-taxable","12":"purchasable","13":"product-type-simple"},"_links":{"self":[{"href":"https:\/\/kutluyayinevi.com\/magaza\/wp-json\/wp\/v2\/product\/23277","targetHints":{"allow":["GET"]}}],"collection":[{"href":"https:\/\/kutluyayinevi.com\/magaza\/wp-json\/wp\/v2\/product"}],"about":[{"href":"https:\/\/kutluyayinevi.com\/magaza\/wp-json\/wp\/v2\/types\/product"}],"replies":[{"embeddable":true,"href":"https:\/\/kutluyayinevi.com\/magaza\/wp-json\/wp\/v2\/comments?post=23277"}],"wp:featuredmedia":[{"embeddable":true,"href":"https:\/\/kutluyayinevi.com\/magaza\/wp-json\/wp\/v2\/media\/23278"}],"wp:attachment":[{"href":"https:\/\/kutluyayinevi.com\/magaza\/wp-json\/wp\/v2\/media?parent=23277"}],"wp:term":[{"taxonomy":"product_brand","embeddable":true,"href":"https:\/\/kutluyayinevi.com\/magaza\/wp-json\/wp\/v2\/product_brand?post=23277"},{"taxonomy":"product_cat","embeddable":true,"href":"https:\/\/kutluyayinevi.com\/magaza\/wp-json\/wp\/v2\/product_cat?post=23277"},{"taxonomy":"product_tag","embeddable":true,"href":"https:\/\/kutluyayinevi.com\/magaza\/wp-json\/wp\/v2\/product_tag?post=23277"}],"curies":[{"name":"wp","href":"https:\/\/api.w.org\/{rel}","templated":true}]}}