{"id":23331,"date":"2024-10-04T13:27:46","date_gmt":"2024-10-04T10:27:46","guid":{"rendered":"https:\/\/kutluyayinevi.com\/magaza\/?post_type=product&#038;p=23331"},"modified":"2026-02-19T17:26:53","modified_gmt":"2026-02-19T14:26:53","slug":"durdurun-zamani-sadakat-mirza-nezir","status":"publish","type":"product","link":"https:\/\/kutluyayinevi.com\/magaza\/urun\/durdurun-zamani-sadakat-mirza-nezir\/","title":{"rendered":"Durdurun Zaman\u0131 &#8211; Sadakat Mirza Nezir"},"content":{"rendered":"<p data-renderer-start-pos=\"22\">Dert sarm\u0131\u015f her yan\u0131 bir \u00e7ember gibi,<br \/>\nKalbim parampar\u00e7a, beynim dumanl\u0131.<br \/>\nKanad\u0131 k\u0131r\u0131lm\u0131\u015f, masum ku\u015f gibi,<br \/>\nSanki yapyaln\u0131z\u0131m, hem de yaral\u0131.<\/p>\n<p data-renderer-start-pos=\"163\">Hayat yorgunu mu, dert yorgunu mu\u2026<br \/>\nNeyin yorgunlu\u011fu bu i\u00e7imdeki..<br \/>\nNe\u015feli g\u00f6nl\u00fcm\u00fcn hazin sonu mu..<br \/>\nYa yeni ba\u015flang\u0131\u00e7, hayat\u0131mdaki..<\/p>\n<p data-renderer-start-pos=\"295\">Kendi kendimi tan\u0131yam\u0131yorum,<br \/>\nSevinme duygumu kaybetmi\u015fim ben.<br \/>\nBir ka\u015f\u0131k suda da bo\u011fuluyorum,<br \/>\nDerin okyan\u00fcsler atlam\u0131\u015f\u0131m ben.<\/p>\n<p data-renderer-start-pos=\"421\">En k\u00fc\u00e7\u00fck \u015feylerden sevinen kalbim,<br \/>\nKocaman sevin\u00e7den etkilenmiyor.<br \/>\nSanki buz ba\u011flam\u0131\u015f beynim, y\u00fcre\u011fim,<br \/>\nNe yapsam bir t\u00fcrl\u00fc yan\u0131t vermiyor.<\/p>\n<p data-renderer-start-pos=\"561\">Neden sevinmeyi unutsun insan,<br \/>\nD\u00fcnyada gam, keder bitsin isterim.<br \/>\nDurdurun saati, akmas\u0131n zaman,<br \/>\nBen daha sevinmek, g\u00fclmek isterim.<\/p>\n","protected":false},"excerpt":{"rendered":"<p>Dert sarm\u0131\u015f her yan\u0131 bir \u00e7ember gibi, Kalbim parampar\u00e7a, beynim dumanl\u0131. Kanad\u0131 k\u0131r\u0131lm\u0131\u015f, masum ku\u015f gibi, Sanki yapyaln\u0131z\u0131m, hem de yaral\u0131. Hayat yorgunu mu, dert yorgunu mu\u2026 Neyin yorgunlu\u011fu bu i\u00e7imdeki.. Ne\u015feli g\u00f6nl\u00fcm\u00fcn hazin sonu mu.. Ya yeni ba\u015flang\u0131\u00e7, hayat\u0131mdaki.. Kendi kendimi tan\u0131yam\u0131yorum, Sevinme duygumu kaybetmi\u015fim ben. Bir ka\u015f\u0131k suda da bo\u011fuluyorum, Derin okyan\u00fcsler atlam\u0131\u015f\u0131m [&hellip;]<\/p>\n","protected":false},"featured_media":23332,"comment_status":"closed","ping_status":"closed","template":"","meta":[],"product_brand":[],"product_cat":[22],"product_tag":[],"class_list":{"0":"post-23331","1":"product","2":"type-product","3":"status-publish","4":"has-post-thumbnail","6":"product_cat-siir","8":"first","9":"instock","10":"sale","11":"shipping-taxable","12":"purchasable","13":"product-type-simple"},"_links":{"self":[{"href":"https:\/\/kutluyayinevi.com\/magaza\/wp-json\/wp\/v2\/product\/23331","targetHints":{"allow":["GET"]}}],"collection":[{"href":"https:\/\/kutluyayinevi.com\/magaza\/wp-json\/wp\/v2\/product"}],"about":[{"href":"https:\/\/kutluyayinevi.com\/magaza\/wp-json\/wp\/v2\/types\/product"}],"replies":[{"embeddable":true,"href":"https:\/\/kutluyayinevi.com\/magaza\/wp-json\/wp\/v2\/comments?post=23331"}],"wp:featuredmedia":[{"embeddable":true,"href":"https:\/\/kutluyayinevi.com\/magaza\/wp-json\/wp\/v2\/media\/23332"}],"wp:attachment":[{"href":"https:\/\/kutluyayinevi.com\/magaza\/wp-json\/wp\/v2\/media?parent=23331"}],"wp:term":[{"taxonomy":"product_brand","embeddable":true,"href":"https:\/\/kutluyayinevi.com\/magaza\/wp-json\/wp\/v2\/product_brand?post=23331"},{"taxonomy":"product_cat","embeddable":true,"href":"https:\/\/kutluyayinevi.com\/magaza\/wp-json\/wp\/v2\/product_cat?post=23331"},{"taxonomy":"product_tag","embeddable":true,"href":"https:\/\/kutluyayinevi.com\/magaza\/wp-json\/wp\/v2\/product_tag?post=23331"}],"curies":[{"name":"wp","href":"https:\/\/api.w.org\/{rel}","templated":true}]}}