{"id":23425,"date":"2024-11-07T18:05:55","date_gmt":"2024-11-07T15:05:55","guid":{"rendered":"https:\/\/kutluyayinevi.com\/magaza\/?post_type=product&#038;p=23425"},"modified":"2026-02-20T17:20:38","modified_gmt":"2026-02-20T14:20:38","slug":"saros-yildizi-omer-kayra-turk","status":"publish","type":"product","link":"https:\/\/kutluyayinevi.com\/magaza\/urun\/saros-yildizi-omer-kayra-turk\/","title":{"rendered":"Saros Y\u0131ld\u0131z\u0131 &#8211; \u00d6mer Kayra T\u00fcrk"},"content":{"rendered":"<div class=\"css-jx53nq\">\n<div class=\"ak-renderer-document\">\n<p data-renderer-start-pos=\"1\">\u015fimdiden vermi\u015fler kopuk ite<br \/>\numutsuzlar\u0131n anaca\u011f\u0131 as\u0131r<br \/>\nson y\u0131ld\u0131z da batt\u0131<br \/>\nkapan\u0131yor pusu<br \/>\n-\u201c\u00e7ok istanbul\u201d \u015eiiri\u2019nden-<\/p>\n<p data-renderer-start-pos=\"122\">toz duman<br \/>\nbildi\u011fin gibi, geceleri<br \/>\ng\u00f6ky\u00fcz\u00fc a\u015f\u0131klar\u0131n \u015fiirleriyle parlar<\/p>\n<p data-renderer-start-pos=\"194\">t\u0131rman\u0131p y\u0131ld\u0131z toplayacakt\u0131m sana<br \/>\n-\u201cSaros Y\u0131ld\u0131z\u0131\u201d \u015eiiri\u2019nden<\/p>\n<\/div>\n<\/div>\n","protected":false},"excerpt":{"rendered":"<p>\u015fimdiden vermi\u015fler kopuk ite umutsuzlar\u0131n anaca\u011f\u0131 as\u0131r son y\u0131ld\u0131z da batt\u0131 kapan\u0131yor pusu -\u201c\u00e7ok istanbul\u201d \u015eiiri\u2019nden- toz duman bildi\u011fin gibi, geceleri g\u00f6ky\u00fcz\u00fc a\u015f\u0131klar\u0131n \u015fiirleriyle parlar t\u0131rman\u0131p y\u0131ld\u0131z toplayacakt\u0131m sana -\u201cSaros Y\u0131ld\u0131z\u0131\u201d \u015eiiri\u2019nden<\/p>\n","protected":false},"featured_media":23426,"comment_status":"closed","ping_status":"closed","template":"","meta":[],"product_brand":[],"product_cat":[22],"product_tag":[],"class_list":{"0":"post-23425","1":"product","2":"type-product","3":"status-publish","4":"has-post-thumbnail","6":"product_cat-siir","8":"first","9":"instock","10":"sale","11":"shipping-taxable","12":"purchasable","13":"product-type-simple"},"_links":{"self":[{"href":"https:\/\/kutluyayinevi.com\/magaza\/wp-json\/wp\/v2\/product\/23425","targetHints":{"allow":["GET"]}}],"collection":[{"href":"https:\/\/kutluyayinevi.com\/magaza\/wp-json\/wp\/v2\/product"}],"about":[{"href":"https:\/\/kutluyayinevi.com\/magaza\/wp-json\/wp\/v2\/types\/product"}],"replies":[{"embeddable":true,"href":"https:\/\/kutluyayinevi.com\/magaza\/wp-json\/wp\/v2\/comments?post=23425"}],"wp:featuredmedia":[{"embeddable":true,"href":"https:\/\/kutluyayinevi.com\/magaza\/wp-json\/wp\/v2\/media\/23426"}],"wp:attachment":[{"href":"https:\/\/kutluyayinevi.com\/magaza\/wp-json\/wp\/v2\/media?parent=23425"}],"wp:term":[{"taxonomy":"product_brand","embeddable":true,"href":"https:\/\/kutluyayinevi.com\/magaza\/wp-json\/wp\/v2\/product_brand?post=23425"},{"taxonomy":"product_cat","embeddable":true,"href":"https:\/\/kutluyayinevi.com\/magaza\/wp-json\/wp\/v2\/product_cat?post=23425"},{"taxonomy":"product_tag","embeddable":true,"href":"https:\/\/kutluyayinevi.com\/magaza\/wp-json\/wp\/v2\/product_tag?post=23425"}],"curies":[{"name":"wp","href":"https:\/\/api.w.org\/{rel}","templated":true}]}}