{"id":23437,"date":"2024-11-15T17:14:47","date_gmt":"2024-11-15T14:14:47","guid":{"rendered":"https:\/\/kutluyayinevi.com\/magaza\/?post_type=product&#038;p=23437"},"modified":"2026-02-20T17:13:17","modified_gmt":"2026-02-20T14:13:17","slug":"ruhun-gunahi-ziya-ayhan","status":"publish","type":"product","link":"https:\/\/kutluyayinevi.com\/magaza\/urun\/ruhun-gunahi-ziya-ayhan\/","title":{"rendered":"Ruhun G\u00fcnah\u0131 &#8211; Ziya Ayhan"},"content":{"rendered":"<p>Lotton, teti\u011fi \u00e7ekmeden \u00f6nce patlama sesini duyup duyamayaca\u011f\u0131n\u0131 merak etti. Acaba \u00f6l\u00fcm\u00fcn\u00fc hissedecek ve bu anlar\u0131 deneyimleyecek miydi? \u00d6lmeden \u00f6nce kan\u0131, bedenini terk etmeden d\u00fcnyadan ayr\u0131l\u0131yor olu\u015funun \u00fcz\u00fcnt\u00fcs\u00fcn\u00fc ya\u015fayacak m\u0131yd\u0131? Ormana geli\u015finin pi\u015fmanl\u0131\u011f\u0131n\u0131 \u00f6l\u00fcmden sonraki ya\u015fam\u0131na g\u00f6t\u00fcrecek miydi? Lotton, bunu bilmiyordu ama yak\u0131nda \u00f6\u011frenece\u011fine emindi.<\/p>\n","protected":false},"excerpt":{"rendered":"<p>Lotton, teti\u011fi \u00e7ekmeden \u00f6nce patlama sesini duyup duyamayaca\u011f\u0131n\u0131 merak etti. Acaba \u00f6l\u00fcm\u00fcn\u00fc hissedecek ve bu anlar\u0131 deneyimleyecek miydi? \u00d6lmeden \u00f6nce kan\u0131, bedenini terk etmeden d\u00fcnyadan ayr\u0131l\u0131yor olu\u015funun \u00fcz\u00fcnt\u00fcs\u00fcn\u00fc ya\u015fayacak m\u0131yd\u0131? Ormana geli\u015finin pi\u015fmanl\u0131\u011f\u0131n\u0131 \u00f6l\u00fcmden sonraki ya\u015fam\u0131na g\u00f6t\u00fcrecek miydi? Lotton, bunu bilmiyordu ama yak\u0131nda \u00f6\u011frenece\u011fine emindi.<\/p>\n","protected":false},"featured_media":23438,"comment_status":"closed","ping_status":"closed","template":"","meta":[],"product_brand":[],"product_cat":[24],"product_tag":[],"class_list":{"0":"post-23437","1":"product","2":"type-product","3":"status-publish","4":"has-post-thumbnail","6":"product_cat-roman","8":"first","9":"instock","10":"sale","11":"shipping-taxable","12":"purchasable","13":"product-type-simple"},"_links":{"self":[{"href":"https:\/\/kutluyayinevi.com\/magaza\/wp-json\/wp\/v2\/product\/23437","targetHints":{"allow":["GET"]}}],"collection":[{"href":"https:\/\/kutluyayinevi.com\/magaza\/wp-json\/wp\/v2\/product"}],"about":[{"href":"https:\/\/kutluyayinevi.com\/magaza\/wp-json\/wp\/v2\/types\/product"}],"replies":[{"embeddable":true,"href":"https:\/\/kutluyayinevi.com\/magaza\/wp-json\/wp\/v2\/comments?post=23437"}],"wp:featuredmedia":[{"embeddable":true,"href":"https:\/\/kutluyayinevi.com\/magaza\/wp-json\/wp\/v2\/media\/23438"}],"wp:attachment":[{"href":"https:\/\/kutluyayinevi.com\/magaza\/wp-json\/wp\/v2\/media?parent=23437"}],"wp:term":[{"taxonomy":"product_brand","embeddable":true,"href":"https:\/\/kutluyayinevi.com\/magaza\/wp-json\/wp\/v2\/product_brand?post=23437"},{"taxonomy":"product_cat","embeddable":true,"href":"https:\/\/kutluyayinevi.com\/magaza\/wp-json\/wp\/v2\/product_cat?post=23437"},{"taxonomy":"product_tag","embeddable":true,"href":"https:\/\/kutluyayinevi.com\/magaza\/wp-json\/wp\/v2\/product_tag?post=23437"}],"curies":[{"name":"wp","href":"https:\/\/api.w.org\/{rel}","templated":true}]}}