{"id":23444,"date":"2024-11-15T17:34:35","date_gmt":"2024-11-15T14:34:35","guid":{"rendered":"https:\/\/kutluyayinevi.com\/magaza\/?post_type=product&#038;p=23444"},"modified":"2026-02-23T10:43:41","modified_gmt":"2026-02-23T07:43:41","slug":"ufolar-ve-uzaylilar-bilinmesi-gereken-temel-bilgiler-efe-aktan","status":"publish","type":"product","link":"https:\/\/kutluyayinevi.com\/magaza\/urun\/ufolar-ve-uzaylilar-bilinmesi-gereken-temel-bilgiler-efe-aktan\/","title":{"rendered":"Ufolar ve Uzayl\u0131lar &#8211; Bilinmesi Gereken Temel Bilgiler &#8211; Efe Aktan"},"content":{"rendered":"<p data-renderer-start-pos=\"14\">Elinizdeki kitap, d\u00fcnya d\u0131\u015f\u0131 ya\u015fam hakk\u0131nda bilinmesi gereken temel bilgileri, bilimsel y\u00f6ntemlerin \u0131\u015f\u0131\u011f\u0131nda ve anla\u015f\u0131l\u0131r bir dille sunmaktad\u0131r. D\u00fcnya genelinde ve \u00f6zellikle T\u00fcrkiye&#8217;de bu konuya ilgi duyan herkes i\u00e7in bir ba\u015fvuru kayna\u011f\u0131 olarak tasarland\u0131.<br \/>\nKitapta, Tevrat&#8217;ta ve di\u011fer eski metinlerde bahsedilen uzayl\u0131 kavramlar\u0131ndan, bug\u00fcne kadar rapor edilen UFO haberlerine; R\u00f6nesans tablolar\u0131ndaki d\u00fcnya d\u0131\u015f\u0131 ya\u015fam izlerinden, temas\u00e7\u0131lar\u0131n tan\u0131mlad\u0131\u011f\u0131 farkl\u0131 varl\u0131k t\u00fcrlerine kadar bir\u00e7ok derin konu ele al\u0131n\u0131yor. Konular\u0131 k\u0131sa, \u00f6z ve anla\u015f\u0131l\u0131r tutarak, okuyucunun ilgisini canl\u0131 tutmay\u0131 ve bu alanda ara\u015ft\u0131rma yapmak isteyenlere bir yol haritas\u0131 sunmay\u0131 ama\u00e7lad\u0131m.<\/p>\n<p data-renderer-start-pos=\"685\">Bu kitab\u0131n sayfalar\u0131nda, d\u00fcnya d\u0131\u015f\u0131 ya\u015fam konusunun hassas ve karma\u015f\u0131k do\u011fas\u0131na ra\u011fmen, temel bilgileri \u00f6\u011frenebilecek ve bu konulara dair daha derin bir anlay\u0131\u015f geli\u015ftirebileceksiniz. \u00d6zellikle bu alana ilgi duyanlar i\u00e7in de\u011ferli bir kaynak, merakl\u0131 okuyucular i\u00e7in ise keyifli bir ba\u015fucu kitab\u0131 olaca\u011f\u0131na inan\u0131yorum. D\u00fcnya d\u0131\u015f\u0131 ya\u015famla ilgili merak ettikleriniz i\u00e7in bu temel rehberi elinizden b\u0131rakmak istemeyeceksiniz.<\/p>\n","protected":false},"excerpt":{"rendered":"<p>Elinizdeki kitap, d\u00fcnya d\u0131\u015f\u0131 ya\u015fam hakk\u0131nda bilinmesi gereken temel bilgileri, bilimsel y\u00f6ntemlerin \u0131\u015f\u0131\u011f\u0131nda ve anla\u015f\u0131l\u0131r bir dille sunmaktad\u0131r. D\u00fcnya genelinde ve \u00f6zellikle T\u00fcrkiye&#8217;de bu konuya ilgi duyan herkes i\u00e7in bir ba\u015fvuru kayna\u011f\u0131 olarak tasarland\u0131. Kitapta, Tevrat&#8217;ta ve di\u011fer eski metinlerde bahsedilen uzayl\u0131 kavramlar\u0131ndan, bug\u00fcne kadar rapor edilen UFO haberlerine; R\u00f6nesans tablolar\u0131ndaki d\u00fcnya d\u0131\u015f\u0131 ya\u015fam izlerinden, [&hellip;]<\/p>\n","protected":false},"featured_media":23445,"comment_status":"closed","ping_status":"closed","template":"","meta":[],"product_brand":[],"product_cat":[28],"product_tag":[],"class_list":{"0":"post-23444","1":"product","2":"type-product","3":"status-publish","4":"has-post-thumbnail","6":"product_cat-aratirma-inceleme","8":"first","9":"instock","10":"sale","11":"shipping-taxable","12":"purchasable","13":"product-type-simple"},"_links":{"self":[{"href":"https:\/\/kutluyayinevi.com\/magaza\/wp-json\/wp\/v2\/product\/23444","targetHints":{"allow":["GET"]}}],"collection":[{"href":"https:\/\/kutluyayinevi.com\/magaza\/wp-json\/wp\/v2\/product"}],"about":[{"href":"https:\/\/kutluyayinevi.com\/magaza\/wp-json\/wp\/v2\/types\/product"}],"replies":[{"embeddable":true,"href":"https:\/\/kutluyayinevi.com\/magaza\/wp-json\/wp\/v2\/comments?post=23444"}],"wp:featuredmedia":[{"embeddable":true,"href":"https:\/\/kutluyayinevi.com\/magaza\/wp-json\/wp\/v2\/media\/23445"}],"wp:attachment":[{"href":"https:\/\/kutluyayinevi.com\/magaza\/wp-json\/wp\/v2\/media?parent=23444"}],"wp:term":[{"taxonomy":"product_brand","embeddable":true,"href":"https:\/\/kutluyayinevi.com\/magaza\/wp-json\/wp\/v2\/product_brand?post=23444"},{"taxonomy":"product_cat","embeddable":true,"href":"https:\/\/kutluyayinevi.com\/magaza\/wp-json\/wp\/v2\/product_cat?post=23444"},{"taxonomy":"product_tag","embeddable":true,"href":"https:\/\/kutluyayinevi.com\/magaza\/wp-json\/wp\/v2\/product_tag?post=23444"}],"curies":[{"name":"wp","href":"https:\/\/api.w.org\/{rel}","templated":true}]}}