{"id":23492,"date":"2024-12-13T17:27:31","date_gmt":"2024-12-13T14:27:31","guid":{"rendered":"https:\/\/kutluyayinevi.com\/magaza\/?post_type=product&#038;p=23492"},"modified":"2026-02-23T09:56:52","modified_gmt":"2026-02-23T06:56:52","slug":"suc-kimde-naciye-tekerek","status":"publish","type":"product","link":"https:\/\/kutluyayinevi.com\/magaza\/urun\/suc-kimde-naciye-tekerek\/","title":{"rendered":"Su\u00e7 Kimde? &#8211; Naciye Tekerek"},"content":{"rendered":"<p>FA\u0130L\u0130N\u0130 ARARKEN HAK\u0130M BEY \u00d6L\u00dcM\u00dcN.<br \/>\nTOHUMU TOPRA\u011eA ATIP<br \/>\nYE\u015eER\u0130NCE SULAYIP<br \/>\nDAHA F\u0130DANKEN BOYNUNU VURANLARI DA G\u00d6RD\u00dcK!<\/p>\n<p>TOPRAK ANADAN, TA\u015eLAR BABADAN DAHA<br \/>\nYUMU\u015eAKTI HAK\u0130M BEY!<\/p>\n<p>\u015e\u0130\u0130R YA\u015eADI<br \/>\n\u015eA\u0130R \u00d6LD\u00dc<br \/>\n\u015eA\u0130R\u0130 \u00d6LEN \u015e\u0130\u0130R YET\u0130M KALDI<br \/>\n\u015e\u0130\u0130R KADAR \u00d6MR\u00dc OLMAYAN \u015eA\u0130R \u00d6LD\u00dc!<\/p>\n<p>YED\u0130 G\u00dcZEL ADAM B\u0130R G\u00dcZEL KADIN\/TEKEREK<\/p>\n","protected":false},"excerpt":{"rendered":"<p>FA\u0130L\u0130N\u0130 ARARKEN HAK\u0130M BEY \u00d6L\u00dcM\u00dcN. TOHUMU TOPRA\u011eA ATIP YE\u015eER\u0130NCE SULAYIP DAHA F\u0130DANKEN BOYNUNU VURANLARI DA G\u00d6RD\u00dcK! TOPRAK ANADAN, TA\u015eLAR BABADAN DAHA YUMU\u015eAKTI HAK\u0130M BEY! \u015e\u0130\u0130R YA\u015eADI \u015eA\u0130R \u00d6LD\u00dc \u015eA\u0130R\u0130 \u00d6LEN \u015e\u0130\u0130R YET\u0130M KALDI \u015e\u0130\u0130R KADAR \u00d6MR\u00dc OLMAYAN \u015eA\u0130R \u00d6LD\u00dc! YED\u0130 G\u00dcZEL ADAM B\u0130R G\u00dcZEL KADIN\/TEKEREK<\/p>\n","protected":false},"featured_media":23493,"comment_status":"closed","ping_status":"closed","template":"","meta":[],"product_brand":[],"product_cat":[24],"product_tag":[],"class_list":{"0":"post-23492","1":"product","2":"type-product","3":"status-publish","4":"has-post-thumbnail","6":"product_cat-roman","8":"first","9":"instock","10":"sale","11":"shipping-taxable","12":"purchasable","13":"product-type-simple"},"_links":{"self":[{"href":"https:\/\/kutluyayinevi.com\/magaza\/wp-json\/wp\/v2\/product\/23492","targetHints":{"allow":["GET"]}}],"collection":[{"href":"https:\/\/kutluyayinevi.com\/magaza\/wp-json\/wp\/v2\/product"}],"about":[{"href":"https:\/\/kutluyayinevi.com\/magaza\/wp-json\/wp\/v2\/types\/product"}],"replies":[{"embeddable":true,"href":"https:\/\/kutluyayinevi.com\/magaza\/wp-json\/wp\/v2\/comments?post=23492"}],"wp:featuredmedia":[{"embeddable":true,"href":"https:\/\/kutluyayinevi.com\/magaza\/wp-json\/wp\/v2\/media\/23493"}],"wp:attachment":[{"href":"https:\/\/kutluyayinevi.com\/magaza\/wp-json\/wp\/v2\/media?parent=23492"}],"wp:term":[{"taxonomy":"product_brand","embeddable":true,"href":"https:\/\/kutluyayinevi.com\/magaza\/wp-json\/wp\/v2\/product_brand?post=23492"},{"taxonomy":"product_cat","embeddable":true,"href":"https:\/\/kutluyayinevi.com\/magaza\/wp-json\/wp\/v2\/product_cat?post=23492"},{"taxonomy":"product_tag","embeddable":true,"href":"https:\/\/kutluyayinevi.com\/magaza\/wp-json\/wp\/v2\/product_tag?post=23492"}],"curies":[{"name":"wp","href":"https:\/\/api.w.org\/{rel}","templated":true}]}}