{"id":23494,"date":"2024-12-13T17:33:56","date_gmt":"2024-12-13T14:33:56","guid":{"rendered":"https:\/\/kutluyayinevi.com\/magaza\/?post_type=product&#038;p=23494"},"modified":"2026-02-20T16:34:59","modified_gmt":"2026-02-20T13:34:59","slug":"nefesini-farket-makbule-pekdogan","status":"publish","type":"product","link":"https:\/\/kutluyayinevi.com\/magaza\/urun\/nefesini-farket-makbule-pekdogan\/","title":{"rendered":"Nefesini Farket &#8211; Makbule Pekdo\u011fan"},"content":{"rendered":"<p>Yap\u0131lan bir ara\u015ft\u0131rmaya g\u00f6re d\u00fcnyada ya\u015fayan insanlar\u0131n %90\u2019\u0131 solunum sistemlerinin %30\u2019unu kullanmakta oldu\u011funu s\u00f6yl\u00fcyor. Yani bu ne demek oluyor? %30 sa\u011fl\u0131kl\u0131, %30 ba\u015far\u0131l\u0131 ve % 30 mutluyuz. \u00d6zetle nefesimiz ve onu al\u0131\u015fveri\u015f \u015feklimiz, hayat\u0131m\u0131zla ve onu ya\u015fay\u0131\u015f \u015feklimizle derin bir ba\u011flant\u0131 i\u00e7inde. V\u00fccudumuzun yap\u0131 ta\u015flar\u0131 olan h\u00fccrelerimize oksijen nefes yoluyla al\u0131n\u0131yor. Bedenimiz kendini nefes yolu ile yeniliyor ve yine yedi\u011fimiz yiyeceklerden, kulland\u0131\u011f\u0131m\u0131z temizlik malzemeleri ve kozmetik \u00fcr\u00fcnlerinden ald\u0131\u011f\u0131m\u0131z toksinlerin b\u00fcy\u00fck bir b\u00f6l\u00fcm\u00fc (%70\u2019i) v\u00fccudumuzdan nefes yolu ile ald\u0131\u011f\u0131m\u0131z oksijenle d\u0131\u015far\u0131 at\u0131l\u0131yor. Bir \u201cnefes e\u011fitmeni\u201d olarak nefes; bana bu paha bi\u00e7ilmez de\u011ferini, onun sadece oksijen, karbondioksit de\u011fi\u015fimi olarak de\u011fil, d\u00f6n\u00fc\u015f\u00fcm\u00fcn arac\u0131s\u0131 oldu\u011funu net bir \u015fekilde \u00f6\u011fretti. Hayat\u0131mda ya\u015fad\u0131\u011f\u0131m d\u00f6n\u00fcm noktalar\u0131m\u0131n i\u00e7sel sesidir \u201cNefes\u201d.<\/p>\n","protected":false},"excerpt":{"rendered":"<p>Yap\u0131lan bir ara\u015ft\u0131rmaya g\u00f6re d\u00fcnyada ya\u015fayan insanlar\u0131n %90\u2019\u0131 solunum sistemlerinin %30\u2019unu kullanmakta oldu\u011funu s\u00f6yl\u00fcyor. Yani bu ne demek oluyor? %30 sa\u011fl\u0131kl\u0131, %30 ba\u015far\u0131l\u0131 ve % 30 mutluyuz. \u00d6zetle nefesimiz ve onu al\u0131\u015fveri\u015f \u015feklimiz, hayat\u0131m\u0131zla ve onu ya\u015fay\u0131\u015f \u015feklimizle derin bir ba\u011flant\u0131 i\u00e7inde. V\u00fccudumuzun yap\u0131 ta\u015flar\u0131 olan h\u00fccrelerimize oksijen nefes yoluyla al\u0131n\u0131yor. Bedenimiz kendini nefes yolu [&hellip;]<\/p>\n","protected":false},"featured_media":23495,"comment_status":"closed","ping_status":"closed","template":"","meta":[],"product_brand":[],"product_cat":[32],"product_tag":[],"class_list":{"0":"post-23494","1":"product","2":"type-product","3":"status-publish","4":"has-post-thumbnail","6":"product_cat-kisisel-gelisim","8":"first","9":"instock","10":"sale","11":"shipping-taxable","12":"purchasable","13":"product-type-simple"},"_links":{"self":[{"href":"https:\/\/kutluyayinevi.com\/magaza\/wp-json\/wp\/v2\/product\/23494","targetHints":{"allow":["GET"]}}],"collection":[{"href":"https:\/\/kutluyayinevi.com\/magaza\/wp-json\/wp\/v2\/product"}],"about":[{"href":"https:\/\/kutluyayinevi.com\/magaza\/wp-json\/wp\/v2\/types\/product"}],"replies":[{"embeddable":true,"href":"https:\/\/kutluyayinevi.com\/magaza\/wp-json\/wp\/v2\/comments?post=23494"}],"wp:featuredmedia":[{"embeddable":true,"href":"https:\/\/kutluyayinevi.com\/magaza\/wp-json\/wp\/v2\/media\/23495"}],"wp:attachment":[{"href":"https:\/\/kutluyayinevi.com\/magaza\/wp-json\/wp\/v2\/media?parent=23494"}],"wp:term":[{"taxonomy":"product_brand","embeddable":true,"href":"https:\/\/kutluyayinevi.com\/magaza\/wp-json\/wp\/v2\/product_brand?post=23494"},{"taxonomy":"product_cat","embeddable":true,"href":"https:\/\/kutluyayinevi.com\/magaza\/wp-json\/wp\/v2\/product_cat?post=23494"},{"taxonomy":"product_tag","embeddable":true,"href":"https:\/\/kutluyayinevi.com\/magaza\/wp-json\/wp\/v2\/product_tag?post=23494"}],"curies":[{"name":"wp","href":"https:\/\/api.w.org\/{rel}","templated":true}]}}