{"id":23516,"date":"2024-12-23T18:42:41","date_gmt":"2024-12-23T15:42:41","guid":{"rendered":"https:\/\/kutluyayinevi.com\/magaza\/?post_type=product&#038;p=23516"},"modified":"2026-02-20T12:15:04","modified_gmt":"2026-02-20T09:15:04","slug":"kararli-nasil-olabiliriz-cuneyt-karatas","status":"publish","type":"product","link":"https:\/\/kutluyayinevi.com\/magaza\/urun\/kararli-nasil-olabiliriz-cuneyt-karatas\/","title":{"rendered":"Kararl\u0131 Nas\u0131l Olabiliriz? &#8211; C\u00fcneyt Karata\u015f"},"content":{"rendered":"<p>Sevgili Okur,<\/p>\n<p>Kararl\u0131l\u0131k, ya\u015fam\u0131m\u0131z\u0131n her alan\u0131nda ba\u015far\u0131ya giden yolda \u00f6nemli bir anahtard\u0131r. Zorluklarla kar\u015f\u0131la\u015ft\u0131\u011f\u0131m\u0131zda, hedeflerimize ula\u015fmak i\u00e7in kararl\u0131 olmam\u0131z gerekir. Bu kitap, sizin kararl\u0131l\u0131\u011f\u0131n\u0131z\u0131 g\u00fc\u00e7lendirmenize yard\u0131mc\u0131 olacak pratik ipu\u00e7lar\u0131, ilham verici \u00f6rnekler ve ad\u0131m ad\u0131m rehberlik sunmay\u0131 ama\u00e7lar. Kararl\u0131l\u0131k, sadece istedi\u011fimiz \u015feylere ula\u015fmak i\u00e7in de\u011fil, ayn\u0131 zamanda ya\u015fam\u0131n zorluklar\u0131yla ba\u015fa \u00e7\u0131kmak i\u00e7inde gereklidir. Bu kitap, hayat\u0131n\u0131z\u0131 istedi\u011finiz \u015fekilde y\u00f6nlendirmenize ve i\u00e7sel g\u00fcc\u00fcn\u00fcz\u00fc ke\u015ffetmenize yard\u0131mc\u0131 olacak bir kaynakt\u0131r. Yolculu\u011funuzda size rehberlik etmek i\u00e7in buraday\u0131m. Birlikte, kararl\u0131l\u0131kla daha g\u00fc\u00e7l\u00fc bir gelece\u011fe do\u011fru ilerleyece\u011fiz.<\/p>\n","protected":false},"excerpt":{"rendered":"<p>Sevgili Okur, Kararl\u0131l\u0131k, ya\u015fam\u0131m\u0131z\u0131n her alan\u0131nda ba\u015far\u0131ya giden yolda \u00f6nemli bir anahtard\u0131r. Zorluklarla kar\u015f\u0131la\u015ft\u0131\u011f\u0131m\u0131zda, hedeflerimize ula\u015fmak i\u00e7in kararl\u0131 olmam\u0131z gerekir. Bu kitap, sizin kararl\u0131l\u0131\u011f\u0131n\u0131z\u0131 g\u00fc\u00e7lendirmenize yard\u0131mc\u0131 olacak pratik ipu\u00e7lar\u0131, ilham verici \u00f6rnekler ve ad\u0131m ad\u0131m rehberlik sunmay\u0131 ama\u00e7lar. Kararl\u0131l\u0131k, sadece istedi\u011fimiz \u015feylere ula\u015fmak i\u00e7in de\u011fil, ayn\u0131 zamanda ya\u015fam\u0131n zorluklar\u0131yla ba\u015fa \u00e7\u0131kmak i\u00e7inde gereklidir. Bu kitap, [&hellip;]<\/p>\n","protected":false},"featured_media":23517,"comment_status":"closed","ping_status":"closed","template":"","meta":[],"product_brand":[],"product_cat":[32],"product_tag":[],"class_list":{"0":"post-23516","1":"product","2":"type-product","3":"status-publish","4":"has-post-thumbnail","6":"product_cat-kisisel-gelisim","8":"first","9":"instock","10":"sale","11":"shipping-taxable","12":"purchasable","13":"product-type-simple"},"_links":{"self":[{"href":"https:\/\/kutluyayinevi.com\/magaza\/wp-json\/wp\/v2\/product\/23516","targetHints":{"allow":["GET"]}}],"collection":[{"href":"https:\/\/kutluyayinevi.com\/magaza\/wp-json\/wp\/v2\/product"}],"about":[{"href":"https:\/\/kutluyayinevi.com\/magaza\/wp-json\/wp\/v2\/types\/product"}],"replies":[{"embeddable":true,"href":"https:\/\/kutluyayinevi.com\/magaza\/wp-json\/wp\/v2\/comments?post=23516"}],"wp:featuredmedia":[{"embeddable":true,"href":"https:\/\/kutluyayinevi.com\/magaza\/wp-json\/wp\/v2\/media\/23517"}],"wp:attachment":[{"href":"https:\/\/kutluyayinevi.com\/magaza\/wp-json\/wp\/v2\/media?parent=23516"}],"wp:term":[{"taxonomy":"product_brand","embeddable":true,"href":"https:\/\/kutluyayinevi.com\/magaza\/wp-json\/wp\/v2\/product_brand?post=23516"},{"taxonomy":"product_cat","embeddable":true,"href":"https:\/\/kutluyayinevi.com\/magaza\/wp-json\/wp\/v2\/product_cat?post=23516"},{"taxonomy":"product_tag","embeddable":true,"href":"https:\/\/kutluyayinevi.com\/magaza\/wp-json\/wp\/v2\/product_tag?post=23516"}],"curies":[{"name":"wp","href":"https:\/\/api.w.org\/{rel}","templated":true}]}}