{"id":23538,"date":"2025-01-02T12:47:07","date_gmt":"2025-01-02T09:47:07","guid":{"rendered":"https:\/\/kutluyayinevi.com\/magaza\/?post_type=product&#038;p=23538"},"modified":"2026-02-20T13:03:41","modified_gmt":"2026-02-20T10:03:41","slug":"lycaon-vampir-avci-ve-cadi-fazil-sahin","status":"publish","type":"product","link":"https:\/\/kutluyayinevi.com\/magaza\/urun\/lycaon-vampir-avci-ve-cadi-fazil-sahin\/","title":{"rendered":"Lycaon: Vampir, Avc\u0131 ve Cad\u0131 &#8211; Faz\u0131l \u015eahin"},"content":{"rendered":"<p>&#8220;Ge\u00e7mi\u015fi yazan, gelece\u011fi belirleyen kazananlard\u0131r; ve \u015fimdi sizler bildi\u011finiz tarihi unuttunuz ve en g\u00fc\u00e7l\u00fc Lycaon taraf\u0131ndan yeniden yaz\u0131lmas\u0131na tan\u0131kl\u0131k ediniz.&#8221;<\/p>\n","protected":false},"excerpt":{"rendered":"<p>&#8220;Ge\u00e7mi\u015fi yazan, gelece\u011fi belirleyen kazananlard\u0131r; ve \u015fimdi sizler bildi\u011finiz tarihi unuttunuz ve en g\u00fc\u00e7l\u00fc Lycaon taraf\u0131ndan yeniden yaz\u0131lmas\u0131na tan\u0131kl\u0131k ediniz.&#8221;<\/p>\n","protected":false},"featured_media":23539,"comment_status":"closed","ping_status":"closed","template":"","meta":[],"product_brand":[],"product_cat":[24],"product_tag":[],"class_list":{"0":"post-23538","1":"product","2":"type-product","3":"status-publish","4":"has-post-thumbnail","6":"product_cat-roman","8":"first","9":"instock","10":"sale","11":"shipping-taxable","12":"purchasable","13":"product-type-simple"},"_links":{"self":[{"href":"https:\/\/kutluyayinevi.com\/magaza\/wp-json\/wp\/v2\/product\/23538","targetHints":{"allow":["GET"]}}],"collection":[{"href":"https:\/\/kutluyayinevi.com\/magaza\/wp-json\/wp\/v2\/product"}],"about":[{"href":"https:\/\/kutluyayinevi.com\/magaza\/wp-json\/wp\/v2\/types\/product"}],"replies":[{"embeddable":true,"href":"https:\/\/kutluyayinevi.com\/magaza\/wp-json\/wp\/v2\/comments?post=23538"}],"wp:featuredmedia":[{"embeddable":true,"href":"https:\/\/kutluyayinevi.com\/magaza\/wp-json\/wp\/v2\/media\/23539"}],"wp:attachment":[{"href":"https:\/\/kutluyayinevi.com\/magaza\/wp-json\/wp\/v2\/media?parent=23538"}],"wp:term":[{"taxonomy":"product_brand","embeddable":true,"href":"https:\/\/kutluyayinevi.com\/magaza\/wp-json\/wp\/v2\/product_brand?post=23538"},{"taxonomy":"product_cat","embeddable":true,"href":"https:\/\/kutluyayinevi.com\/magaza\/wp-json\/wp\/v2\/product_cat?post=23538"},{"taxonomy":"product_tag","embeddable":true,"href":"https:\/\/kutluyayinevi.com\/magaza\/wp-json\/wp\/v2\/product_tag?post=23538"}],"curies":[{"name":"wp","href":"https:\/\/api.w.org\/{rel}","templated":true}]}}