{"id":23555,"date":"2025-01-10T14:58:24","date_gmt":"2025-01-10T11:58:24","guid":{"rendered":"https:\/\/kutluyayinevi.com\/magaza\/?post_type=product&#038;p=23555"},"modified":"2026-02-23T10:34:33","modified_gmt":"2026-02-23T07:34:33","slug":"tutkunun-golgesi-tulin-kocamis","status":"publish","type":"product","link":"https:\/\/kutluyayinevi.com\/magaza\/urun\/tutkunun-golgesi-tulin-kocamis\/","title":{"rendered":"Tutkunun G\u00f6lgesi &#8211; T\u00fclin Kocam\u0131\u015f"},"content":{"rendered":"<p>\u015eiir bir tutkudur. Hayata dair bir dokunu\u015f, es ge\u00e7meyi\u015ftir. Kendini orada g\u00f6r\u00fcp nereye do\u011fru yol alaca\u011f\u0131n\u0131 kestirebilme kendi olabilmektir.<\/p>\n<p>Tutkunuz ne olursa olsun onun pe\u015finden gidip en iyisi olabilme sevdas\u0131yla nice g\u00fczel kap\u0131lara y\u00f6nelme \u00fcmidiyle&#8230;<\/p>\n","protected":false},"excerpt":{"rendered":"<p>\u015eiir bir tutkudur. Hayata dair bir dokunu\u015f, es ge\u00e7meyi\u015ftir. Kendini orada g\u00f6r\u00fcp nereye do\u011fru yol alaca\u011f\u0131n\u0131 kestirebilme kendi olabilmektir. Tutkunuz ne olursa olsun onun pe\u015finden gidip en iyisi olabilme sevdas\u0131yla nice g\u00fczel kap\u0131lara y\u00f6nelme \u00fcmidiyle&#8230;<\/p>\n","protected":false},"featured_media":23556,"comment_status":"closed","ping_status":"closed","template":"","meta":[],"product_brand":[],"product_cat":[22],"product_tag":[],"class_list":{"0":"post-23555","1":"product","2":"type-product","3":"status-publish","4":"has-post-thumbnail","6":"product_cat-siir","8":"first","9":"instock","10":"sale","11":"shipping-taxable","12":"purchasable","13":"product-type-simple"},"_links":{"self":[{"href":"https:\/\/kutluyayinevi.com\/magaza\/wp-json\/wp\/v2\/product\/23555","targetHints":{"allow":["GET"]}}],"collection":[{"href":"https:\/\/kutluyayinevi.com\/magaza\/wp-json\/wp\/v2\/product"}],"about":[{"href":"https:\/\/kutluyayinevi.com\/magaza\/wp-json\/wp\/v2\/types\/product"}],"replies":[{"embeddable":true,"href":"https:\/\/kutluyayinevi.com\/magaza\/wp-json\/wp\/v2\/comments?post=23555"}],"wp:featuredmedia":[{"embeddable":true,"href":"https:\/\/kutluyayinevi.com\/magaza\/wp-json\/wp\/v2\/media\/23556"}],"wp:attachment":[{"href":"https:\/\/kutluyayinevi.com\/magaza\/wp-json\/wp\/v2\/media?parent=23555"}],"wp:term":[{"taxonomy":"product_brand","embeddable":true,"href":"https:\/\/kutluyayinevi.com\/magaza\/wp-json\/wp\/v2\/product_brand?post=23555"},{"taxonomy":"product_cat","embeddable":true,"href":"https:\/\/kutluyayinevi.com\/magaza\/wp-json\/wp\/v2\/product_cat?post=23555"},{"taxonomy":"product_tag","embeddable":true,"href":"https:\/\/kutluyayinevi.com\/magaza\/wp-json\/wp\/v2\/product_tag?post=23555"}],"curies":[{"name":"wp","href":"https:\/\/api.w.org\/{rel}","templated":true}]}}