{"id":23567,"date":"2025-01-10T16:58:17","date_gmt":"2025-01-10T13:58:17","guid":{"rendered":"https:\/\/kutluyayinevi.com\/magaza\/?post_type=product&#038;p=23567"},"modified":"2026-02-20T17:23:03","modified_gmt":"2026-02-20T14:23:03","slug":"semender-sem-samet-turkyurdu","status":"publish","type":"product","link":"https:\/\/kutluyayinevi.com\/magaza\/urun\/semender-sem-samet-turkyurdu\/","title":{"rendered":"Semender Sem &#8211; Samet T\u00fcrkyurdu"},"content":{"rendered":"<p>B\u0130R YILDIZDIR HER \u00c7OCUK<br \/>\nVelhas\u0131l\u0131kelam, k\u00e2inatta;<br \/>\nBir y\u0131ld\u0131zd\u0131r her \u00e7ocuk.<br \/>\nGece par\u0131ldayan ay de\u011fil,<br \/>\nAya d\u00fc\u015fen \u0131\u015f\u0131kt\u0131r \u00e7ocuk.<br \/>\nI\u015f\u0131\u011f\u0131n akt\u0131\u011f\u0131 yol de\u011fil,<br \/>\nYola \u0131\u015f\u0131k katan g\u00fcne\u015ftir \u00e7ocuk.<br \/>\nBoyuna katt\u0131\u011f\u0131n boy de\u011fil,<br \/>\nT\u00fcm insanl\u0131\u011f\u0131n soyudur \u00e7ocuk.<br \/>\nCehalet sarsa da d\u00fcnyay\u0131,<br \/>\n\u0130limin en parlak yoludur \u00e7ocuk.<br \/>\nR\u00fczg\u00e2rda u\u00e7an yaprak de\u011fil,<br \/>\nYapra\u011f\u0131n\u0131 u\u00e7uran \u00e7\u0131nard\u0131r \u00e7ocuk.<br \/>\nTopra\u011fa d\u00fc\u015fen ya\u011fmur de\u011fil,<br \/>\nYa\u011fmuru ta\u015f\u0131yan buluttur \u00e7ocuk.<br \/>\nGe\u00e7mi\u015ften bir hik\u00e2ye de\u011fil,<br \/>\nGelece\u011fe en b\u00fcy\u00fck umuttur \u00e7ocuk.<br \/>\nBir varm\u0131\u015f bir yokmu\u015f zamanda,<br \/>\nYarad\u0131l\u0131\u015f\u0131n meyvesidir \u00e7ocuk.<br \/>\nVelhas\u0131l\u0131kelam, k\u00e2inatta;<br \/>\nBir y\u0131ld\u0131zd\u0131r her \u00e7ocuk.<\/p>\n","protected":false},"excerpt":{"rendered":"<p>B\u0130R YILDIZDIR HER \u00c7OCUK Velhas\u0131l\u0131kelam, k\u00e2inatta; Bir y\u0131ld\u0131zd\u0131r her \u00e7ocuk. Gece par\u0131ldayan ay de\u011fil, Aya d\u00fc\u015fen \u0131\u015f\u0131kt\u0131r \u00e7ocuk. I\u015f\u0131\u011f\u0131n akt\u0131\u011f\u0131 yol de\u011fil, Yola \u0131\u015f\u0131k katan g\u00fcne\u015ftir \u00e7ocuk. Boyuna katt\u0131\u011f\u0131n boy de\u011fil, T\u00fcm insanl\u0131\u011f\u0131n soyudur \u00e7ocuk. Cehalet sarsa da d\u00fcnyay\u0131, \u0130limin en parlak yoludur \u00e7ocuk. R\u00fczg\u00e2rda u\u00e7an yaprak de\u011fil, Yapra\u011f\u0131n\u0131 u\u00e7uran \u00e7\u0131nard\u0131r \u00e7ocuk. Topra\u011fa d\u00fc\u015fen ya\u011fmur [&hellip;]<\/p>\n","protected":false},"featured_media":23568,"comment_status":"closed","ping_status":"closed","template":"","meta":[],"product_brand":[],"product_cat":[25],"product_tag":[],"class_list":{"0":"post-23567","1":"product","2":"type-product","3":"status-publish","4":"has-post-thumbnail","6":"product_cat-cocuk-kitaplari","8":"first","9":"instock","10":"sale","11":"shipping-taxable","12":"purchasable","13":"product-type-simple"},"_links":{"self":[{"href":"https:\/\/kutluyayinevi.com\/magaza\/wp-json\/wp\/v2\/product\/23567","targetHints":{"allow":["GET"]}}],"collection":[{"href":"https:\/\/kutluyayinevi.com\/magaza\/wp-json\/wp\/v2\/product"}],"about":[{"href":"https:\/\/kutluyayinevi.com\/magaza\/wp-json\/wp\/v2\/types\/product"}],"replies":[{"embeddable":true,"href":"https:\/\/kutluyayinevi.com\/magaza\/wp-json\/wp\/v2\/comments?post=23567"}],"wp:featuredmedia":[{"embeddable":true,"href":"https:\/\/kutluyayinevi.com\/magaza\/wp-json\/wp\/v2\/media\/23568"}],"wp:attachment":[{"href":"https:\/\/kutluyayinevi.com\/magaza\/wp-json\/wp\/v2\/media?parent=23567"}],"wp:term":[{"taxonomy":"product_brand","embeddable":true,"href":"https:\/\/kutluyayinevi.com\/magaza\/wp-json\/wp\/v2\/product_brand?post=23567"},{"taxonomy":"product_cat","embeddable":true,"href":"https:\/\/kutluyayinevi.com\/magaza\/wp-json\/wp\/v2\/product_cat?post=23567"},{"taxonomy":"product_tag","embeddable":true,"href":"https:\/\/kutluyayinevi.com\/magaza\/wp-json\/wp\/v2\/product_tag?post=23567"}],"curies":[{"name":"wp","href":"https:\/\/api.w.org\/{rel}","templated":true}]}}