{"id":23612,"date":"2025-02-06T18:50:41","date_gmt":"2025-02-06T15:50:41","guid":{"rendered":"https:\/\/kutluyayinevi.com\/magaza\/?post_type=product&#038;p=23612"},"modified":"2026-02-20T13:15:33","modified_gmt":"2026-02-20T10:15:33","slug":"manevi-risale-mehmet-fatih-seydaogullari","status":"publish","type":"product","link":"https:\/\/kutluyayinevi.com\/magaza\/urun\/manevi-risale-mehmet-fatih-seydaogullari\/","title":{"rendered":"Manevi Risale &#8211; Mehmet Fatih Seydao\u011fullar\u0131"},"content":{"rendered":"<p>\u00d6yle k\u00e2miller vard\u0131r ki; bir anda ki\u015finin varl\u0131k ve enaniyetini k\u0131rarak, onu en y\u00fcce ibadet ve ubudiyet makam\u0131na y\u00fckseltir. Varl\u0131k ve enaniyet pisli\u011finin temizlenmesi m\u00fcmk\u00fcn olmayan bir \u015fey oldu\u011funu anlatarak, ona ibadet zevkini tatt\u0131r\u0131r. Kendisinde bulunan sahih ve menfaat veren marifet ile en g\u00fczel ve en do\u011fru i\u015fi ay\u0131rt edebilme kuvvetini bah\u015federek, kendisinin haberi dahi olmadan burak s\u00fcratiyle terakkisini temin eder&#8230;<\/p>\n","protected":false},"excerpt":{"rendered":"<p>\u00d6yle k\u00e2miller vard\u0131r ki; bir anda ki\u015finin varl\u0131k ve enaniyetini k\u0131rarak, onu en y\u00fcce ibadet ve ubudiyet makam\u0131na y\u00fckseltir. Varl\u0131k ve enaniyet pisli\u011finin temizlenmesi m\u00fcmk\u00fcn olmayan bir \u015fey oldu\u011funu anlatarak, ona ibadet zevkini tatt\u0131r\u0131r. Kendisinde bulunan sahih ve menfaat veren marifet ile en g\u00fczel ve en do\u011fru i\u015fi ay\u0131rt edebilme kuvvetini bah\u015federek, kendisinin haberi dahi [&hellip;]<\/p>\n","protected":false},"featured_media":23613,"comment_status":"closed","ping_status":"closed","template":"","meta":[],"product_brand":[],"product_cat":[28],"product_tag":[],"class_list":{"0":"post-23612","1":"product","2":"type-product","3":"status-publish","4":"has-post-thumbnail","6":"product_cat-aratirma-inceleme","8":"first","9":"instock","10":"sale","11":"shipping-taxable","12":"purchasable","13":"product-type-simple"},"_links":{"self":[{"href":"https:\/\/kutluyayinevi.com\/magaza\/wp-json\/wp\/v2\/product\/23612","targetHints":{"allow":["GET"]}}],"collection":[{"href":"https:\/\/kutluyayinevi.com\/magaza\/wp-json\/wp\/v2\/product"}],"about":[{"href":"https:\/\/kutluyayinevi.com\/magaza\/wp-json\/wp\/v2\/types\/product"}],"replies":[{"embeddable":true,"href":"https:\/\/kutluyayinevi.com\/magaza\/wp-json\/wp\/v2\/comments?post=23612"}],"wp:featuredmedia":[{"embeddable":true,"href":"https:\/\/kutluyayinevi.com\/magaza\/wp-json\/wp\/v2\/media\/23613"}],"wp:attachment":[{"href":"https:\/\/kutluyayinevi.com\/magaza\/wp-json\/wp\/v2\/media?parent=23612"}],"wp:term":[{"taxonomy":"product_brand","embeddable":true,"href":"https:\/\/kutluyayinevi.com\/magaza\/wp-json\/wp\/v2\/product_brand?post=23612"},{"taxonomy":"product_cat","embeddable":true,"href":"https:\/\/kutluyayinevi.com\/magaza\/wp-json\/wp\/v2\/product_cat?post=23612"},{"taxonomy":"product_tag","embeddable":true,"href":"https:\/\/kutluyayinevi.com\/magaza\/wp-json\/wp\/v2\/product_tag?post=23612"}],"curies":[{"name":"wp","href":"https:\/\/api.w.org\/{rel}","templated":true}]}}