{"id":23630,"date":"2025-02-13T18:30:01","date_gmt":"2025-02-13T15:30:01","guid":{"rendered":"https:\/\/kutluyayinevi.com\/magaza\/?post_type=product&#038;p=23630"},"modified":"2026-02-19T12:50:39","modified_gmt":"2026-02-19T09:50:39","slug":"anilarla-siirlerim-zahide-usta-kopuz","status":"publish","type":"product","link":"https:\/\/kutluyayinevi.com\/magaza\/urun\/anilarla-siirlerim-zahide-usta-kopuz\/","title":{"rendered":"An\u0131larla \u015eiirlerim &#8211; Zahide Usta Kopuz"},"content":{"rendered":"<p>\u015eiirlerimin sonunda dua,<br \/>\n\u0130\u00e7inde bir umut olsun.<br \/>\nOkuyan\u0131n ak y\u00fcz\u00fcnde<br \/>\nBir tebess\u00fcm olu\u015ftursun.<br \/>\nBazen belki biraz h\u00fcz\u00fcn,<br \/>\nSolmaya durmas\u0131n y\u00fcz\u00fcn.<br \/>\nHep baharlar olamaz ki<br \/>\nYaz\u0131n sonu yine g\u00fcz\u00fcn.<br \/>\nZemheriden sonra gelir,<br \/>\nBaharda a\u00e7an \u00e7i\u00e7ekler.<br \/>\nG\u00f6rene mutluluk verir,<br \/>\nReng\u00e2renk ho\u015f kelebekler.<\/p>\n","protected":false},"excerpt":{"rendered":"<p>\u015eiirlerimin sonunda dua, \u0130\u00e7inde bir umut olsun. Okuyan\u0131n ak y\u00fcz\u00fcnde Bir tebess\u00fcm olu\u015ftursun. Bazen belki biraz h\u00fcz\u00fcn, Solmaya durmas\u0131n y\u00fcz\u00fcn. Hep baharlar olamaz ki Yaz\u0131n sonu yine g\u00fcz\u00fcn. Zemheriden sonra gelir, Baharda a\u00e7an \u00e7i\u00e7ekler. G\u00f6rene mutluluk verir, Reng\u00e2renk ho\u015f kelebekler.<\/p>\n","protected":false},"featured_media":23631,"comment_status":"closed","ping_status":"closed","template":"","meta":[],"product_brand":[],"product_cat":[22],"product_tag":[],"class_list":{"0":"post-23630","1":"product","2":"type-product","3":"status-publish","4":"has-post-thumbnail","6":"product_cat-siir","8":"first","9":"instock","10":"sale","11":"shipping-taxable","12":"purchasable","13":"product-type-simple"},"_links":{"self":[{"href":"https:\/\/kutluyayinevi.com\/magaza\/wp-json\/wp\/v2\/product\/23630","targetHints":{"allow":["GET"]}}],"collection":[{"href":"https:\/\/kutluyayinevi.com\/magaza\/wp-json\/wp\/v2\/product"}],"about":[{"href":"https:\/\/kutluyayinevi.com\/magaza\/wp-json\/wp\/v2\/types\/product"}],"replies":[{"embeddable":true,"href":"https:\/\/kutluyayinevi.com\/magaza\/wp-json\/wp\/v2\/comments?post=23630"}],"wp:featuredmedia":[{"embeddable":true,"href":"https:\/\/kutluyayinevi.com\/magaza\/wp-json\/wp\/v2\/media\/23631"}],"wp:attachment":[{"href":"https:\/\/kutluyayinevi.com\/magaza\/wp-json\/wp\/v2\/media?parent=23630"}],"wp:term":[{"taxonomy":"product_brand","embeddable":true,"href":"https:\/\/kutluyayinevi.com\/magaza\/wp-json\/wp\/v2\/product_brand?post=23630"},{"taxonomy":"product_cat","embeddable":true,"href":"https:\/\/kutluyayinevi.com\/magaza\/wp-json\/wp\/v2\/product_cat?post=23630"},{"taxonomy":"product_tag","embeddable":true,"href":"https:\/\/kutluyayinevi.com\/magaza\/wp-json\/wp\/v2\/product_tag?post=23630"}],"curies":[{"name":"wp","href":"https:\/\/api.w.org\/{rel}","templated":true}]}}