{"id":23683,"date":"2025-03-14T14:18:40","date_gmt":"2025-03-14T11:18:40","guid":{"rendered":"https:\/\/kutluyayinevi.com\/magaza\/?post_type=product&#038;p=23683"},"modified":"2026-02-23T10:11:00","modified_gmt":"2026-02-23T07:11:00","slug":"siir-karistir-cayima-mucahid-karacinar","status":"publish","type":"product","link":"https:\/\/kutluyayinevi.com\/magaza\/urun\/siir-karistir-cayima-mucahid-karacinar\/","title":{"rendered":"\u015eiir Kar\u0131\u015ft\u0131r \u00c7ay\u0131ma &#8211; M\u00fccahid Kara\u00e7\u0131nar"},"content":{"rendered":"<div class=\"css-1hp88v3\">\n<div class=\"ak-renderer-document\">\n<p data-renderer-start-pos=\"1\">Ben \u015fekerli i\u00e7mem, biraz \u015fiir kar\u0131\u015ft\u0131r \u00e7ay\u0131ma.<br \/>\nHuzurum demlensin, sat\u0131rlar\u0131m olgunla\u015fs\u0131n.<br \/>\nBir bardak \u00e7ay, bir de kitap kals\u0131n yan\u0131mda.<br \/>\nSeni okuyay\u0131m, senin ile k\u0131p\u0131rdas\u0131n y\u00fcre\u011fim hayata.<\/p>\n<p data-renderer-start-pos=\"189\">\u015eiirin dem tutan haliyle yaz\u0131yorum. \u00c7ay\u0131 \u015fiir ile i\u00e7en, kitab\u0131 hayat\u0131n\u0131n bir par\u00e7as\u0131 yapm\u0131\u015f insanlara hitap ediyorum. \u0130mgeler g\u00f6nl\u00fcm\u00fczde tat bulduk\u00e7a ufkumuzun engebeli sokaklar\u0131nda derin bir yolculu\u011fa \u00e7\u0131kaca\u011f\u0131z. Bu yolculukta beni yaln\u0131z b\u0131rakmayan \u015fiir severlere \u00e7ok te\u015fekk\u00fcr ediyorum.<br \/>\n\u015eiir ile\u2026Kitap ile\u2026Bizim ile kal\u0131n.<\/p>\n<p data-renderer-start-pos=\"514\">\u201c\u015eiir Kar\u0131\u015ft\u0131r \u00c7ay\u0131ma\u201d \u015fark\u0131m\u0131z size yeni ufuklar a\u00e7mas\u0131 dile\u011fi ile&#8230;<\/p>\n<\/div>\n<\/div>\n","protected":false},"excerpt":{"rendered":"<p>Ben \u015fekerli i\u00e7mem, biraz \u015fiir kar\u0131\u015ft\u0131r \u00e7ay\u0131ma. Huzurum demlensin, sat\u0131rlar\u0131m olgunla\u015fs\u0131n. Bir bardak \u00e7ay, bir de kitap kals\u0131n yan\u0131mda. Seni okuyay\u0131m, senin ile k\u0131p\u0131rdas\u0131n y\u00fcre\u011fim hayata. \u015eiirin dem tutan haliyle yaz\u0131yorum. \u00c7ay\u0131 \u015fiir ile i\u00e7en, kitab\u0131 hayat\u0131n\u0131n bir par\u00e7as\u0131 yapm\u0131\u015f insanlara hitap ediyorum. \u0130mgeler g\u00f6nl\u00fcm\u00fczde tat bulduk\u00e7a ufkumuzun engebeli sokaklar\u0131nda derin bir yolculu\u011fa \u00e7\u0131kaca\u011f\u0131z. Bu [&hellip;]<\/p>\n","protected":false},"featured_media":23684,"comment_status":"closed","ping_status":"closed","template":"","meta":[],"product_brand":[],"product_cat":[22],"product_tag":[],"class_list":{"0":"post-23683","1":"product","2":"type-product","3":"status-publish","4":"has-post-thumbnail","6":"product_cat-siir","8":"first","9":"instock","10":"sale","11":"shipping-taxable","12":"purchasable","13":"product-type-simple"},"_links":{"self":[{"href":"https:\/\/kutluyayinevi.com\/magaza\/wp-json\/wp\/v2\/product\/23683","targetHints":{"allow":["GET"]}}],"collection":[{"href":"https:\/\/kutluyayinevi.com\/magaza\/wp-json\/wp\/v2\/product"}],"about":[{"href":"https:\/\/kutluyayinevi.com\/magaza\/wp-json\/wp\/v2\/types\/product"}],"replies":[{"embeddable":true,"href":"https:\/\/kutluyayinevi.com\/magaza\/wp-json\/wp\/v2\/comments?post=23683"}],"wp:featuredmedia":[{"embeddable":true,"href":"https:\/\/kutluyayinevi.com\/magaza\/wp-json\/wp\/v2\/media\/23684"}],"wp:attachment":[{"href":"https:\/\/kutluyayinevi.com\/magaza\/wp-json\/wp\/v2\/media?parent=23683"}],"wp:term":[{"taxonomy":"product_brand","embeddable":true,"href":"https:\/\/kutluyayinevi.com\/magaza\/wp-json\/wp\/v2\/product_brand?post=23683"},{"taxonomy":"product_cat","embeddable":true,"href":"https:\/\/kutluyayinevi.com\/magaza\/wp-json\/wp\/v2\/product_cat?post=23683"},{"taxonomy":"product_tag","embeddable":true,"href":"https:\/\/kutluyayinevi.com\/magaza\/wp-json\/wp\/v2\/product_tag?post=23683"}],"curies":[{"name":"wp","href":"https:\/\/api.w.org\/{rel}","templated":true}]}}