{"id":23734,"date":"2025-05-02T18:00:15","date_gmt":"2025-05-02T15:00:15","guid":{"rendered":"https:\/\/kutluyayinevi.com\/magaza\/?post_type=product&#038;p=23734"},"modified":"2026-02-19T13:20:58","modified_gmt":"2026-02-19T10:20:58","slug":"atsiz-evreninden-karakter-cozumlemeleri-fatih-keskin-canan-gonullu-nazmi-avci","status":"publish","type":"product","link":"https:\/\/kutluyayinevi.com\/magaza\/urun\/atsiz-evreninden-karakter-cozumlemeleri-fatih-keskin-canan-gonullu-nazmi-avci\/","title":{"rendered":"Ats\u0131z Evreninden Karakter \u00c7\u00f6z\u00fcmlemeleri &#8211; Fatih Keskin, Canan G\u00f6n\u00fcll\u00fc, Nazmi Avc\u0131"},"content":{"rendered":"<p>Ats\u0131z Evreninden Karakter \u00c7\u00f6z\u00fcmlemeleri adl\u0131 bu kitap, Ats\u0131z Be\u011f\u2019in anla\u015f\u0131lmas\u0131 ve anlat\u0131lmas\u0131 amac\u0131yla yap\u0131lm\u0131\u015f, yap\u0131lan ve yap\u0131lacak \u00e7al\u0131\u015fmalara k\u00fc\u00e7\u00fck bir katk\u0131 sa\u011flayabilme d\u00fc\u015f\u00fcncesinden hareketle haz\u0131rlanm\u0131\u015ft\u0131r. \u00c7ok k\u0131ymetli yazar, ara\u015ft\u0131rmac\u0131 ve akademisyenlerin makaleleriyle katk\u0131 sa\u011flad\u0131klar\u0131 bu \u00e7al\u0131\u015fmada Ats\u0131z Be\u011f\u2019in edeb\u00ee evreninde hayat bulmu\u015f baz\u0131 \u00f6nemli karakter, kahraman ve tiplerin \u00e7\u00f6z\u00fcmlemeleri yap\u0131lm\u0131\u015ft\u0131r. S\u00f6z konusu karakter, kahraman ve tipler \u00e7\u00f6z\u00fcmlenirken onlar\u0131n farkl\u0131 boyutlar\u0131yla ele al\u0131nabilmesi i\u00e7in edebiyat ele\u015ftirisi, tarih, felsefe, psikoloji, sosyoloji, mitoloji, dil bilimi, fenomenoloji gibi farkl\u0131 alanlar\u0131n veri ve bulgular\u0131n\u0131n hermeneutik bir yakla\u015f\u0131mla i\u015flenmesi ve neticede ortaya \u00e7ok boyutlu de\u011ferlendirmelerin konulmas\u0131 ama\u00e7lanm\u0131\u015ft\u0131r. Amac\u0131n hangi \u00f6l\u00e7\u00fcde ba\u015far\u0131ya ula\u015ft\u0131\u011f\u0131 konusundaki takdir, \u015f\u00fcphesiz ki siz k\u0131ymetli okuyuculara aittir. Ancak \u015fu kadar\u0131n\u0131 s\u00f6ylemek m\u00fcmk\u00fcnd\u00fcr ki elinizdeki kitap -b\u00fct\u00fcn muhtemel eksikliklerine ra\u011fmen- Ats\u0131z Be\u011f\u2019in farkl\u0131 metinlerindeki farkl\u0131 karakterleri bir arada de\u011ferlendiren ilk karakter temal\u0131 \u00e7al\u0131\u015fma olarak literat\u00fcrde yerini alm\u0131\u015ft\u0131r.<\/p>\n","protected":false},"excerpt":{"rendered":"<p>Ats\u0131z Evreninden Karakter \u00c7\u00f6z\u00fcmlemeleri adl\u0131 bu kitap, Ats\u0131z Be\u011f\u2019in anla\u015f\u0131lmas\u0131 ve anlat\u0131lmas\u0131 amac\u0131yla yap\u0131lm\u0131\u015f, yap\u0131lan ve yap\u0131lacak \u00e7al\u0131\u015fmalara k\u00fc\u00e7\u00fck bir katk\u0131 sa\u011flayabilme d\u00fc\u015f\u00fcncesinden hareketle haz\u0131rlanm\u0131\u015ft\u0131r. \u00c7ok k\u0131ymetli yazar, ara\u015ft\u0131rmac\u0131 ve akademisyenlerin makaleleriyle katk\u0131 sa\u011flad\u0131klar\u0131 bu \u00e7al\u0131\u015fmada Ats\u0131z Be\u011f\u2019in edeb\u00ee evreninde hayat bulmu\u015f baz\u0131 \u00f6nemli karakter, kahraman ve tiplerin \u00e7\u00f6z\u00fcmlemeleri yap\u0131lm\u0131\u015ft\u0131r. S\u00f6z konusu karakter, kahraman ve [&hellip;]<\/p>\n","protected":false},"featured_media":23735,"comment_status":"closed","ping_status":"closed","template":"","meta":[],"product_brand":[],"product_cat":[28],"product_tag":[],"class_list":{"0":"post-23734","1":"product","2":"type-product","3":"status-publish","4":"has-post-thumbnail","6":"product_cat-aratirma-inceleme","8":"first","9":"instock","10":"sale","11":"shipping-taxable","12":"purchasable","13":"product-type-simple"},"_links":{"self":[{"href":"https:\/\/kutluyayinevi.com\/magaza\/wp-json\/wp\/v2\/product\/23734","targetHints":{"allow":["GET"]}}],"collection":[{"href":"https:\/\/kutluyayinevi.com\/magaza\/wp-json\/wp\/v2\/product"}],"about":[{"href":"https:\/\/kutluyayinevi.com\/magaza\/wp-json\/wp\/v2\/types\/product"}],"replies":[{"embeddable":true,"href":"https:\/\/kutluyayinevi.com\/magaza\/wp-json\/wp\/v2\/comments?post=23734"}],"wp:featuredmedia":[{"embeddable":true,"href":"https:\/\/kutluyayinevi.com\/magaza\/wp-json\/wp\/v2\/media\/23735"}],"wp:attachment":[{"href":"https:\/\/kutluyayinevi.com\/magaza\/wp-json\/wp\/v2\/media?parent=23734"}],"wp:term":[{"taxonomy":"product_brand","embeddable":true,"href":"https:\/\/kutluyayinevi.com\/magaza\/wp-json\/wp\/v2\/product_brand?post=23734"},{"taxonomy":"product_cat","embeddable":true,"href":"https:\/\/kutluyayinevi.com\/magaza\/wp-json\/wp\/v2\/product_cat?post=23734"},{"taxonomy":"product_tag","embeddable":true,"href":"https:\/\/kutluyayinevi.com\/magaza\/wp-json\/wp\/v2\/product_tag?post=23734"}],"curies":[{"name":"wp","href":"https:\/\/api.w.org\/{rel}","templated":true}]}}