{"id":23762,"date":"2025-05-30T14:37:22","date_gmt":"2025-05-30T11:37:22","guid":{"rendered":"https:\/\/kutluyayinevi.com\/magaza\/?post_type=product&#038;p=23762"},"modified":"2026-02-20T13:06:07","modified_gmt":"2026-02-20T10:06:07","slug":"mai-berceste-mehmet-ali-inanc","status":"publish","type":"product","link":"https:\/\/kutluyayinevi.com\/magaza\/urun\/mai-berceste-mehmet-ali-inanc\/","title":{"rendered":"Mai Berceste &#8211; Mehmet Ali \u0130nan\u00e7"},"content":{"rendered":"<p>G\u00f6n\u00fcl derg\u00e2h\u0131nda icra ettim a\u015fk ibadetini<br \/>\nE\u011filerek miraca y\u00fckseldi\u011fim makamd\u0131 seccadem<\/p>\n","protected":false},"excerpt":{"rendered":"<p>G\u00f6n\u00fcl derg\u00e2h\u0131nda icra ettim a\u015fk ibadetini E\u011filerek miraca y\u00fckseldi\u011fim makamd\u0131 seccadem<\/p>\n","protected":false},"featured_media":23763,"comment_status":"closed","ping_status":"closed","template":"","meta":[],"product_brand":[],"product_cat":[22],"product_tag":[],"class_list":{"0":"post-23762","1":"product","2":"type-product","3":"status-publish","4":"has-post-thumbnail","6":"product_cat-siir","8":"first","9":"instock","10":"sale","11":"shipping-taxable","12":"purchasable","13":"product-type-simple"},"_links":{"self":[{"href":"https:\/\/kutluyayinevi.com\/magaza\/wp-json\/wp\/v2\/product\/23762","targetHints":{"allow":["GET"]}}],"collection":[{"href":"https:\/\/kutluyayinevi.com\/magaza\/wp-json\/wp\/v2\/product"}],"about":[{"href":"https:\/\/kutluyayinevi.com\/magaza\/wp-json\/wp\/v2\/types\/product"}],"replies":[{"embeddable":true,"href":"https:\/\/kutluyayinevi.com\/magaza\/wp-json\/wp\/v2\/comments?post=23762"}],"wp:featuredmedia":[{"embeddable":true,"href":"https:\/\/kutluyayinevi.com\/magaza\/wp-json\/wp\/v2\/media\/23763"}],"wp:attachment":[{"href":"https:\/\/kutluyayinevi.com\/magaza\/wp-json\/wp\/v2\/media?parent=23762"}],"wp:term":[{"taxonomy":"product_brand","embeddable":true,"href":"https:\/\/kutluyayinevi.com\/magaza\/wp-json\/wp\/v2\/product_brand?post=23762"},{"taxonomy":"product_cat","embeddable":true,"href":"https:\/\/kutluyayinevi.com\/magaza\/wp-json\/wp\/v2\/product_cat?post=23762"},{"taxonomy":"product_tag","embeddable":true,"href":"https:\/\/kutluyayinevi.com\/magaza\/wp-json\/wp\/v2\/product_tag?post=23762"}],"curies":[{"name":"wp","href":"https:\/\/api.w.org\/{rel}","templated":true}]}}