{"id":23768,"date":"2025-05-30T15:37:29","date_gmt":"2025-05-30T12:37:29","guid":{"rendered":"https:\/\/kutluyayinevi.com\/magaza\/?post_type=product&#038;p=23768"},"modified":"2026-02-20T10:32:18","modified_gmt":"2026-02-20T07:32:18","slug":"gurbetten-silaya-merhaba-omer-f-ozen","status":"publish","type":"product","link":"https:\/\/kutluyayinevi.com\/magaza\/urun\/gurbetten-silaya-merhaba-omer-f-ozen\/","title":{"rendered":"Gurbetten S\u0131laya Merhaba &#8211; \u00d6mer F. \u00d6zen"},"content":{"rendered":"<p>&#8216;T\u00fcrk\u00e7esi varken&#8217; g\u00f6r\u00fc\u015f\u00fcn\u00fcn y\u0131lmaz savunucusu olarak yaz\u0131 ve dizelerinde bu dil duyarl\u0131l\u0131\u011f\u0131n\u0131n yo\u011fun izlerini g\u00f6rm\u00fc\u015f oldu\u011fumuz \u00d6mer F. \u00d6zen&#8217;in ilk dizeleri Anadolu bas\u0131n\u0131nda, Osmaniye\/Hakikat, Nazilli, E\u011fridir G\u00f6l Sesi, Suru\u00e7\/Me\u015fale, Urfa\/G\u00fcne\u015f, Bart\u0131n, \u00c7a\u011fda\u015f T\u00fcrk Dili vb gazete ve dergilerinde yay\u0131nland\u0131. Anadolu bas\u0131n\u0131nda ba\u015flayan bas\u0131n meslek ya\u015fam\u0131 Cumhuriyet Gazetesinde s\u00fcrd\u00fc. Kanada&#8217;n\u0131n Montreal kentinde 1994 y\u0131l\u0131nda \u00fc\u00e7 dilde yay\u0131nlanan Bizim Anadolu Gazetesini kuran \u00d6mer F. \u00d6zen, siyasal, toplumsal ve sanatsal yaz\u0131lar\u0131yla s\u00fcrd\u00fcrd\u00fc\u011f\u00fc bas\u0131n-yay\u0131n ya\u015fam\u0131na ko\u015fut olarak, 2009-2018 y\u0131llar\u0131 aras\u0131nda yine kendisinin kurmu\u015f oldu\u011fu Montreal T\u00fcrk Filmleri \u015eenli\u011fi&#8217;nin ba\u015fkanl\u0131\u011f\u0131n\u0131 y\u00fcr\u00fctt\u00fc.  Bas\u0131n ve ekinsel etkinliklerinin yan\u0131nda Kanada&#8217;da de\u011fi\u015fik ortamlarda T\u00fcrk toplumunun \u00e7\u0131karlar\u0131n\u0131 savunmak i\u00e7in eylemlerde bulunan \u00d6mer F. \u00d6zen, bu etkinlik ve eylemleri dolay\u0131s\u0131yla \u00e7e\u015fitli bas\u0131n, sanatsal ve toplumsal \u00f6d\u00fcllere de lay\u0131k g\u00f6r\u00fcld\u00fc.  Bu yap\u0131tta bir zamanlar\u0131n siyaset ya\u015fam\u0131nda \u00f6nemli bir yer edinmi\u015f &#8216;Onbirlerin kahramanlar\u0131ndan Dr. Mete Tan, g\u00f6revi s\u00fcresince \u00f6nemli \u00f6l\u00e7\u00fcde ele\u015ftirilen eski \u0130stanbul Belediye Ba\u015fkan\u0131 Bedrettin Dalan, geni\u015f toplum kesimlerince pek fazla bilinmeyen Ermeni Sorunu konusunda sa\u011fduyulu yakla\u015f\u0131mlar\u0131yla tan\u0131nan uzmanlar T\u00fcrkkaya Ata\u00f6v ve G\u00fcnd\u00fcz Aktan, Devrim Arabalar\u0131 projesinin ba\u015f\u0131nda bulunmu\u015f Y\u00fcksek M\u00fchendis Emin Bozo\u011flu&#8217;nun o\u011flu Attila Bozo\u011flu ile, \u00f6n\u00fc kesilmi\u015f Devrim Arabala-r\u0131n\u0131n \u00f6yk\u00fcs\u00fc, zaman\u0131n \u0130\u015f\u00e7i Partisi \u00d6nderi Do\u011fu Perin\u00e7ek ve ya\u015fayan s\u00f6ylence sanat\u00e7\u0131 Z\u00fclf\u00fc Livaneli&#8217;nin ilgin\u00e7 s\u00f6yle\u015filerine tan\u0131k olacaks\u0131n\u0131z.<\/p>\n","protected":false},"excerpt":{"rendered":"<p>&#8216;T\u00fcrk\u00e7esi varken&#8217; g\u00f6r\u00fc\u015f\u00fcn\u00fcn y\u0131lmaz savunucusu olarak yaz\u0131 ve dizelerinde bu dil duyarl\u0131l\u0131\u011f\u0131n\u0131n yo\u011fun izlerini g\u00f6rm\u00fc\u015f oldu\u011fumuz \u00d6mer F. \u00d6zen&#8217;in ilk dizeleri Anadolu bas\u0131n\u0131nda, Osmaniye\/Hakikat, Nazilli, E\u011fridir G\u00f6l Sesi, Suru\u00e7\/Me\u015fale, Urfa\/G\u00fcne\u015f, Bart\u0131n, \u00c7a\u011fda\u015f T\u00fcrk Dili vb gazete ve dergilerinde yay\u0131nland\u0131. Anadolu bas\u0131n\u0131nda ba\u015flayan bas\u0131n meslek ya\u015fam\u0131 Cumhuriyet Gazetesinde s\u00fcrd\u00fc. Kanada&#8217;n\u0131n Montreal kentinde 1994 y\u0131l\u0131nda \u00fc\u00e7 dilde [&hellip;]<\/p>\n","protected":false},"featured_media":23769,"comment_status":"closed","ping_status":"closed","template":"","meta":[],"product_brand":[],"product_cat":[26],"product_tag":[],"class_list":{"0":"post-23768","1":"product","2":"type-product","3":"status-publish","4":"has-post-thumbnail","6":"product_cat-deneme","8":"first","9":"instock","10":"sale","11":"shipping-taxable","12":"purchasable","13":"product-type-simple"},"_links":{"self":[{"href":"https:\/\/kutluyayinevi.com\/magaza\/wp-json\/wp\/v2\/product\/23768","targetHints":{"allow":["GET"]}}],"collection":[{"href":"https:\/\/kutluyayinevi.com\/magaza\/wp-json\/wp\/v2\/product"}],"about":[{"href":"https:\/\/kutluyayinevi.com\/magaza\/wp-json\/wp\/v2\/types\/product"}],"replies":[{"embeddable":true,"href":"https:\/\/kutluyayinevi.com\/magaza\/wp-json\/wp\/v2\/comments?post=23768"}],"wp:featuredmedia":[{"embeddable":true,"href":"https:\/\/kutluyayinevi.com\/magaza\/wp-json\/wp\/v2\/media\/23769"}],"wp:attachment":[{"href":"https:\/\/kutluyayinevi.com\/magaza\/wp-json\/wp\/v2\/media?parent=23768"}],"wp:term":[{"taxonomy":"product_brand","embeddable":true,"href":"https:\/\/kutluyayinevi.com\/magaza\/wp-json\/wp\/v2\/product_brand?post=23768"},{"taxonomy":"product_cat","embeddable":true,"href":"https:\/\/kutluyayinevi.com\/magaza\/wp-json\/wp\/v2\/product_cat?post=23768"},{"taxonomy":"product_tag","embeddable":true,"href":"https:\/\/kutluyayinevi.com\/magaza\/wp-json\/wp\/v2\/product_tag?post=23768"}],"curies":[{"name":"wp","href":"https:\/\/api.w.org\/{rel}","templated":true}]}}