{"id":23866,"date":"2025-07-16T18:41:40","date_gmt":"2025-07-16T15:41:40","guid":{"rendered":"https:\/\/kutluyayinevi.com\/magaza\/?post_type=product&#038;p=23866"},"modified":"2026-02-19T16:35:47","modified_gmt":"2026-02-19T13:35:47","slug":"derin-tutku-hakan-catalbas","status":"publish","type":"product","link":"https:\/\/kutluyayinevi.com\/magaza\/urun\/derin-tutku-hakan-catalbas\/","title":{"rendered":"Derin Tutku &#8211; Hakan \u00c7atalba\u015f"},"content":{"rendered":"<p>Baz\u0131 hik\u00e2yeler insan\u0131n i\u00e7ine do\u011far, bir s\u0131rr\u0131 f\u0131s\u0131ldar gibi. Bu roman, i\u015fte o sessiz f\u0131s\u0131lt\u0131lar\u0131n zamanla kelimelere, c\u00fcmlelere ve en sonunda sayfalara d\u00f6n\u00fc\u015fm\u00fc\u015f h\u00e2lidir.<\/p>\n<p>Bir yetimhanede ba\u015flayan dostluk, hayata kar\u015f\u0131 omuz omuza duran iki \u00e7ocu\u011fun \u2013belki de iki kaderin\u2013 zamanla birbirine ayna olu\u015funu anlat\u0131yor. A\u015fk\u0131n, ayr\u0131l\u0131\u011f\u0131n, ihanete u\u011framan\u0131n ve affetmenin g\u00f6lgesinde b\u00fcy\u00fcyen bu hik\u00e2ye; asl\u0131nda bir aray\u0131\u015ft\u0131r. Kendisini, ailesini, ge\u00e7mi\u015fini ve gelece\u011fini arayan insanlar\u0131n, \u00e7o\u011fu zaman fark\u0131nda olmadan birbirine ba\u011flanm\u0131\u015f yollar\u0131&#8230;<\/p>\n<p>Bu roman\u0131 yazarken en \u00e7ok \u015funu hissettim: Bazen en derin ba\u011flar kanla de\u011fil, birlikte \u00e7ekilen ac\u0131larla kurulur. Ve bazen ger\u00e7ek karde\u015flik, y\u0131llar sonra g\u00f6zya\u015flar\u0131yla tan\u0131n\u0131r.<\/p>\n<p>Bu hik\u00e2yeyi bir edeb\u00ee eser olarak de\u011fil, yar\u0131m kalm\u0131\u015f duygulara s\u00f6zc\u00fc olacak bir ses olarak g\u00f6rd\u00fcm. E\u011fer bu sat\u0131rlar, birinin kalbine kendi k\u0131r\u0131kl\u0131\u011f\u0131n\u0131 f\u0131s\u0131ldayabiliyorsa, ne mutlu bana.<\/p>\n<p>Herkese kendi &#8220;\u00d6zlem&#8221;ini ve kendini bulaca\u011f\u0131 bir yolculuk dilerim.<\/p>\n","protected":false},"excerpt":{"rendered":"<p>Baz\u0131 hik\u00e2yeler insan\u0131n i\u00e7ine do\u011far, bir s\u0131rr\u0131 f\u0131s\u0131ldar gibi. Bu roman, i\u015fte o sessiz f\u0131s\u0131lt\u0131lar\u0131n zamanla kelimelere, c\u00fcmlelere ve en sonunda sayfalara d\u00f6n\u00fc\u015fm\u00fc\u015f h\u00e2lidir. Bir yetimhanede ba\u015flayan dostluk, hayata kar\u015f\u0131 omuz omuza duran iki \u00e7ocu\u011fun \u2013belki de iki kaderin\u2013 zamanla birbirine ayna olu\u015funu anlat\u0131yor. A\u015fk\u0131n, ayr\u0131l\u0131\u011f\u0131n, ihanete u\u011framan\u0131n ve affetmenin g\u00f6lgesinde b\u00fcy\u00fcyen bu hik\u00e2ye; asl\u0131nda [&hellip;]<\/p>\n","protected":false},"featured_media":23867,"comment_status":"closed","ping_status":"closed","template":"","meta":[],"product_brand":[],"product_cat":[24],"product_tag":[],"class_list":{"0":"post-23866","1":"product","2":"type-product","3":"status-publish","4":"has-post-thumbnail","6":"product_cat-roman","8":"first","9":"instock","10":"sale","11":"shipping-taxable","12":"purchasable","13":"product-type-simple"},"_links":{"self":[{"href":"https:\/\/kutluyayinevi.com\/magaza\/wp-json\/wp\/v2\/product\/23866","targetHints":{"allow":["GET"]}}],"collection":[{"href":"https:\/\/kutluyayinevi.com\/magaza\/wp-json\/wp\/v2\/product"}],"about":[{"href":"https:\/\/kutluyayinevi.com\/magaza\/wp-json\/wp\/v2\/types\/product"}],"replies":[{"embeddable":true,"href":"https:\/\/kutluyayinevi.com\/magaza\/wp-json\/wp\/v2\/comments?post=23866"}],"wp:featuredmedia":[{"embeddable":true,"href":"https:\/\/kutluyayinevi.com\/magaza\/wp-json\/wp\/v2\/media\/23867"}],"wp:attachment":[{"href":"https:\/\/kutluyayinevi.com\/magaza\/wp-json\/wp\/v2\/media?parent=23866"}],"wp:term":[{"taxonomy":"product_brand","embeddable":true,"href":"https:\/\/kutluyayinevi.com\/magaza\/wp-json\/wp\/v2\/product_brand?post=23866"},{"taxonomy":"product_cat","embeddable":true,"href":"https:\/\/kutluyayinevi.com\/magaza\/wp-json\/wp\/v2\/product_cat?post=23866"},{"taxonomy":"product_tag","embeddable":true,"href":"https:\/\/kutluyayinevi.com\/magaza\/wp-json\/wp\/v2\/product_tag?post=23866"}],"curies":[{"name":"wp","href":"https:\/\/api.w.org\/{rel}","templated":true}]}}