{"id":23885,"date":"2025-07-30T17:16:23","date_gmt":"2025-07-30T14:16:23","guid":{"rendered":"https:\/\/kutluyayinevi.com\/magaza\/?post_type=product&#038;p=23885"},"modified":"2026-02-20T17:18:35","modified_gmt":"2026-02-20T14:18:35","slug":"saksagan-omer-kayra-turk","status":"publish","type":"product","link":"https:\/\/kutluyayinevi.com\/magaza\/urun\/saksagan-omer-kayra-turk\/","title":{"rendered":"Saksa\u011fan &#8211; \u00d6mer Kayra T\u00fcrk"},"content":{"rendered":"<p>Bir tesellidir istanbul kapan\u0131<\/p>\n<p>A\u015fk eker g\u00f6ky\u00fcz\u00fcne \u00e7\u00f6p\u00e7\u00fcs\u00fc<br \/>\nSonbaharda a\u00e7 kal\u0131r vars\u0131l bar filozofu<br \/>\n\u00c7apk\u0131n\u0131na yirmi \u00e7ivi \u00e7akar,<br \/>\nSahilde sabahlar beyefendisi<br \/>\n\u00c7antaya s\u0131\u011fmaz yetmi\u015f y\u0131ll\u0131k e\u011frisi<br \/>\n\u0130stanbul Kapan\u0131 \u015eiiri&#8217;nden<\/p>\n<p>bu k\u0131k\u0131rt\u0131 kald\u0131r\u0131mlar\u0131n\u0131n \u00fczerine d\u00fc\u015fmemeli g\u00fcn<br \/>\nhangi vakit karanl\u0131\u011f\u0131mda bo\u011fulsan<br \/>\n,\u00f6lmeden,<br \/>\nhi\u00e7bir g\u00f6z g\u00f6rmemeli<br \/>\nhi\u00e7bir ak\u0131l bilmemeli<br \/>\nneyiz, neredeyiz ve neden<br \/>\nSaksa\u011fan \u015eiiri&#8217;nden<\/p>\n<p>g\u0131rtlak g\u0131rtlak sayfalardan<br \/>\nhatalar\u0131m\u0131 zaman toparlayacak<br \/>\nzaman\u0131m kal\u0131rsa, hatalar yap\u0131lacak<br \/>\nyaln\u0131z ba\u015f\u0131na ve be\u015f paras\u0131zken<br \/>\n\u00f6lmek gibi<br \/>\nroman bitecek<br \/>\n-Roman \u015eiiri&#8217;nden<\/p>\n","protected":false},"excerpt":{"rendered":"<p>Bir tesellidir istanbul kapan\u0131 A\u015fk eker g\u00f6ky\u00fcz\u00fcne \u00e7\u00f6p\u00e7\u00fcs\u00fc Sonbaharda a\u00e7 kal\u0131r vars\u0131l bar filozofu \u00c7apk\u0131n\u0131na yirmi \u00e7ivi \u00e7akar, Sahilde sabahlar beyefendisi \u00c7antaya s\u0131\u011fmaz yetmi\u015f y\u0131ll\u0131k e\u011frisi \u0130stanbul Kapan\u0131 \u015eiiri&#8217;nden bu k\u0131k\u0131rt\u0131 kald\u0131r\u0131mlar\u0131n\u0131n \u00fczerine d\u00fc\u015fmemeli g\u00fcn hangi vakit karanl\u0131\u011f\u0131mda bo\u011fulsan ,\u00f6lmeden, hi\u00e7bir g\u00f6z g\u00f6rmemeli hi\u00e7bir ak\u0131l bilmemeli neyiz, neredeyiz ve neden Saksa\u011fan \u015eiiri&#8217;nden g\u0131rtlak g\u0131rtlak sayfalardan [&hellip;]<\/p>\n","protected":false},"featured_media":23886,"comment_status":"closed","ping_status":"closed","template":"","meta":[],"product_brand":[],"product_cat":[22],"product_tag":[],"class_list":{"0":"post-23885","1":"product","2":"type-product","3":"status-publish","4":"has-post-thumbnail","6":"product_cat-siir","8":"first","9":"instock","10":"sale","11":"shipping-taxable","12":"purchasable","13":"product-type-simple"},"_links":{"self":[{"href":"https:\/\/kutluyayinevi.com\/magaza\/wp-json\/wp\/v2\/product\/23885","targetHints":{"allow":["GET"]}}],"collection":[{"href":"https:\/\/kutluyayinevi.com\/magaza\/wp-json\/wp\/v2\/product"}],"about":[{"href":"https:\/\/kutluyayinevi.com\/magaza\/wp-json\/wp\/v2\/types\/product"}],"replies":[{"embeddable":true,"href":"https:\/\/kutluyayinevi.com\/magaza\/wp-json\/wp\/v2\/comments?post=23885"}],"wp:featuredmedia":[{"embeddable":true,"href":"https:\/\/kutluyayinevi.com\/magaza\/wp-json\/wp\/v2\/media\/23886"}],"wp:attachment":[{"href":"https:\/\/kutluyayinevi.com\/magaza\/wp-json\/wp\/v2\/media?parent=23885"}],"wp:term":[{"taxonomy":"product_brand","embeddable":true,"href":"https:\/\/kutluyayinevi.com\/magaza\/wp-json\/wp\/v2\/product_brand?post=23885"},{"taxonomy":"product_cat","embeddable":true,"href":"https:\/\/kutluyayinevi.com\/magaza\/wp-json\/wp\/v2\/product_cat?post=23885"},{"taxonomy":"product_tag","embeddable":true,"href":"https:\/\/kutluyayinevi.com\/magaza\/wp-json\/wp\/v2\/product_tag?post=23885"}],"curies":[{"name":"wp","href":"https:\/\/api.w.org\/{rel}","templated":true}]}}