{"id":23887,"date":"2025-07-30T17:18:07","date_gmt":"2025-07-30T14:18:07","guid":{"rendered":"https:\/\/kutluyayinevi.com\/magaza\/?post_type=product&#038;p=23887"},"modified":"2026-02-20T16:44:45","modified_gmt":"2026-02-20T13:44:45","slug":"olume-uyanmak-zehra-gokce","status":"publish","type":"product","link":"https:\/\/kutluyayinevi.com\/magaza\/urun\/olume-uyanmak-zehra-gokce\/","title":{"rendered":"\u00d6l\u00fcme Uyanmak &#8211; Zehra G\u00f6k\u00e7e"},"content":{"rendered":"<p>Tefekk\u00fcre tutun da sabreyle g\u00f6n\u00fcl<br \/>\n\u0130\u00e7erinde alevleri yakmak olur mu?<br \/>\nK\u0131\u015f\u0131n ortas\u0131nda bile \u00e7i\u00e7ek a\u00e7arken<br \/>\nBahardan umudu kesmek olur mu?<\/p>\n","protected":false},"excerpt":{"rendered":"<p>Tefekk\u00fcre tutun da sabreyle g\u00f6n\u00fcl \u0130\u00e7erinde alevleri yakmak olur mu? K\u0131\u015f\u0131n ortas\u0131nda bile \u00e7i\u00e7ek a\u00e7arken Bahardan umudu kesmek olur mu?<\/p>\n","protected":false},"featured_media":23888,"comment_status":"closed","ping_status":"closed","template":"","meta":[],"product_brand":[],"product_cat":[52],"product_tag":[],"class_list":{"0":"post-23887","1":"product","2":"type-product","3":"status-publish","4":"has-post-thumbnail","6":"product_cat-ani","8":"first","9":"instock","10":"sale","11":"shipping-taxable","12":"purchasable","13":"product-type-simple"},"_links":{"self":[{"href":"https:\/\/kutluyayinevi.com\/magaza\/wp-json\/wp\/v2\/product\/23887","targetHints":{"allow":["GET"]}}],"collection":[{"href":"https:\/\/kutluyayinevi.com\/magaza\/wp-json\/wp\/v2\/product"}],"about":[{"href":"https:\/\/kutluyayinevi.com\/magaza\/wp-json\/wp\/v2\/types\/product"}],"replies":[{"embeddable":true,"href":"https:\/\/kutluyayinevi.com\/magaza\/wp-json\/wp\/v2\/comments?post=23887"}],"wp:featuredmedia":[{"embeddable":true,"href":"https:\/\/kutluyayinevi.com\/magaza\/wp-json\/wp\/v2\/media\/23888"}],"wp:attachment":[{"href":"https:\/\/kutluyayinevi.com\/magaza\/wp-json\/wp\/v2\/media?parent=23887"}],"wp:term":[{"taxonomy":"product_brand","embeddable":true,"href":"https:\/\/kutluyayinevi.com\/magaza\/wp-json\/wp\/v2\/product_brand?post=23887"},{"taxonomy":"product_cat","embeddable":true,"href":"https:\/\/kutluyayinevi.com\/magaza\/wp-json\/wp\/v2\/product_cat?post=23887"},{"taxonomy":"product_tag","embeddable":true,"href":"https:\/\/kutluyayinevi.com\/magaza\/wp-json\/wp\/v2\/product_tag?post=23887"}],"curies":[{"name":"wp","href":"https:\/\/api.w.org\/{rel}","templated":true}]}}