{"id":23893,"date":"2025-07-30T17:33:16","date_gmt":"2025-07-30T14:33:16","guid":{"rendered":"https:\/\/kutluyayinevi.com\/magaza\/?post_type=product&#038;p=23893"},"modified":"2026-02-23T11:05:50","modified_gmt":"2026-02-23T08:05:50","slug":"yada-tasi-gokbey-uluc","status":"publish","type":"product","link":"https:\/\/kutluyayinevi.com\/magaza\/urun\/yada-tasi-gokbey-uluc\/","title":{"rendered":"Yada Ta\u015f\u0131 &#8211; G\u00f6kbey Ulu\u00e7"},"content":{"rendered":"<div class=\"css-15spm5f\">\n<div class=\"ak-renderer-document\">\n<p data-renderer-start-pos=\"1\">G\u00f6beklitepe\u2019nin a\u00e7\u0131l\u0131\u015f g\u00fcn\u00fcndeki ilk tap\u0131nmada Erlik Han ortaya \u00e7\u0131kar ve Yada ta\u015f\u0131n\u0131 ister. Amac\u0131 Yada ta\u015f\u0131n\u0131n \u00fcst\u00fcn g\u00fc\u00e7lerine iye olup Bay\u00fclgen\u2019den \u00f6c\u00fcn\u00fc almakt\u0131r ancak koruyuculardan Alt\u0131n Elbiseli Adam direnir, ta\u015f\u0131 vermez. \u00dcstelik ta\u015f\u0131 ba\u015fka bir \u00e7a\u011fa g\u00f6nderir.<\/p>\n<p data-renderer-start-pos=\"267\">T\u00fcrk s\u00f6ylencelerinden ve Tonyukuk yaz\u0131tlar\u0131ndan esinlenilerek yaz\u0131lan bu \u00e7izgiromanda okurlar\u0131 G\u00f6beklitepe\u2019den TBMM\u2019ye uzanan \u00f6yleraras\u0131 bir yolculuk bekler.<\/p>\n<\/div>\n<\/div>\n","protected":false},"excerpt":{"rendered":"<p>G\u00f6beklitepe\u2019nin a\u00e7\u0131l\u0131\u015f g\u00fcn\u00fcndeki ilk tap\u0131nmada Erlik Han ortaya \u00e7\u0131kar ve Yada ta\u015f\u0131n\u0131 ister. Amac\u0131 Yada ta\u015f\u0131n\u0131n \u00fcst\u00fcn g\u00fc\u00e7lerine iye olup Bay\u00fclgen\u2019den \u00f6c\u00fcn\u00fc almakt\u0131r ancak koruyuculardan Alt\u0131n Elbiseli Adam direnir, ta\u015f\u0131 vermez. \u00dcstelik ta\u015f\u0131 ba\u015fka bir \u00e7a\u011fa g\u00f6nderir. T\u00fcrk s\u00f6ylencelerinden ve Tonyukuk yaz\u0131tlar\u0131ndan esinlenilerek yaz\u0131lan bu \u00e7izgiromanda okurlar\u0131 G\u00f6beklitepe\u2019den TBMM\u2019ye uzanan \u00f6yleraras\u0131 bir yolculuk bekler.<\/p>\n","protected":false},"featured_media":23894,"comment_status":"closed","ping_status":"closed","template":"","meta":[],"product_brand":[],"product_cat":[57],"product_tag":[],"class_list":{"0":"post-23893","1":"product","2":"type-product","3":"status-publish","4":"has-post-thumbnail","6":"product_cat-cizgioyku","8":"first","9":"instock","10":"sale","11":"shipping-taxable","12":"purchasable","13":"product-type-simple"},"_links":{"self":[{"href":"https:\/\/kutluyayinevi.com\/magaza\/wp-json\/wp\/v2\/product\/23893","targetHints":{"allow":["GET"]}}],"collection":[{"href":"https:\/\/kutluyayinevi.com\/magaza\/wp-json\/wp\/v2\/product"}],"about":[{"href":"https:\/\/kutluyayinevi.com\/magaza\/wp-json\/wp\/v2\/types\/product"}],"replies":[{"embeddable":true,"href":"https:\/\/kutluyayinevi.com\/magaza\/wp-json\/wp\/v2\/comments?post=23893"}],"wp:featuredmedia":[{"embeddable":true,"href":"https:\/\/kutluyayinevi.com\/magaza\/wp-json\/wp\/v2\/media\/23894"}],"wp:attachment":[{"href":"https:\/\/kutluyayinevi.com\/magaza\/wp-json\/wp\/v2\/media?parent=23893"}],"wp:term":[{"taxonomy":"product_brand","embeddable":true,"href":"https:\/\/kutluyayinevi.com\/magaza\/wp-json\/wp\/v2\/product_brand?post=23893"},{"taxonomy":"product_cat","embeddable":true,"href":"https:\/\/kutluyayinevi.com\/magaza\/wp-json\/wp\/v2\/product_cat?post=23893"},{"taxonomy":"product_tag","embeddable":true,"href":"https:\/\/kutluyayinevi.com\/magaza\/wp-json\/wp\/v2\/product_tag?post=23893"}],"curies":[{"name":"wp","href":"https:\/\/api.w.org\/{rel}","templated":true}]}}