{"id":24057,"date":"2025-10-17T17:26:30","date_gmt":"2025-10-17T14:26:30","guid":{"rendered":"https:\/\/kutluyayinevi.com\/magaza\/?post_type=product&#038;p=24057"},"modified":"2026-02-19T13:34:11","modified_gmt":"2026-02-19T10:34:11","slug":"baba-ogul-ve-korku-celal-cem-dengiz","status":"publish","type":"product","link":"https:\/\/kutluyayinevi.com\/magaza\/urun\/baba-ogul-ve-korku-celal-cem-dengiz\/","title":{"rendered":"Baba, O\u011ful ve Korku &#8211; Celal Cem Dengiz"},"content":{"rendered":"<p>\u0130zmir&#8217;de insanlar hayatlar\u0131n\u0131n en b\u00fcy\u00fck korkular\u0131yla y\u00fczle\u015fiyor. Sistematik, talebi kar\u015f\u0131lanmad\u0131k\u00e7a \u015fiddeti artan bir korku.<br \/>\nVe bunu kimseye anlatam\u0131yorlar. Sonunda baz\u0131lar\u0131 boyun e\u011fiyor.<br \/>\nBoyun e\u011fmeyenlerse, nedenler ve korkular e\u015fli\u011finde can\u0131ndan oluyor. Cinayet masas\u0131n\u0131n g\u00f6z\u00fc pek komiseri Mert Ali, ekibiyle birlikte bu gizemli \u00f6l\u00fcmlerin s\u0131rr\u0131n\u0131 \u00e7\u00f6zmeye \u00e7al\u0131\u015f\u0131rken korku \u00e7arklar\u0131 d\u00f6nmeye devam ediyor.<br \/>\n\u00d6te yandan &#8216;Baba ve O\u011ful, \u015fimdiye kadar hi\u00e7bir ailede g\u00f6r\u00fclmeyen ba\u011f ve nefret d\u00fc\u011ft\u00fcm\u00fc i\u00e7inde, en b\u00fcy\u00fck s\u0131rlar\u0131yla ya\u015f\u0131yor: &#8220;Anne&#8221;<br \/>\nMert Ali, korku makinesiyle y\u00fczle\u015fti\u011finde ne kadar ileri gidebilir? D\u00fcnyan\u0131n en cesur insan\u0131 bile olsa, kendi ge\u00e7mi\u015finin en b\u00fcy\u00fck korkusuyla ne kadar ba\u015fa \u00e7\u0131kabilir?<br \/>\n&#8220;Baba, O\u011ful ve Korku polisiye gizeminin i\u00e7inde sizlere soluk kesici bir psikolojik-gerilim vadediyor.<\/p>\n","protected":false},"excerpt":{"rendered":"<p>\u0130zmir&#8217;de insanlar hayatlar\u0131n\u0131n en b\u00fcy\u00fck korkular\u0131yla y\u00fczle\u015fiyor. Sistematik, talebi kar\u015f\u0131lanmad\u0131k\u00e7a \u015fiddeti artan bir korku. Ve bunu kimseye anlatam\u0131yorlar. Sonunda baz\u0131lar\u0131 boyun e\u011fiyor. Boyun e\u011fmeyenlerse, nedenler ve korkular e\u015fli\u011finde can\u0131ndan oluyor. Cinayet masas\u0131n\u0131n g\u00f6z\u00fc pek komiseri Mert Ali, ekibiyle birlikte bu gizemli \u00f6l\u00fcmlerin s\u0131rr\u0131n\u0131 \u00e7\u00f6zmeye \u00e7al\u0131\u015f\u0131rken korku \u00e7arklar\u0131 d\u00f6nmeye devam ediyor. \u00d6te yandan &#8216;Baba ve O\u011ful, [&hellip;]<\/p>\n","protected":false},"featured_media":24058,"comment_status":"closed","ping_status":"closed","template":"","meta":[],"product_brand":[],"product_cat":[28],"product_tag":[],"class_list":{"0":"post-24057","1":"product","2":"type-product","3":"status-publish","4":"has-post-thumbnail","6":"product_cat-aratirma-inceleme","8":"first","9":"instock","10":"sale","11":"shipping-taxable","12":"purchasable","13":"product-type-simple"},"_links":{"self":[{"href":"https:\/\/kutluyayinevi.com\/magaza\/wp-json\/wp\/v2\/product\/24057","targetHints":{"allow":["GET"]}}],"collection":[{"href":"https:\/\/kutluyayinevi.com\/magaza\/wp-json\/wp\/v2\/product"}],"about":[{"href":"https:\/\/kutluyayinevi.com\/magaza\/wp-json\/wp\/v2\/types\/product"}],"replies":[{"embeddable":true,"href":"https:\/\/kutluyayinevi.com\/magaza\/wp-json\/wp\/v2\/comments?post=24057"}],"wp:featuredmedia":[{"embeddable":true,"href":"https:\/\/kutluyayinevi.com\/magaza\/wp-json\/wp\/v2\/media\/24058"}],"wp:attachment":[{"href":"https:\/\/kutluyayinevi.com\/magaza\/wp-json\/wp\/v2\/media?parent=24057"}],"wp:term":[{"taxonomy":"product_brand","embeddable":true,"href":"https:\/\/kutluyayinevi.com\/magaza\/wp-json\/wp\/v2\/product_brand?post=24057"},{"taxonomy":"product_cat","embeddable":true,"href":"https:\/\/kutluyayinevi.com\/magaza\/wp-json\/wp\/v2\/product_cat?post=24057"},{"taxonomy":"product_tag","embeddable":true,"href":"https:\/\/kutluyayinevi.com\/magaza\/wp-json\/wp\/v2\/product_tag?post=24057"}],"curies":[{"name":"wp","href":"https:\/\/api.w.org\/{rel}","templated":true}]}}