{"id":24105,"date":"2025-11-21T18:09:49","date_gmt":"2025-11-21T15:09:49","guid":{"rendered":"https:\/\/kutluyayinevi.com\/magaza\/?post_type=product&#038;p=24105"},"modified":"2026-02-23T11:00:57","modified_gmt":"2026-02-23T08:00:57","slug":"varilan-hak-zirve-munircan","status":"publish","type":"product","link":"https:\/\/kutluyayinevi.com\/magaza\/urun\/varilan-hak-zirve-munircan\/","title":{"rendered":"Var\u0131lan Hak Zirve &#8211; M\u00fcnircan"},"content":{"rendered":"<p data-renderer-start-pos=\"22\">\u0130nsan hayatta kendine kutsi zirve belirlemeli\u2026<\/p>\n<p data-renderer-start-pos=\"70\">Ya\u015fam devam etmekte iken hak zirveyi hedeflemeli \u2026.<\/p>\n<p data-renderer-start-pos=\"123\">Ahirette de ulvi zirveye varmay\u0131 ama\u00e7 edinmeli\u2026<br \/>\nY\u00fcce ama\u00e7 hayat\u0131 Rabbin istedi\u011fi gibi g\u00fczelle\u015ftirmek\u00a0olmal\u0131&#8230;<\/p>\n<p data-renderer-start-pos=\"235\">B\u00f6ylece d\u00fcnya ve ahiret g\u00fczelle\u015fir\u2026<br \/>\nVaraca\u011f\u0131m\u0131z zirveye rabbin istedi\u011fi gibi varmal\u0131\u2026<\/p>\n<p data-renderer-start-pos=\"322\">Zirveye \u00e7\u0131karken do\u011fru hedefler belirlenmeli\u2026.<\/p>\n<p data-renderer-start-pos=\"370\">Hedefler hakla kayna\u015fmak, hakta bulu\u015fmak ve hakka kavu\u015fmak olmal\u0131\u2026<\/p>\n<p data-renderer-start-pos=\"438\">Do\u011fru hedefler zirveye imanla, amelle ve ahlakla varmak olmal\u0131\u2026<\/p>\n<p data-renderer-start-pos=\"503\">Zirveye kamil iman, halis amel ve g\u00fczel ahlakla varmal\u0131\u2026<\/p>\n<p data-renderer-start-pos=\"561\">B\u00f6ylece ulvi gayelerle m\u00fckemmel sonu\u00e7lar eldedir\u2026<\/p>\n<p data-renderer-start-pos=\"612\">Rabbin emretti\u011fi hakk\u0131 ya\u015famakla d\u00fcnya g\u00fczeldir\u2026<\/p>\n<p data-renderer-start-pos=\"662\">Ve kutlu ilkelerle ahirette \u00fcst\u00fcn hak zirveye var\u0131l\u0131r\u2026<\/p>\n<p data-renderer-start-pos=\"718\">En \u00fcst\u00fcn hedef hakk\u0131n yolunda cihatla hak zirveye var\u0131l\u0131r\u2026<\/p>\n<p data-renderer-start-pos=\"778\">Neticede in\u015fallah Hakk\u2019a kavu\u015fmakla en g\u00fczel cennete var\u0131l\u0131r\u2026<\/p>\n","protected":false},"excerpt":{"rendered":"<p>\u0130nsan hayatta kendine kutsi zirve belirlemeli\u2026 Ya\u015fam devam etmekte iken hak zirveyi hedeflemeli \u2026. Ahirette de ulvi zirveye varmay\u0131 ama\u00e7 edinmeli\u2026 Y\u00fcce ama\u00e7 hayat\u0131 Rabbin istedi\u011fi gibi g\u00fczelle\u015ftirmek\u00a0olmal\u0131&#8230; B\u00f6ylece d\u00fcnya ve ahiret g\u00fczelle\u015fir\u2026 Varaca\u011f\u0131m\u0131z zirveye rabbin istedi\u011fi gibi varmal\u0131\u2026 Zirveye \u00e7\u0131karken do\u011fru hedefler belirlenmeli\u2026. Hedefler hakla kayna\u015fmak, hakta bulu\u015fmak ve hakka kavu\u015fmak olmal\u0131\u2026 Do\u011fru hedefler [&hellip;]<\/p>\n","protected":false},"featured_media":24106,"comment_status":"closed","ping_status":"closed","template":"","meta":[],"product_brand":[],"product_cat":[22],"product_tag":[],"class_list":{"0":"post-24105","1":"product","2":"type-product","3":"status-publish","4":"has-post-thumbnail","6":"product_cat-siir","8":"first","9":"instock","10":"sale","11":"shipping-taxable","12":"purchasable","13":"product-type-simple"},"_links":{"self":[{"href":"https:\/\/kutluyayinevi.com\/magaza\/wp-json\/wp\/v2\/product\/24105","targetHints":{"allow":["GET"]}}],"collection":[{"href":"https:\/\/kutluyayinevi.com\/magaza\/wp-json\/wp\/v2\/product"}],"about":[{"href":"https:\/\/kutluyayinevi.com\/magaza\/wp-json\/wp\/v2\/types\/product"}],"replies":[{"embeddable":true,"href":"https:\/\/kutluyayinevi.com\/magaza\/wp-json\/wp\/v2\/comments?post=24105"}],"wp:featuredmedia":[{"embeddable":true,"href":"https:\/\/kutluyayinevi.com\/magaza\/wp-json\/wp\/v2\/media\/24106"}],"wp:attachment":[{"href":"https:\/\/kutluyayinevi.com\/magaza\/wp-json\/wp\/v2\/media?parent=24105"}],"wp:term":[{"taxonomy":"product_brand","embeddable":true,"href":"https:\/\/kutluyayinevi.com\/magaza\/wp-json\/wp\/v2\/product_brand?post=24105"},{"taxonomy":"product_cat","embeddable":true,"href":"https:\/\/kutluyayinevi.com\/magaza\/wp-json\/wp\/v2\/product_cat?post=24105"},{"taxonomy":"product_tag","embeddable":true,"href":"https:\/\/kutluyayinevi.com\/magaza\/wp-json\/wp\/v2\/product_tag?post=24105"}],"curies":[{"name":"wp","href":"https:\/\/api.w.org\/{rel}","templated":true}]}}