{"id":24141,"date":"2025-12-04T15:34:37","date_gmt":"2025-12-04T12:34:37","guid":{"rendered":"https:\/\/kutluyayinevi.com\/magaza\/?post_type=product&#038;p=24141"},"modified":"2026-02-19T12:51:39","modified_gmt":"2026-02-19T09:51:39","slug":"arafta-bes-yil-emine-sakarya","status":"publish","type":"product","link":"https:\/\/kutluyayinevi.com\/magaza\/urun\/arafta-bes-yil-emine-sakarya\/","title":{"rendered":"Arafta Be\u015f Y\u0131l &#8211; Emine Sakarya"},"content":{"rendered":"<div class=\"css-xc2wqx\">\n<div class=\"ak-renderer-document\">\n<p data-renderer-start-pos=\"1\">Bazen \u00e7\u0131kt\u0131\u011f\u0131n yolda seni yolundan al\u0131koyan engeller, aya\u011f\u0131na tak\u0131lan \u00e7ak\u0131l ta\u015flar\u0131 olabilir. Ama bu yolculukta sana yol g\u00f6sterici ve seni motive edici kaynaklar\u0131n varsa o zaman ya\u015fad\u0131klar\u0131n g\u00fczel bir an\u0131ya d\u00f6n\u00fc\u015f\u00fcr.<\/p>\n<p data-renderer-start-pos=\"218\">Esra \u00f6\u011fretmen de onu zorlayan bir sisteme ra\u011fmen i\u015fini yapmak ve y\u00fcr\u00fcd\u00fc\u011f\u00fc yolda \u00e7i\u00e7ekler a\u00e7t\u0131rmak i\u00e7in \u00f6\u011frencilerinden g\u00fc\u00e7 ald\u0131. Ve onlardan ald\u0131\u011f\u0131 bu g\u00fc\u00e7le de yar\u0131nlar\u0131 i\u00e7in g\u00fczel an\u0131lar biriktirdi.<\/p>\n<p data-renderer-start-pos=\"419\">Sizler de bir g\u00fcn arafta kal\u0131rsan\u0131z e\u011fer yolunuzu ayd\u0131nlatan y\u0131ld\u0131zlar olsun hayat\u0131n\u0131zda&#8230;<\/p>\n<\/div>\n<\/div>\n","protected":false},"excerpt":{"rendered":"<p>Bazen \u00e7\u0131kt\u0131\u011f\u0131n yolda seni yolundan al\u0131koyan engeller, aya\u011f\u0131na tak\u0131lan \u00e7ak\u0131l ta\u015flar\u0131 olabilir. Ama bu yolculukta sana yol g\u00f6sterici ve seni motive edici kaynaklar\u0131n varsa o zaman ya\u015fad\u0131klar\u0131n g\u00fczel bir an\u0131ya d\u00f6n\u00fc\u015f\u00fcr. Esra \u00f6\u011fretmen de onu zorlayan bir sisteme ra\u011fmen i\u015fini yapmak ve y\u00fcr\u00fcd\u00fc\u011f\u00fc yolda \u00e7i\u00e7ekler a\u00e7t\u0131rmak i\u00e7in \u00f6\u011frencilerinden g\u00fc\u00e7 ald\u0131. Ve onlardan ald\u0131\u011f\u0131 bu g\u00fc\u00e7le [&hellip;]<\/p>\n","protected":false},"featured_media":24142,"comment_status":"closed","ping_status":"closed","template":"","meta":[],"product_brand":[],"product_cat":[52],"product_tag":[],"class_list":{"0":"post-24141","1":"product","2":"type-product","3":"status-publish","4":"has-post-thumbnail","6":"product_cat-ani","8":"first","9":"instock","10":"sale","11":"shipping-taxable","12":"purchasable","13":"product-type-simple"},"_links":{"self":[{"href":"https:\/\/kutluyayinevi.com\/magaza\/wp-json\/wp\/v2\/product\/24141","targetHints":{"allow":["GET"]}}],"collection":[{"href":"https:\/\/kutluyayinevi.com\/magaza\/wp-json\/wp\/v2\/product"}],"about":[{"href":"https:\/\/kutluyayinevi.com\/magaza\/wp-json\/wp\/v2\/types\/product"}],"replies":[{"embeddable":true,"href":"https:\/\/kutluyayinevi.com\/magaza\/wp-json\/wp\/v2\/comments?post=24141"}],"wp:featuredmedia":[{"embeddable":true,"href":"https:\/\/kutluyayinevi.com\/magaza\/wp-json\/wp\/v2\/media\/24142"}],"wp:attachment":[{"href":"https:\/\/kutluyayinevi.com\/magaza\/wp-json\/wp\/v2\/media?parent=24141"}],"wp:term":[{"taxonomy":"product_brand","embeddable":true,"href":"https:\/\/kutluyayinevi.com\/magaza\/wp-json\/wp\/v2\/product_brand?post=24141"},{"taxonomy":"product_cat","embeddable":true,"href":"https:\/\/kutluyayinevi.com\/magaza\/wp-json\/wp\/v2\/product_cat?post=24141"},{"taxonomy":"product_tag","embeddable":true,"href":"https:\/\/kutluyayinevi.com\/magaza\/wp-json\/wp\/v2\/product_tag?post=24141"}],"curies":[{"name":"wp","href":"https:\/\/api.w.org\/{rel}","templated":true}]}}