{"id":24154,"date":"2025-12-26T18:39:26","date_gmt":"2025-12-26T15:39:26","guid":{"rendered":"https:\/\/kutluyayinevi.com\/magaza\/?post_type=product&#038;p=24154"},"modified":"2025-12-29T16:34:09","modified_gmt":"2025-12-29T13:34:09","slug":"2026-vdmy-sinavlari-hazirlik-online-soru-bankasi","status":"publish","type":"product","link":"https:\/\/kutluyayinevi.com\/magaza\/urun\/2026-vdmy-sinavlari-hazirlik-online-soru-bankasi\/","title":{"rendered":"2026 VDMY S\u0131navlar\u0131 Haz\u0131rl\u0131k Online Soru Bankas\u0131"},"content":{"rendered":"","protected":false},"excerpt":{"rendered":"<p>\u00dcr\u00fcn yaln\u0131zca online soru bankas\u0131 \u015feklinde olup herhangi bir fiziki g\u00f6nderim yap\u0131lmayacakt\u0131r. \u00d6deme yapt\u0131ktan sonra\u00a0<a href=\"https:\/\/t.me\/divanimaliye\">https:\/\/t.me\/divanimaliye<\/a> adresindeki y\u00f6neticiler ile ileti\u015fime ge\u00e7iniz. Grup y\u00f6neticilerine \u00f6deme dekontu ibraz edildikten sonra taraf\u0131n\u0131za <a href=\"http:\/\/wwww.divanimaliye.com\/sorubank.html\">wwww.divanimaliye.com\/sorubank.html<\/a> adresi giri\u015f bilgileri payla\u015f\u0131lacakt\u0131r. G\u00fcncellemeler ve kullan\u0131m 01.07.2026 tarihine kadar ge\u00e7erlidir.<\/p>\n","protected":false},"featured_media":24155,"comment_status":"closed","ping_status":"closed","template":"","meta":[],"product_brand":[],"product_cat":[20],"product_tag":[],"class_list":{"0":"post-24154","1":"product","2":"type-product","3":"status-publish","4":"has-post-thumbnail","6":"product_cat-sinavlara-hazirlik","7":"product_shipping_class-ucretsiz","9":"first","10":"instock","11":"downloadable","12":"virtual","13":"purchasable","14":"product-type-simple"},"_links":{"self":[{"href":"https:\/\/kutluyayinevi.com\/magaza\/wp-json\/wp\/v2\/product\/24154","targetHints":{"allow":["GET"]}}],"collection":[{"href":"https:\/\/kutluyayinevi.com\/magaza\/wp-json\/wp\/v2\/product"}],"about":[{"href":"https:\/\/kutluyayinevi.com\/magaza\/wp-json\/wp\/v2\/types\/product"}],"replies":[{"embeddable":true,"href":"https:\/\/kutluyayinevi.com\/magaza\/wp-json\/wp\/v2\/comments?post=24154"}],"wp:featuredmedia":[{"embeddable":true,"href":"https:\/\/kutluyayinevi.com\/magaza\/wp-json\/wp\/v2\/media\/24155"}],"wp:attachment":[{"href":"https:\/\/kutluyayinevi.com\/magaza\/wp-json\/wp\/v2\/media?parent=24154"}],"wp:term":[{"taxonomy":"product_brand","embeddable":true,"href":"https:\/\/kutluyayinevi.com\/magaza\/wp-json\/wp\/v2\/product_brand?post=24154"},{"taxonomy":"product_cat","embeddable":true,"href":"https:\/\/kutluyayinevi.com\/magaza\/wp-json\/wp\/v2\/product_cat?post=24154"},{"taxonomy":"product_tag","embeddable":true,"href":"https:\/\/kutluyayinevi.com\/magaza\/wp-json\/wp\/v2\/product_tag?post=24154"}],"curies":[{"name":"wp","href":"https:\/\/api.w.org\/{rel}","templated":true}]}}