{"id":24166,"date":"2025-12-31T10:08:04","date_gmt":"2025-12-31T07:08:04","guid":{"rendered":"https:\/\/kutluyayinevi.com\/magaza\/?post_type=product&#038;p=24166"},"modified":"2026-02-19T14:00:33","modified_gmt":"2026-02-19T11:00:33","slug":"baskalarina-degil-kendine-iyi-gel-sennur-karasu","status":"publish","type":"product","link":"https:\/\/kutluyayinevi.com\/magaza\/urun\/baskalarina-degil-kendine-iyi-gel-sennur-karasu\/","title":{"rendered":"Ba\u015fkalar\u0131na De\u011fil, Kendine \u0130yi Gel &#8211; \u015eennur Karasu"},"content":{"rendered":"<div class=\"css-16urtv4\">\n<div class=\"ak-renderer-document\">\n<p data-renderer-start-pos=\"1\"><strong data-renderer-mark=\"true\">Sen, en gu\u0308zel yolculug\u0306un kahraman\u0131s\u0131n.<\/strong><\/p>\n<p data-renderer-start-pos=\"43\">G\u00fcndelik hayat\u0131n karma\u015fas\u0131 i\u00e7inde \u00e7o\u011fu zaman kendimizi unutuyoruz.<\/p>\n<p data-renderer-start-pos=\"111\">Ba\u015fkalar\u0131n\u0131 mutlu etmeye \u00e7al\u0131\u015f\u0131rken, i\u00e7imizdeki ses giderek k\u0131s\u0131l\u0131yor.<\/p>\n<p data-renderer-start-pos=\"183\">Oysa ya\u015fam\u0131n i\u00e7indeki her k\u00fc\u00e7\u00fck hik\u00e2ye, bize bir \u015feyler f\u0131s\u0131ldar fark etmemiz gereken, \u00f6\u011frenmemiz gereken duygular vard\u0131r.<\/p>\n<p data-renderer-start-pos=\"307\">\u201cBa\u015fkalar\u0131ndan \u00d6nce Kendine \u0130yi Bak\u201d, bu hik\u00e2yeleri yeniden g\u00f6rmemizi sa\u011fl\u0131yor.<\/p>\n<p data-renderer-start-pos=\"388\">Her bir \u00f6yk\u00fc, bilin\u00e7alt\u0131m\u0131zda yank\u0131 bulan k\u00fc\u00e7\u00fck ama g\u00fc\u00e7l\u00fc derslerle dolu.<\/p>\n<p data-renderer-start-pos=\"463\">Kendini unutan, kendini erteleyen herkes i\u00e7in bir hat\u0131rlatma:<\/p>\n<p data-renderer-start-pos=\"526\">Ger\u00e7ek iyilik, \u00f6nce kendine iyi bakmakla ba\u015flar.<\/p>\n<\/div>\n<\/div>\n","protected":false},"excerpt":{"rendered":"<p>Sen, en gu\u0308zel yolculug\u0306un kahraman\u0131s\u0131n. G\u00fcndelik hayat\u0131n karma\u015fas\u0131 i\u00e7inde \u00e7o\u011fu zaman kendimizi unutuyoruz. Ba\u015fkalar\u0131n\u0131 mutlu etmeye \u00e7al\u0131\u015f\u0131rken, i\u00e7imizdeki ses giderek k\u0131s\u0131l\u0131yor. Oysa ya\u015fam\u0131n i\u00e7indeki her k\u00fc\u00e7\u00fck hik\u00e2ye, bize bir \u015feyler f\u0131s\u0131ldar fark etmemiz gereken, \u00f6\u011frenmemiz gereken duygular vard\u0131r. \u201cBa\u015fkalar\u0131ndan \u00d6nce Kendine \u0130yi Bak\u201d, bu hik\u00e2yeleri yeniden g\u00f6rmemizi sa\u011fl\u0131yor. Her bir \u00f6yk\u00fc, bilin\u00e7alt\u0131m\u0131zda yank\u0131 bulan k\u00fc\u00e7\u00fck [&hellip;]<\/p>\n","protected":false},"featured_media":24167,"comment_status":"closed","ping_status":"closed","template":"","meta":[],"product_brand":[],"product_cat":[23],"product_tag":[],"class_list":{"0":"post-24166","1":"product","2":"type-product","3":"status-publish","4":"has-post-thumbnail","6":"product_cat-hikaye","8":"first","9":"instock","10":"sale","11":"shipping-taxable","12":"purchasable","13":"product-type-simple"},"_links":{"self":[{"href":"https:\/\/kutluyayinevi.com\/magaza\/wp-json\/wp\/v2\/product\/24166","targetHints":{"allow":["GET"]}}],"collection":[{"href":"https:\/\/kutluyayinevi.com\/magaza\/wp-json\/wp\/v2\/product"}],"about":[{"href":"https:\/\/kutluyayinevi.com\/magaza\/wp-json\/wp\/v2\/types\/product"}],"replies":[{"embeddable":true,"href":"https:\/\/kutluyayinevi.com\/magaza\/wp-json\/wp\/v2\/comments?post=24166"}],"wp:featuredmedia":[{"embeddable":true,"href":"https:\/\/kutluyayinevi.com\/magaza\/wp-json\/wp\/v2\/media\/24167"}],"wp:attachment":[{"href":"https:\/\/kutluyayinevi.com\/magaza\/wp-json\/wp\/v2\/media?parent=24166"}],"wp:term":[{"taxonomy":"product_brand","embeddable":true,"href":"https:\/\/kutluyayinevi.com\/magaza\/wp-json\/wp\/v2\/product_brand?post=24166"},{"taxonomy":"product_cat","embeddable":true,"href":"https:\/\/kutluyayinevi.com\/magaza\/wp-json\/wp\/v2\/product_cat?post=24166"},{"taxonomy":"product_tag","embeddable":true,"href":"https:\/\/kutluyayinevi.com\/magaza\/wp-json\/wp\/v2\/product_tag?post=24166"}],"curies":[{"name":"wp","href":"https:\/\/api.w.org\/{rel}","templated":true}]}}