{"id":24179,"date":"2026-01-13T15:24:03","date_gmt":"2026-01-13T12:24:03","guid":{"rendered":"https:\/\/kutluyayinevi.com\/magaza\/?post_type=product&#038;p=24179"},"modified":"2026-02-20T11:01:12","modified_gmt":"2026-02-20T08:01:12","slug":"isigin-sesi-tugba-karakuzu","status":"publish","type":"product","link":"https:\/\/kutluyayinevi.com\/magaza\/urun\/isigin-sesi-tugba-karakuzu\/","title":{"rendered":"I\u015f\u0131\u011f\u0131n Sesi &#8211; Tu\u011fba Karakuzu"},"content":{"rendered":"<div class=\"css-1bqf25i\">\n<div class=\"ak-renderer-document\">\n<p data-renderer-start-pos=\"1\">Kendini hayata kar\u015f\u0131 c\u0131l\u0131z bir ses olarak g\u00f6ren Ayhan\u2019\u0131n d\u00fcnyas\u0131, g\u00fc\u00e7l\u00fc bir kad\u0131nla tan\u0131\u015ft\u0131\u011f\u0131nda de\u011fi\u015fmeye ba\u015flar.<\/p>\n<p data-renderer-start-pos=\"117\">I\u015f\u0131\u011f\u0131n Sesi, avukatl\u0131k mesle\u011fi s\u0131ras\u0131nda ya\u015fanan ger\u00e7ek olaylardan uyarlanm\u0131\u015f, umut ve d\u00f6n\u00fc\u015f\u00fcm temal\u0131 bir romand\u0131r. Ayhan\u2019\u0131n \u201c\u0131\u015f\u0131k\u201d olarak tan\u0131mlad\u0131\u011f\u0131 Aydan, yaln\u0131zca onun kalbine de\u011fil, hayat\u0131na da g\u00fc\u00e7 ve cesaret ta\u015f\u0131r. Aydan\u2019\u0131n varl\u0131\u011f\u0131, Ayhan\u2019\u0131n karanl\u0131klar\u0131n\u0131 ayd\u0131nlat\u0131rken, yeni insanlar ve beklenmedik olaylar hik\u00e2yeye bamba\u015fka bir derinlik kazand\u0131r\u0131r.<\/p>\n<p data-renderer-start-pos=\"476\">Bu roman; g\u00fcc\u00fcn, azmin ve t\u00fcm zorluklara ra\u011fmen hayata tutunman\u0131n hik\u00e2yesini anlat\u0131r.<\/p>\n<p data-renderer-start-pos=\"563\">I\u015f\u0131\u011f\u0131n d\u00f6n\u00fc\u015ft\u00fcr\u00fcc\u00fc g\u00fcc\u00fcn\u00fc hissedece\u011finiz bu s\u0131cac\u0131k yolculuk, okuyucuya da ilham verecektir.<\/p>\n<p data-renderer-start-pos=\"657\">B\u0130YOGRAF\u0130<\/p>\n<p data-renderer-start-pos=\"668\">10 \u015eubat 1977\u2019de K\u0131r\u0131kkale\u2019de do\u011fdu. Evli ve bir \u00e7ocuk annesidir.<\/p>\n<p data-renderer-start-pos=\"735\">Marmara \u00dcniversitesi Hukuk Fak\u00fcltesi\u2019nden mezun olduktan sonra, ayn\u0131 \u00fcniversitede \u00f6zel hukuk alan\u0131nda y\u00fcksek lisans\u0131n\u0131 tamamlad\u0131. Yakla\u015f\u0131k yirmi y\u0131l boyunca kamu kurumu niteli\u011finde bir meslek kurulu\u015funda avukat ve hukuk m\u00fc\u015faviri olarak g\u00f6rev yapt\u0131.<\/p>\n<p data-renderer-start-pos=\"985\">\u0130nsan hik\u00e2yelerine yak\u0131ndan tan\u0131kl\u0131k etti\u011fi mesleki ya\u015fam\u0131, yazarl\u0131\u011f\u0131n\u0131n da temelini olu\u015fturdu. Serbest avukatl\u0131k yapmak ve yazarl\u0131\u011fa daha fazla zaman ay\u0131rmak i\u00e7in g\u00f6revinden ayr\u0131ld\u0131. Kutlu Yay\u0131nevi taraf\u0131ndan yay\u0131mlanan G\u00fcm\u00fc\u015f\u015fehir adl\u0131 bir roman\u0131 bulunmaktad\u0131r.<\/p>\n<p data-renderer-start-pos=\"1249\">I\u015f\u0131\u011f\u0131n Sesi, adaletin, insan ruhunun ve hayata tutunma m\u00fccadelesinin i\u00e7 i\u00e7e ge\u00e7ti\u011fi, ger\u00e7ek ya\u015famdan izler ta\u015f\u0131yan bir romand\u0131r.<\/p>\n<\/div>\n<\/div>\n","protected":false},"excerpt":{"rendered":"<p>Kendini hayata kar\u015f\u0131 c\u0131l\u0131z bir ses olarak g\u00f6ren Ayhan\u2019\u0131n d\u00fcnyas\u0131, g\u00fc\u00e7l\u00fc bir kad\u0131nla tan\u0131\u015ft\u0131\u011f\u0131nda de\u011fi\u015fmeye ba\u015flar. I\u015f\u0131\u011f\u0131n Sesi, avukatl\u0131k mesle\u011fi s\u0131ras\u0131nda ya\u015fanan ger\u00e7ek olaylardan uyarlanm\u0131\u015f, umut ve d\u00f6n\u00fc\u015f\u00fcm temal\u0131 bir romand\u0131r. Ayhan\u2019\u0131n \u201c\u0131\u015f\u0131k\u201d olarak tan\u0131mlad\u0131\u011f\u0131 Aydan, yaln\u0131zca onun kalbine de\u011fil, hayat\u0131na da g\u00fc\u00e7 ve cesaret ta\u015f\u0131r. Aydan\u2019\u0131n varl\u0131\u011f\u0131, Ayhan\u2019\u0131n karanl\u0131klar\u0131n\u0131 ayd\u0131nlat\u0131rken, yeni insanlar ve beklenmedik [&hellip;]<\/p>\n","protected":false},"featured_media":24180,"comment_status":"closed","ping_status":"closed","template":"","meta":[],"product_brand":[],"product_cat":[24],"product_tag":[],"class_list":{"0":"post-24179","1":"product","2":"type-product","3":"status-publish","4":"has-post-thumbnail","6":"product_cat-roman","8":"first","9":"instock","10":"sale","11":"shipping-taxable","12":"purchasable","13":"product-type-simple"},"_links":{"self":[{"href":"https:\/\/kutluyayinevi.com\/magaza\/wp-json\/wp\/v2\/product\/24179","targetHints":{"allow":["GET"]}}],"collection":[{"href":"https:\/\/kutluyayinevi.com\/magaza\/wp-json\/wp\/v2\/product"}],"about":[{"href":"https:\/\/kutluyayinevi.com\/magaza\/wp-json\/wp\/v2\/types\/product"}],"replies":[{"embeddable":true,"href":"https:\/\/kutluyayinevi.com\/magaza\/wp-json\/wp\/v2\/comments?post=24179"}],"wp:featuredmedia":[{"embeddable":true,"href":"https:\/\/kutluyayinevi.com\/magaza\/wp-json\/wp\/v2\/media\/24180"}],"wp:attachment":[{"href":"https:\/\/kutluyayinevi.com\/magaza\/wp-json\/wp\/v2\/media?parent=24179"}],"wp:term":[{"taxonomy":"product_brand","embeddable":true,"href":"https:\/\/kutluyayinevi.com\/magaza\/wp-json\/wp\/v2\/product_brand?post=24179"},{"taxonomy":"product_cat","embeddable":true,"href":"https:\/\/kutluyayinevi.com\/magaza\/wp-json\/wp\/v2\/product_cat?post=24179"},{"taxonomy":"product_tag","embeddable":true,"href":"https:\/\/kutluyayinevi.com\/magaza\/wp-json\/wp\/v2\/product_tag?post=24179"}],"curies":[{"name":"wp","href":"https:\/\/api.w.org\/{rel}","templated":true}]}}

Işığın Sesi &#8211; Tuğba Karakuzu

<div class="css-1bqf25i">
<div class="ak-renderer-document">
<p data-renderer-start-pos="1">Kendini hayata karşı cılız bir ses olarak gören Ayhan’ın dünyası, güçlü bir kadınla tanıştığında değişmeye başlar.</p>
<p data-renderer-start-pos="117">Işığın Sesi, avukatlık mesleği sırasında yaşanan gerçek olaylardan uyarlanmış, umut ve dönüşüm temalı bir romandır. Ayhan’ın “ışık” olarak tanımladığı Aydan, yalnızca onun kalbine değil, hayatına da güç ve cesaret taşır. Aydan’ın varlığı, Ayhan’ın karanlıklarını aydınlatırken, yeni insanlar ve beklenmedik olaylar hikâyeye bambaşka bir derinlik kazandırır.</p>
<p data-renderer-start-pos="476">Bu roman; gücün, azmin ve tüm zorluklara rağmen hayata tutunmanın hikâyesini anlatır.</p>
<p data-renderer-start-pos="563">Işığın dönüştürücü gücünü hissedeceğiniz bu sıcacık yolculuk, okuyucuya da ilham verecektir.</p>
<p data-renderer-start-pos="657">BİYOGRAFİ</p>
<p data-renderer-start-pos="668">10 Şubat 1977’de Kırıkkale’de doğdu. Evli ve bir çocuk annesidir.</p>
<p data-renderer-start-pos="735">Marmara Üniversitesi Hukuk Fakültesi’nden mezun olduktan sonra, aynı üniversitede özel hukuk alanında yüksek lisansını tamamladı. Yaklaşık yirmi yıl boyunca kamu kurumu niteliğinde bir meslek kuruluşunda avukat ve hukuk müşaviri olarak görev yaptı.</p>
<p data-renderer-start-pos="985">İnsan hikâyelerine yakından tanıklık ettiği mesleki yaşamı, yazarlığının da temelini oluşturdu. Serbest avukatlık yapmak ve yazarlığa daha fazla zaman ayırmak için görevinden ayrıldı. Kutlu Yayınevi tarafından yayımlanan Gümüşşehir adlı bir romanı bulunmaktadır.</p>
<p data-renderer-start-pos="1249">Işığın Sesi, adaletin, insan ruhunun ve hayata tutunma mücadelesinin iç içe geçtiği, gerçek yaşamdan izler taşıyan bir romandır.</p>
</div>
</div>

<p>Kendini hayata karşı cılız bir ses olarak gören Ayhan’ın dünyası, güçlü bir kadınla tanıştığında değişmeye başlar. Işığın Sesi, avukatlık mesleği sırasında yaşanan gerçek olaylardan uyarlanmış, umut ve dönüşüm temalı bir romandır. Ayhan’ın “ışık” olarak tanımladığı Aydan, yalnızca onun kalbine değil, hayatına da güç ve cesaret taşır. Aydan’ın varlığı, Ayhan’ın karanlıklarını aydınlatırken, yeni insanlar ve beklenmedik [&hellip;]</p>
