{"id":24186,"date":"2026-01-13T15:34:15","date_gmt":"2026-01-13T12:34:15","guid":{"rendered":"https:\/\/kutluyayinevi.com\/magaza\/?post_type=product&#038;p=24186"},"modified":"2026-02-23T09:51:04","modified_gmt":"2026-02-23T06:51:04","slug":"son-saat-guven-polat","status":"publish","type":"product","link":"https:\/\/kutluyayinevi.com\/magaza\/urun\/son-saat-guven-polat\/","title":{"rendered":"Son Saat &#8211; G\u00fcven Polat"},"content":{"rendered":"<div class=\"css-1bqf25i\">\n<div class=\"ak-renderer-document\">\n<p data-renderer-start-pos=\"1\">Kuran ve hadislerde Son Saat\u2019in yani D\u00fcnya\u2019n\u0131n sonunun \u00e7ok yak\u0131n oldu\u011fu ancak onun vaktini Allah\u2019tan ba\u015fka kimsenin bilemeyece\u011fi bildirilir. Ancak yery\u00fcz\u00fcndeki canl\u0131lar\u0131 bekleyen b\u00fcy\u00fck bir yok olu\u015f daha bulunuyor. Ve biz onun zaman\u0131n\u0131 biliyoruz. D\u00fcnya \u00fczerinde daha insan nesli yokken do\u011fal nedenlerden dolay\u0131 be\u015f b\u00fcy\u00fck kitlesel yok olu\u015f ya\u015fand\u0131. Bu kitlesel yok olu\u015flarda canl\u0131 t\u00fcrlerinin yakla\u015f\u0131k y\u00fczde 65\u2019i ila 95\u2019i yery\u00fcz\u00fcnden silindi. Hayatta kalmay\u0131 ba\u015faran t\u00fcrlerle canl\u0131 ya\u015fam\u0131 \u00e7e\u015fitlenerek devam etti. Bilim insanlar\u0131 alt\u0131nc\u0131 kitlesel yok olu\u015fun, insan faaliyetleri yani yery\u00fcz\u00fc kaynaklar\u0131n\u0131n s\u00f6m\u00fcr\u00fclmesi, k\u00fcresel \u0131s\u0131nma, iklim ve habitat de\u011fi\u015fikli\u011fi ile bunlara ba\u011fl\u0131 ekosistem \u00e7\u00f6kmeleri nedeniyle \u00f6n\u00fcm\u00fczdeki 100 y\u0131l i\u00e7inde ger\u00e7ekle\u015fece\u011fini iddia ediyor.<\/p>\n<p data-renderer-start-pos=\"767\">Allah, Kuran\u2019da Ademo\u011flunu halife olarak se\u00e7ti\u011fini bildirir. Halife olmak O\u2019nun ad\u0131na, O\u2019nun yery\u00fcz\u00fcnde yaratt\u0131\u011f\u0131 denge ve d\u00fczeni korumak ve s\u00fcrd\u00fcrmek demektir. Rum suresinin 41\u2019inci ayetinde ise <em data-renderer-mark=\"true\">\u201cinsanlar\u0131n elleriyle yapt\u0131klar\u0131 y\u00fcz\u00fcnden karada ve denizde fesat \u00e7\u0131kt\u0131. Belki d\u00f6nerler diye yapt\u0131klar\u0131n\u0131n bir k\u0131sm\u0131n\u0131 onlara tatt\u0131r\u0131yor\u201d<\/em> denilir. \u0130\u015fte yery\u00fcz\u00fcndeki denge ve d\u00fczen bozuldu\u011fu zaman art\u0131k Son Saat\u2019in vakti gelmi\u015f olacakt\u0131r. Bu kitapta Kuran\u2019da ve hadislerde Son Saat gelmeden \u00f6nce olaca\u011f\u0131 bildirilen olaylar\u0131n neler olabilece\u011fi ve nas\u0131l ger\u00e7ekle\u015febilece\u011fi daha \u00f6nce kimsenin ba\u015f vurmad\u0131\u011f\u0131 bir y\u00f6ntemle anla\u015f\u0131lmaya \u00e7al\u0131\u015f\u0131ld\u0131. Ayet ve hadislerde olaca\u011f\u0131 bildirilen alametler, bilimsel veri ve kan\u0131tlarla e\u015fle\u015ftirildi ve y\u00fczde y\u00fcz \u00f6rt\u00fc\u015ft\u00fc\u011f\u00fc g\u00f6r\u00fcld\u00fc.<\/p>\n<\/div>\n<\/div>\n","protected":false},"excerpt":{"rendered":"<p>Kuran ve hadislerde Son Saat\u2019in yani D\u00fcnya\u2019n\u0131n sonunun \u00e7ok yak\u0131n oldu\u011fu ancak onun vaktini Allah\u2019tan ba\u015fka kimsenin bilemeyece\u011fi bildirilir. Ancak yery\u00fcz\u00fcndeki canl\u0131lar\u0131 bekleyen b\u00fcy\u00fck bir yok olu\u015f daha bulunuyor. Ve biz onun zaman\u0131n\u0131 biliyoruz. D\u00fcnya \u00fczerinde daha insan nesli yokken do\u011fal nedenlerden dolay\u0131 be\u015f b\u00fcy\u00fck kitlesel yok olu\u015f ya\u015fand\u0131. Bu kitlesel yok olu\u015flarda canl\u0131 t\u00fcrlerinin [&hellip;]<\/p>\n","protected":false},"featured_media":24187,"comment_status":"closed","ping_status":"closed","template":"","meta":[],"product_brand":[],"product_cat":[28],"product_tag":[],"class_list":{"0":"post-24186","1":"product","2":"type-product","3":"status-publish","4":"has-post-thumbnail","6":"product_cat-aratirma-inceleme","8":"first","9":"instock","10":"sale","11":"shipping-taxable","12":"purchasable","13":"product-type-simple"},"_links":{"self":[{"href":"https:\/\/kutluyayinevi.com\/magaza\/wp-json\/wp\/v2\/product\/24186","targetHints":{"allow":["GET"]}}],"collection":[{"href":"https:\/\/kutluyayinevi.com\/magaza\/wp-json\/wp\/v2\/product"}],"about":[{"href":"https:\/\/kutluyayinevi.com\/magaza\/wp-json\/wp\/v2\/types\/product"}],"replies":[{"embeddable":true,"href":"https:\/\/kutluyayinevi.com\/magaza\/wp-json\/wp\/v2\/comments?post=24186"}],"wp:featuredmedia":[{"embeddable":true,"href":"https:\/\/kutluyayinevi.com\/magaza\/wp-json\/wp\/v2\/media\/24187"}],"wp:attachment":[{"href":"https:\/\/kutluyayinevi.com\/magaza\/wp-json\/wp\/v2\/media?parent=24186"}],"wp:term":[{"taxonomy":"product_brand","embeddable":true,"href":"https:\/\/kutluyayinevi.com\/magaza\/wp-json\/wp\/v2\/product_brand?post=24186"},{"taxonomy":"product_cat","embeddable":true,"href":"https:\/\/kutluyayinevi.com\/magaza\/wp-json\/wp\/v2\/product_cat?post=24186"},{"taxonomy":"product_tag","embeddable":true,"href":"https:\/\/kutluyayinevi.com\/magaza\/wp-json\/wp\/v2\/product_tag?post=24186"}],"curies":[{"name":"wp","href":"https:\/\/api.w.org\/{rel}","templated":true}]}}