{"id":24204,"date":"2026-01-28T13:42:55","date_gmt":"2026-01-28T10:42:55","guid":{"rendered":"https:\/\/kutluyayinevi.com\/magaza\/?post_type=product&#038;p=24204"},"modified":"2026-01-29T11:45:14","modified_gmt":"2026-01-29T08:45:14","slug":"ingilizce-turkce-ortak-kelimeler-vefa-aziz","status":"publish","type":"product","link":"https:\/\/kutluyayinevi.com\/magaza\/urun\/ingilizce-turkce-ortak-kelimeler-vefa-aziz\/","title":{"rendered":"\u0130ngilizce T\u00fcrk\u00e7e Ortak Kelimeler &#8211; Vefa Aziz"},"content":{"rendered":"<p data-renderer-start-pos=\"28\">Diller aras\u0131ndaki benzerlikler; k\u00fclt\u00fcrlerin, tarihlerin ve ileti\u015fimin ortak miras\u0131d\u0131r. Diller de\u011fi\u015fir, k\u00fclt\u00fcrler farkl\u0131la\u015f\u0131r ama baz\u0131 kelimeler s\u0131n\u0131rlar\u0131 a\u015farak ortak bir alanda bulu\u015fur. Dil yolculu\u011funuzda size e\u015flik edecek bu kaynak, \u0130ngilizce ve T\u00fcrk\u00e7ede payla\u015f\u0131lan kelimeleri, benzerlikleri ve dilsel k\u00f6pr\u00fcleri ke\u015ffetmek isteyen her ya\u015ftan okuyucuya hitap ediyor. Hem dil \u00f6\u011frenenlere hem de yabanc\u0131 dillere merak duyanlara pratik bir bak\u0131\u015f a\u00e7\u0131s\u0131 sunan bu \u00e7al\u0131\u015fma ortak k\u00f6kenleri, anlam yak\u0131nl\u0131klar\u0131n\u0131, g\u00fcnl\u00fck hayatta kar\u015f\u0131m\u0131za \u00e7\u0131kan benzer kelimeleri anlat\u0131yor. Bu kitap \u0130ngilizce ve T\u00fcrk\u00e7edeki ortak kelimeleri ke\u015ffetmeniz i\u00e7in, dil \u00f6\u011frenmeyi daha keyifli, daha anla\u015f\u0131l\u0131r ve daha motive edici bir yolculu\u011fa d\u00f6n\u00fc\u015ft\u00fcrmek i\u00e7in haz\u0131rland\u0131. Diller aras\u0131ndaki g\u00f6r\u00fcnmez ba\u011flar\u0131 ke\u015ffetmeye haz\u0131r m\u0131s\u0131n\u0131z ? Bu \u00e7al\u0131\u015fma sizi dil d\u00fcnyas\u0131n\u0131n kap\u0131lar\u0131n\u0131 aralamaya davet ediyor.<\/p>\n<p data-renderer-start-pos=\"897\">Peki \u0130ngilizce \u00f6\u011frenirken tan\u0131d\u0131k gelen kelimeler hi\u00e7 dikkatinizi \u00e7ekti mi ? Kitab\u0131 okudu\u011funuzda T\u00fcrk\u00e7ede ve \u0130ngilizcede sand\u0131\u011f\u0131n\u0131zdan \u00e7ok daha fazla ortak kelime oldu\u011funu fark edeceksiniz ve bu ortak kelimeleri tan\u0131mak, \u0130ngilizce \u00f6\u011frenmeyi daha h\u0131zl\u0131 ve keyifli hale getirecektir. 5 dil bilen birisi olarak \u015funu s\u00f6ylemek isterim ki, dil becerilerinizi geli\u015ftirmek zamanla yeni k\u00fclt\u00fcrlere yeni d\u00fcnyalara d\u00f6n\u00fc\u015fen bir yolculuktur. Ufkunuzu geni\u015fletecek bu yolculukta kelimelerin k\u00f6pr\u00fc kuran g\u00fcc\u00fcn\u00fc ke\u015ffedin. Diliyorum ki bu kitapta yer alan bilgiler okurlar\u0131na yeni ufuklar a\u00e7an bir rehber niteli\u011fi ta\u015f\u0131r ve okurunun zihninde yeni bir pencere a\u00e7arak \u00f6\u011frenme yolculu\u011funa fayda sa\u011flar.<\/p>\n","protected":false},"excerpt":{"rendered":"<p>Diller aras\u0131ndaki benzerlikler; k\u00fclt\u00fcrlerin, tarihlerin ve ileti\u015fimin ortak miras\u0131d\u0131r. Diller de\u011fi\u015fir, k\u00fclt\u00fcrler farkl\u0131la\u015f\u0131r ama baz\u0131 kelimeler s\u0131n\u0131rlar\u0131 a\u015farak ortak bir alanda bulu\u015fur. Dil yolculu\u011funuzda size e\u015flik edecek bu kaynak, \u0130ngilizce ve T\u00fcrk\u00e7ede payla\u015f\u0131lan kelimeleri, benzerlikleri ve dilsel k\u00f6pr\u00fcleri ke\u015ffetmek isteyen her ya\u015ftan okuyucuya hitap ediyor. Hem dil \u00f6\u011frenenlere hem de yabanc\u0131 dillere merak duyanlara pratik [&hellip;]<\/p>\n","protected":false},"featured_media":24205,"comment_status":"closed","ping_status":"closed","template":"","meta":[],"product_brand":[],"product_cat":[15],"product_tag":[],"class_list":{"0":"post-24204","1":"product","2":"type-product","3":"status-publish","4":"has-post-thumbnail","6":"product_cat-dilbilim","8":"first","9":"instock","10":"sale","11":"shipping-taxable","12":"purchasable","13":"product-type-simple"},"_links":{"self":[{"href":"https:\/\/kutluyayinevi.com\/magaza\/wp-json\/wp\/v2\/product\/24204","targetHints":{"allow":["GET"]}}],"collection":[{"href":"https:\/\/kutluyayinevi.com\/magaza\/wp-json\/wp\/v2\/product"}],"about":[{"href":"https:\/\/kutluyayinevi.com\/magaza\/wp-json\/wp\/v2\/types\/product"}],"replies":[{"embeddable":true,"href":"https:\/\/kutluyayinevi.com\/magaza\/wp-json\/wp\/v2\/comments?post=24204"}],"wp:featuredmedia":[{"embeddable":true,"href":"https:\/\/kutluyayinevi.com\/magaza\/wp-json\/wp\/v2\/media\/24205"}],"wp:attachment":[{"href":"https:\/\/kutluyayinevi.com\/magaza\/wp-json\/wp\/v2\/media?parent=24204"}],"wp:term":[{"taxonomy":"product_brand","embeddable":true,"href":"https:\/\/kutluyayinevi.com\/magaza\/wp-json\/wp\/v2\/product_brand?post=24204"},{"taxonomy":"product_cat","embeddable":true,"href":"https:\/\/kutluyayinevi.com\/magaza\/wp-json\/wp\/v2\/product_cat?post=24204"},{"taxonomy":"product_tag","embeddable":true,"href":"https:\/\/kutluyayinevi.com\/magaza\/wp-json\/wp\/v2\/product_tag?post=24204"}],"curies":[{"name":"wp","href":"https:\/\/api.w.org\/{rel}","templated":true}]}}