{"id":24208,"date":"2026-01-28T13:51:18","date_gmt":"2026-01-28T10:51:18","guid":{"rendered":"https:\/\/kutluyayinevi.com\/magaza\/?post_type=product&#038;p=24208"},"modified":"2026-01-28T13:51:18","modified_gmt":"2026-01-28T10:51:18","slug":"beni-burada-birakma-huseyin-gokmen","status":"publish","type":"product","link":"https:\/\/kutluyayinevi.com\/magaza\/urun\/beni-burada-birakma-huseyin-gokmen\/","title":{"rendered":"Beni Burada B\u0131rakma &#8211; H\u00fcseyin G\u00f6kmen"},"content":{"rendered":"<div class=\"css-1bqf25i\">\n<div class=\"ak-renderer-document\">\n<p data-renderer-start-pos=\"1\">H\u00fcseyin G\u00f6kmen\u2019in kaleminden \u00e7\u0131kan Beni Burada B\u0131rakma, sadece ge\u00e7ip gidenlerin de\u011fil, gidenlerin ard\u0131nda b\u0131rakt\u0131\u011f\u0131 o sa\u011f\u0131r edici bo\u015flu\u011fun, bo\u011fazda d\u00fc\u011f\u00fcmlenen ama bir t\u00fcrl\u00fc d\u00f6k\u00fclemeyen kelimelerin ve her sabah umutla kurulan ancak ak\u015fam\u0131n alacas\u0131nda un ufak olan hayallerin hazin senfonisidir. Sadece bir d\u00f6nemin ruhunu de\u011fil, insan\u0131n varolu\u015fsal sanc\u0131s\u0131n\u0131 kalbinde ta\u015f\u0131yan; en kuytu ac\u0131lar\u0131na parmak u\u00e7lar\u0131yla dokunan ve \u201cbizi neden bu hik\u00e2yenin ortas\u0131nda b\u0131rakt\u0131n\u0131z?\u201d diye soran yaral\u0131 bir sesleni\u015ftir.<\/p>\n<p data-renderer-start-pos=\"506\">G\u00f6kmen, bizi \u00e7ocuklu\u011fumuzun ge\u00e7ti\u011fi o tozlu yollara geri g\u00f6t\u00fcr\u00fcrken, bu kez a\u015fina oldu\u011fumuz o eski bayram ne\u015felerini de\u011fil; kap\u0131 e\u015fiklerine bir tortu gibi \u00e7\u00f6km\u00fc\u015f yaln\u0131zl\u0131\u011f\u0131 ve kapal\u0131 perdelerin ard\u0131na s\u0131\u011f\u0131nm\u0131\u015f suskunlu\u011fu ilmek ilmek i\u015fliyor. Hayat\u0131n kuytusunda unutulmu\u015f, g\u00f6lgede kalm\u0131\u015f hayatlar\u0131 yal\u0131n bir dille yeniden canland\u0131r\u0131rken, okuru kendi i\u00e7 d\u00fcnyas\u0131nda terk edilmi\u015f, lambas\u0131 s\u00f6n\u00fck mahallede uzun ve sars\u0131c\u0131 bir ke\u015ffe \u00e7\u0131kart\u0131yor.<\/p>\n<\/div>\n<\/div>\n","protected":false},"excerpt":{"rendered":"<p>H\u00fcseyin G\u00f6kmen\u2019in kaleminden \u00e7\u0131kan Beni Burada B\u0131rakma, sadece ge\u00e7ip gidenlerin de\u011fil, gidenlerin ard\u0131nda b\u0131rakt\u0131\u011f\u0131 o sa\u011f\u0131r edici bo\u015flu\u011fun, bo\u011fazda d\u00fc\u011f\u00fcmlenen ama bir t\u00fcrl\u00fc d\u00f6k\u00fclemeyen kelimelerin ve her sabah umutla kurulan ancak ak\u015fam\u0131n alacas\u0131nda un ufak olan hayallerin hazin senfonisidir. Sadece bir d\u00f6nemin ruhunu de\u011fil, insan\u0131n varolu\u015fsal sanc\u0131s\u0131n\u0131 kalbinde ta\u015f\u0131yan; en kuytu ac\u0131lar\u0131na parmak u\u00e7lar\u0131yla dokunan [&hellip;]<\/p>\n","protected":false},"featured_media":24209,"comment_status":"closed","ping_status":"closed","template":"","meta":[],"product_brand":[],"product_cat":[107],"product_tag":[],"class_list":{"0":"post-24208","1":"product","2":"type-product","3":"status-publish","4":"has-post-thumbnail","6":"product_cat-oyku","8":"first","9":"instock","10":"sale","11":"shipping-taxable","12":"purchasable","13":"product-type-simple"},"_links":{"self":[{"href":"https:\/\/kutluyayinevi.com\/magaza\/wp-json\/wp\/v2\/product\/24208","targetHints":{"allow":["GET"]}}],"collection":[{"href":"https:\/\/kutluyayinevi.com\/magaza\/wp-json\/wp\/v2\/product"}],"about":[{"href":"https:\/\/kutluyayinevi.com\/magaza\/wp-json\/wp\/v2\/types\/product"}],"replies":[{"embeddable":true,"href":"https:\/\/kutluyayinevi.com\/magaza\/wp-json\/wp\/v2\/comments?post=24208"}],"wp:featuredmedia":[{"embeddable":true,"href":"https:\/\/kutluyayinevi.com\/magaza\/wp-json\/wp\/v2\/media\/24209"}],"wp:attachment":[{"href":"https:\/\/kutluyayinevi.com\/magaza\/wp-json\/wp\/v2\/media?parent=24208"}],"wp:term":[{"taxonomy":"product_brand","embeddable":true,"href":"https:\/\/kutluyayinevi.com\/magaza\/wp-json\/wp\/v2\/product_brand?post=24208"},{"taxonomy":"product_cat","embeddable":true,"href":"https:\/\/kutluyayinevi.com\/magaza\/wp-json\/wp\/v2\/product_cat?post=24208"},{"taxonomy":"product_tag","embeddable":true,"href":"https:\/\/kutluyayinevi.com\/magaza\/wp-json\/wp\/v2\/product_tag?post=24208"}],"curies":[{"name":"wp","href":"https:\/\/api.w.org\/{rel}","templated":true}]}}