{"id":24219,"date":"2026-02-02T13:34:23","date_gmt":"2026-02-02T10:34:23","guid":{"rendered":"https:\/\/kutluyayinevi.com\/magaza\/?post_type=product&#038;p=24219"},"modified":"2026-02-19T13:43:09","modified_gmt":"2026-02-19T10:43:09","slug":"bana-derler-cilgin-hademe-4-selami-ozcil","status":"publish","type":"product","link":"https:\/\/kutluyayinevi.com\/magaza\/urun\/bana-derler-cilgin-hademe-4-selami-ozcil\/","title":{"rendered":"Bana Derler \u00c7\u0131lg\u0131n Hademe 4 &#8211; Selami \u00d6z\u00e7il"},"content":{"rendered":"<p>1989 &#8211; 2015 aras\u0131nda bir d\u00f6nem. \u00d6nce Kuledibi Ok\u00e7u Musa \u0130lk\u00f6gretim Okulu\u2019nda, ard\u0131ndan Beyo\u011flu Ay\u015fe Ege K\u0131z Meslek Lisesi\u2019nde, daha sonra ise 22 y\u0131l Kavac\u0131k \u0130lk\u00f6\u011fretim Okulu\u2019nda hizmet verdim. Kavac\u0131k \u0130lk\u00f6\u011fretim Okulu \u00f6nceleri iki binadan olu\u015fuyordu. \u00d6n bina ilkokul, arka bina da ortaokuldu. Benim sorumlu oldu\u011fum yer ilkokuldu. Bir d\u00f6nem arkada\u015f\u0131m emekli olunca da kalorifer kazan\u0131n\u0131 ben yakt\u0131m. Ortaokul binas\u0131nda lojman vard\u0131 ama ilkokul binas\u0131nda lojman yoktu. Sabah saat d\u00f6rt &#8211; be\u015f civar\u0131nda kalkar, evden okula gider, kalorifer kazan\u0131n\u0131 yakard\u0131m. Deli dolu bir insan\u0131m, ne zaman ne yapaca\u011f\u0131m belli olmaz. Adeta palyan\u00e7o gibiyim, tek fark\u0131m y\u00fcz\u00fcm\u00fc boyay\u0131p maske takmamam. Okuldaki \u00e7ocuklar ile \u015fakala\u015f\u0131r, \u015faklabanl\u0131klar yapard\u0131m. Yemek yeme\u011fi severim, yemek ay\u0131rmam. Zaman zaman b\u00f6rek\u00e7iye gider, hemen hemen \u00fc\u00e7 b\u00fcy\u00fck porsiyon b\u00f6rek yerim. Okulda ise zaman zaman, sabah kahvalt\u0131da bir ekmek yan\u0131nda tur\u015fu zeytin yerim. Bir g\u00fcn \u00f6\u011frendim ki \u00f6\u011fretmen arkada\u015f\u0131m Yusuf Asal, benden esinlenerek, beni ayr\u0131nt\u0131l\u0131 olarak izleyip \u201c\u00c7\u0131lg\u0131n Hademe\u201d diye kitap yazm\u0131\u015f. Buna sevindim. Her insan\u0131n i\u00e7inde bir \u00e7\u0131lg\u0131nl\u0131k vard\u0131r. Her insan biraz deli doludur. \u00d6nemli olan, bir insan\u0131 mutlu edip sevindirebilmektir. E\u011fer bunu yapabiliyorsan ne mutlu sana!<\/p>\n","protected":false},"excerpt":{"rendered":"<p>1989 &#8211; 2015 aras\u0131nda bir d\u00f6nem. \u00d6nce Kuledibi Ok\u00e7u Musa \u0130lk\u00f6gretim Okulu\u2019nda, ard\u0131ndan Beyo\u011flu Ay\u015fe Ege K\u0131z Meslek Lisesi\u2019nde, daha sonra ise 22 y\u0131l Kavac\u0131k \u0130lk\u00f6\u011fretim Okulu\u2019nda hizmet verdim. Kavac\u0131k \u0130lk\u00f6\u011fretim Okulu \u00f6nceleri iki binadan olu\u015fuyordu. \u00d6n bina ilkokul, arka bina da ortaokuldu. Benim sorumlu oldu\u011fum yer ilkokuldu. Bir d\u00f6nem arkada\u015f\u0131m emekli olunca da kalorifer [&hellip;]<\/p>\n","protected":false},"featured_media":24220,"comment_status":"closed","ping_status":"closed","template":"","meta":[],"product_brand":[],"product_cat":[22],"product_tag":[],"class_list":{"0":"post-24219","1":"product","2":"type-product","3":"status-publish","4":"has-post-thumbnail","6":"product_cat-siir","8":"first","9":"instock","10":"sale","11":"shipping-taxable","12":"purchasable","13":"product-type-simple"},"_links":{"self":[{"href":"https:\/\/kutluyayinevi.com\/magaza\/wp-json\/wp\/v2\/product\/24219","targetHints":{"allow":["GET"]}}],"collection":[{"href":"https:\/\/kutluyayinevi.com\/magaza\/wp-json\/wp\/v2\/product"}],"about":[{"href":"https:\/\/kutluyayinevi.com\/magaza\/wp-json\/wp\/v2\/types\/product"}],"replies":[{"embeddable":true,"href":"https:\/\/kutluyayinevi.com\/magaza\/wp-json\/wp\/v2\/comments?post=24219"}],"wp:featuredmedia":[{"embeddable":true,"href":"https:\/\/kutluyayinevi.com\/magaza\/wp-json\/wp\/v2\/media\/24220"}],"wp:attachment":[{"href":"https:\/\/kutluyayinevi.com\/magaza\/wp-json\/wp\/v2\/media?parent=24219"}],"wp:term":[{"taxonomy":"product_brand","embeddable":true,"href":"https:\/\/kutluyayinevi.com\/magaza\/wp-json\/wp\/v2\/product_brand?post=24219"},{"taxonomy":"product_cat","embeddable":true,"href":"https:\/\/kutluyayinevi.com\/magaza\/wp-json\/wp\/v2\/product_cat?post=24219"},{"taxonomy":"product_tag","embeddable":true,"href":"https:\/\/kutluyayinevi.com\/magaza\/wp-json\/wp\/v2\/product_tag?post=24219"}],"curies":[{"name":"wp","href":"https:\/\/api.w.org\/{rel}","templated":true}]}}