{"id":24233,"date":"2026-02-17T09:57:51","date_gmt":"2026-02-17T06:57:51","guid":{"rendered":"https:\/\/kutluyayinevi.com\/magaza\/?post_type=product&#038;p=24233"},"modified":"2026-02-17T09:57:51","modified_gmt":"2026-02-17T06:57:51","slug":"okullarin-karanlik-yuzu-cinsel-istismar-gercegi-ibrahim-celik","status":"publish","type":"product","link":"https:\/\/kutluyayinevi.com\/magaza\/urun\/okullarin-karanlik-yuzu-cinsel-istismar-gercegi-ibrahim-celik\/","title":{"rendered":"Okullar\u0131n Karanl\u0131k Y\u00fcz\u00fc: Cinsel \u0130stismar Ger\u00e7e\u011fi &#8211; \u0130brahim \u00c7elik"},"content":{"rendered":"<p data-renderer-start-pos=\"20\">Okullar \u00e7o\u011fu zaman ayd\u0131nl\u0131k mek\u00e2nlar olarak tahayy\u00fcl edilir: \u00f6\u011frenmenin, geli\u015fmenin ve g\u00fcvenin simgesi\u2026 Ancak bu kitap, o ayd\u0131nl\u0131\u011f\u0131n i\u00e7inde g\u00f6r\u00fcnmeyen g\u00f6lgelerin de var oldu\u011funu cesurca hat\u0131rlat\u0131yor. Okullar\u0131n Karanl\u0131k Y\u00fcz\u00fc: Cinsel \u0130stismar Ger\u00e7e\u011fi, \u00e7ocuklar\u0131n suskunlu\u011fu ard\u0131na gizlenen, \u00e7o\u011fu zaman g\u00f6rmezden gelinen ama derin izler b\u0131rakan bir ger\u00e7e\u011fe dikkatle ve sorumlulukla yakla\u015f\u0131yor.<\/p>\n<p data-renderer-start-pos=\"412\">\u0130brahim \u00c7elik, y\u0131llara yay\u0131lan soru\u015fturma ve denetim deneyimini akademik birikimiyle harmanlayarak okuru yaln\u0131zca bilgilendiren de\u011fil, ayn\u0131 zamanda d\u00fc\u015f\u00fcnd\u00fcren ve y\u00fczle\u015ftiren bir anlat\u0131 sunuyor. Bu kitapta istismar; soyut bir kavram ya da istatistiksel bir veri olarak de\u011fil, okul koridorlar\u0131nda, s\u0131n\u0131f kap\u0131lar\u0131nda ve yeti\u015fkinlerin ihmalleri aras\u0131nda \u015fekillenen \u00e7ok katmanl\u0131 bir olgu olarak ele al\u0131n\u0131yor. Yazar\u0131n dili yer yer sars\u0131c\u0131, yer yer uyar\u0131c\u0131; fakat her zaman \u00e7ocuklar\u0131n y\u00fcksek yarar\u0131n\u0131 merkeze alan etik bir hassasiyet ta\u015f\u0131yor.<\/p>\n<p data-renderer-start-pos=\"949\">Okur bu sayfalarda yaln\u0131zca \u201cne oldu?\u201d sorusunun de\u011fil, \u201cnas\u0131l oldu?\u201d, \u201cneden fark edilmedi?\u201d ve \u201cbir daha olmamas\u0131 i\u00e7in ne yap\u0131lmal\u0131?\u201d sorular\u0131n\u0131n izini s\u00fcr\u00fcyor. Kitap, karanl\u0131\u011f\u0131 te\u015fhir etmekle yetinmiyor; ayn\u0131 zamanda yol g\u00f6steriyor, g\u00fc\u00e7lendiriyor ve sorumluluk duygusu uyand\u0131r\u0131yor.<\/p>\n<p data-renderer-start-pos=\"1235\">Bu eser; okurun zihninde oldu\u011fu kadar vicdan\u0131nda da yank\u0131 bulan, sessiz kalman\u0131n bir se\u00e7enek olmad\u0131\u011f\u0131n\u0131 hat\u0131rlatan g\u00fc\u00e7l\u00fc bir \u00e7a\u011fr\u0131d\u0131r. Daha g\u00fcvenli okullar\u0131n m\u00fcmk\u00fcn oldu\u011funa inanan herkes i\u00e7in\u2026<\/p>\n","protected":false},"excerpt":{"rendered":"<p>Okullar \u00e7o\u011fu zaman ayd\u0131nl\u0131k mek\u00e2nlar olarak tahayy\u00fcl edilir: \u00f6\u011frenmenin, geli\u015fmenin ve g\u00fcvenin simgesi\u2026 Ancak bu kitap, o ayd\u0131nl\u0131\u011f\u0131n i\u00e7inde g\u00f6r\u00fcnmeyen g\u00f6lgelerin de var oldu\u011funu cesurca hat\u0131rlat\u0131yor. Okullar\u0131n Karanl\u0131k Y\u00fcz\u00fc: Cinsel \u0130stismar Ger\u00e7e\u011fi, \u00e7ocuklar\u0131n suskunlu\u011fu ard\u0131na gizlenen, \u00e7o\u011fu zaman g\u00f6rmezden gelinen ama derin izler b\u0131rakan bir ger\u00e7e\u011fe dikkatle ve sorumlulukla yakla\u015f\u0131yor. \u0130brahim \u00c7elik, y\u0131llara yay\u0131lan soru\u015fturma [&hellip;]<\/p>\n","protected":false},"featured_media":24234,"comment_status":"closed","ping_status":"closed","template":"","meta":[],"product_brand":[],"product_cat":[28],"product_tag":[],"class_list":{"0":"post-24233","1":"product","2":"type-product","3":"status-publish","4":"has-post-thumbnail","6":"product_cat-aratirma-inceleme","8":"first","9":"instock","10":"sale","11":"shipping-taxable","12":"purchasable","13":"product-type-simple"},"_links":{"self":[{"href":"https:\/\/kutluyayinevi.com\/magaza\/wp-json\/wp\/v2\/product\/24233","targetHints":{"allow":["GET"]}}],"collection":[{"href":"https:\/\/kutluyayinevi.com\/magaza\/wp-json\/wp\/v2\/product"}],"about":[{"href":"https:\/\/kutluyayinevi.com\/magaza\/wp-json\/wp\/v2\/types\/product"}],"replies":[{"embeddable":true,"href":"https:\/\/kutluyayinevi.com\/magaza\/wp-json\/wp\/v2\/comments?post=24233"}],"wp:featuredmedia":[{"embeddable":true,"href":"https:\/\/kutluyayinevi.com\/magaza\/wp-json\/wp\/v2\/media\/24234"}],"wp:attachment":[{"href":"https:\/\/kutluyayinevi.com\/magaza\/wp-json\/wp\/v2\/media?parent=24233"}],"wp:term":[{"taxonomy":"product_brand","embeddable":true,"href":"https:\/\/kutluyayinevi.com\/magaza\/wp-json\/wp\/v2\/product_brand?post=24233"},{"taxonomy":"product_cat","embeddable":true,"href":"https:\/\/kutluyayinevi.com\/magaza\/wp-json\/wp\/v2\/product_cat?post=24233"},{"taxonomy":"product_tag","embeddable":true,"href":"https:\/\/kutluyayinevi.com\/magaza\/wp-json\/wp\/v2\/product_tag?post=24233"}],"curies":[{"name":"wp","href":"https:\/\/api.w.org\/{rel}","templated":true}]}}