{"id":24272,"date":"2026-03-31T09:15:14","date_gmt":"2026-03-31T06:15:14","guid":{"rendered":"https:\/\/kutluyayinevi.com\/magaza\/?post_type=product&#038;p=24272"},"modified":"2026-03-31T09:15:14","modified_gmt":"2026-03-31T06:15:14","slug":"sifrenin-otesinde-gokhan-guven","status":"publish","type":"product","link":"https:\/\/kutluyayinevi.com\/magaza\/urun\/sifrenin-otesinde-gokhan-guven\/","title":{"rendered":"\u015eifrenin \u00d6tesinde &#8211; G\u00f6khan G\u00fcven"},"content":{"rendered":"<p data-renderer-start-pos=\"1\">Devletler art\u0131k yaln\u0131zca silahlar\u0131yla de\u011fil, bilgiyi nas\u0131l koruduklar\u0131yla ayakta kal\u0131yor.<\/p>\n<p data-renderer-start-pos=\"92\">Kriptoloji bu \u00e7a\u011f\u0131n teknik bir arac\u0131 de\u011fil, devlet akl\u0131n\u0131n matematiksel ifadesidir.<\/p>\n<p data-renderer-start-pos=\"177\">\u015eifrenin \u00d6tesinde,<br \/>\nkriptolojiyi yaln\u0131zca \u015fifreleme teknikleri \u00fczerinden de\u011fil; istihbarat, savunma sanayii, ekonomi ve ulusal g\u00fcvenlik ekseninde ele al\u0131r.<\/p>\n<p data-renderer-start-pos=\"333\">Bu kitap, bilginin nas\u0131l korundu\u011funu de\u011fil; anlam\u0131n\u0131n nas\u0131l y\u00f6netildi\u011fini sorgular.<\/p>\n<p data-renderer-start-pos=\"418\">&#8220;Bu matemati\u011fi yazamayanlar, ba\u015fkalar\u0131n\u0131n denkleminde bilinmeyen olur.&#8221;<\/p>\n","protected":false},"excerpt":{"rendered":"<p>Devletler art\u0131k yaln\u0131zca silahlar\u0131yla de\u011fil, bilgiyi nas\u0131l koruduklar\u0131yla ayakta kal\u0131yor. Kriptoloji bu \u00e7a\u011f\u0131n teknik bir arac\u0131 de\u011fil, devlet akl\u0131n\u0131n matematiksel ifadesidir. \u015eifrenin \u00d6tesinde, kriptolojiyi yaln\u0131zca \u015fifreleme teknikleri \u00fczerinden de\u011fil; istihbarat, savunma sanayii, ekonomi ve ulusal g\u00fcvenlik ekseninde ele al\u0131r. Bu kitap, bilginin nas\u0131l korundu\u011funu de\u011fil; anlam\u0131n\u0131n nas\u0131l y\u00f6netildi\u011fini sorgular. &#8220;Bu matemati\u011fi yazamayanlar, ba\u015fkalar\u0131n\u0131n denkleminde bilinmeyen [&hellip;]<\/p>\n","protected":false},"featured_media":24273,"comment_status":"closed","ping_status":"closed","template":"","meta":[],"product_brand":[],"product_cat":[28],"product_tag":[],"class_list":{"0":"post-24272","1":"product","2":"type-product","3":"status-publish","4":"has-post-thumbnail","6":"product_cat-aratirma-inceleme","8":"first","9":"instock","10":"sale","11":"shipping-taxable","12":"purchasable","13":"product-type-simple"},"_links":{"self":[{"href":"https:\/\/kutluyayinevi.com\/magaza\/wp-json\/wp\/v2\/product\/24272","targetHints":{"allow":["GET"]}}],"collection":[{"href":"https:\/\/kutluyayinevi.com\/magaza\/wp-json\/wp\/v2\/product"}],"about":[{"href":"https:\/\/kutluyayinevi.com\/magaza\/wp-json\/wp\/v2\/types\/product"}],"replies":[{"embeddable":true,"href":"https:\/\/kutluyayinevi.com\/magaza\/wp-json\/wp\/v2\/comments?post=24272"}],"wp:featuredmedia":[{"embeddable":true,"href":"https:\/\/kutluyayinevi.com\/magaza\/wp-json\/wp\/v2\/media\/24273"}],"wp:attachment":[{"href":"https:\/\/kutluyayinevi.com\/magaza\/wp-json\/wp\/v2\/media?parent=24272"}],"wp:term":[{"taxonomy":"product_brand","embeddable":true,"href":"https:\/\/kutluyayinevi.com\/magaza\/wp-json\/wp\/v2\/product_brand?post=24272"},{"taxonomy":"product_cat","embeddable":true,"href":"https:\/\/kutluyayinevi.com\/magaza\/wp-json\/wp\/v2\/product_cat?post=24272"},{"taxonomy":"product_tag","embeddable":true,"href":"https:\/\/kutluyayinevi.com\/magaza\/wp-json\/wp\/v2\/product_tag?post=24272"}],"curies":[{"name":"wp","href":"https:\/\/api.w.org\/{rel}","templated":true}]}}