{"id":24274,"date":"2026-03-31T09:16:49","date_gmt":"2026-03-31T06:16:49","guid":{"rendered":"https:\/\/kutluyayinevi.com\/magaza\/?post_type=product&#038;p=24274"},"modified":"2026-03-31T09:16:49","modified_gmt":"2026-03-31T06:16:49","slug":"gogun-yirtildigi-gun-atlasin-destani-pars-erbek","status":"publish","type":"product","link":"https:\/\/kutluyayinevi.com\/magaza\/urun\/gogun-yirtildigi-gun-atlasin-destani-pars-erbek\/","title":{"rendered":"G\u00f6\u011f\u00fcn Y\u0131rt\u0131ld\u0131\u011f\u0131 G\u00fcn &#8211; Atlas&#8217;\u0131n Destan\u0131 &#8211; Pars Erbek"},"content":{"rendered":"<p data-renderer-start-pos=\"21\">Baz\u0131 g\u00fcnler vard\u0131r; yaln\u0131zca g\u00f6ky\u00fcz\u00fc de\u011fil, insan\u0131n i\u00e7i de y\u0131rt\u0131l\u0131r.<\/p>\n<p data-renderer-start-pos=\"91\">Atlas, tanr\u0131lar\u0131n sustu\u011fu, d\u00fczenlerin \u00e7\u00f6kt\u00fc\u011f\u00fc bir d\u00fcnyada b\u00fcy\u00fcr. Efsaneler art\u0131k masal de\u011fil, hayatta kalman\u0131n dilidir. Bu \u00e7a\u011fda ger\u00e7ek ile mit, insan ile kader aras\u0131ndaki s\u0131n\u0131rlar silinmi\u015ftir.<\/p>\n<p data-renderer-start-pos=\"286\">Bu bir kahramanl\u0131k hik\u00e2yesi de\u011fil; y\u00fck ta\u015f\u0131man\u0131n destan\u0131d\u0131r.<br \/>\nAtlas, omuzlar\u0131nda yaln\u0131zca kendi kaderini de\u011fil, unutulmu\u015f bir d\u00fcnyan\u0131n hat\u0131ras\u0131n\u0131 da ta\u015f\u0131r.<\/p>\n<p data-renderer-start-pos=\"442\">\u00c7\u00fcnk\u00fc as\u0131l soru \u015fudur:<br \/>\n<strong data-renderer-mark=\"true\">G\u00f6\u011f\u00fc y\u0131rtan g\u00fc\u00e7 d\u0131\u015far\u0131dan m\u0131 geldi, yoksa insan\u0131n i\u00e7inden mi?<\/strong><\/p>\n","protected":false},"excerpt":{"rendered":"<p>Baz\u0131 g\u00fcnler vard\u0131r; yaln\u0131zca g\u00f6ky\u00fcz\u00fc de\u011fil, insan\u0131n i\u00e7i de y\u0131rt\u0131l\u0131r. Atlas, tanr\u0131lar\u0131n sustu\u011fu, d\u00fczenlerin \u00e7\u00f6kt\u00fc\u011f\u00fc bir d\u00fcnyada b\u00fcy\u00fcr. Efsaneler art\u0131k masal de\u011fil, hayatta kalman\u0131n dilidir. Bu \u00e7a\u011fda ger\u00e7ek ile mit, insan ile kader aras\u0131ndaki s\u0131n\u0131rlar silinmi\u015ftir. Bu bir kahramanl\u0131k hik\u00e2yesi de\u011fil; y\u00fck ta\u015f\u0131man\u0131n destan\u0131d\u0131r. Atlas, omuzlar\u0131nda yaln\u0131zca kendi kaderini de\u011fil, unutulmu\u015f bir d\u00fcnyan\u0131n hat\u0131ras\u0131n\u0131 da [&hellip;]<\/p>\n","protected":false},"featured_media":24275,"comment_status":"closed","ping_status":"closed","template":"","meta":[],"product_brand":[],"product_cat":[24],"product_tag":[],"class_list":{"0":"post-24274","1":"product","2":"type-product","3":"status-publish","4":"has-post-thumbnail","6":"product_cat-roman","8":"first","9":"instock","10":"sale","11":"shipping-taxable","12":"purchasable","13":"product-type-simple"},"_links":{"self":[{"href":"https:\/\/kutluyayinevi.com\/magaza\/wp-json\/wp\/v2\/product\/24274","targetHints":{"allow":["GET"]}}],"collection":[{"href":"https:\/\/kutluyayinevi.com\/magaza\/wp-json\/wp\/v2\/product"}],"about":[{"href":"https:\/\/kutluyayinevi.com\/magaza\/wp-json\/wp\/v2\/types\/product"}],"replies":[{"embeddable":true,"href":"https:\/\/kutluyayinevi.com\/magaza\/wp-json\/wp\/v2\/comments?post=24274"}],"wp:featuredmedia":[{"embeddable":true,"href":"https:\/\/kutluyayinevi.com\/magaza\/wp-json\/wp\/v2\/media\/24275"}],"wp:attachment":[{"href":"https:\/\/kutluyayinevi.com\/magaza\/wp-json\/wp\/v2\/media?parent=24274"}],"wp:term":[{"taxonomy":"product_brand","embeddable":true,"href":"https:\/\/kutluyayinevi.com\/magaza\/wp-json\/wp\/v2\/product_brand?post=24274"},{"taxonomy":"product_cat","embeddable":true,"href":"https:\/\/kutluyayinevi.com\/magaza\/wp-json\/wp\/v2\/product_cat?post=24274"},{"taxonomy":"product_tag","embeddable":true,"href":"https:\/\/kutluyayinevi.com\/magaza\/wp-json\/wp\/v2\/product_tag?post=24274"}],"curies":[{"name":"wp","href":"https:\/\/api.w.org\/{rel}","templated":true}]}}

Göğün Yırtıldığı Gün &#8211; Atlas&#8217;ın Destanı &#8211; Pars Erbek

<p data-renderer-start-pos="21">Bazı günler vardır; yalnızca gökyüzü değil, insanın içi de yırtılır.</p>
<p data-renderer-start-pos="91">Atlas, tanrıların sustuğu, düzenlerin çöktüğü bir dünyada büyür. Efsaneler artık masal değil, hayatta kalmanın dilidir. Bu çağda gerçek ile mit, insan ile kader arasındaki sınırlar silinmiştir.</p>
<p data-renderer-start-pos="286">Bu bir kahramanlık hikâyesi değil; yük taşımanın destanıdır.<br />
Atlas, omuzlarında yalnızca kendi kaderini değil, unutulmuş bir dünyanın hatırasını da taşır.</p>
<p data-renderer-start-pos="442">Çünkü asıl soru şudur:<br />
<strong data-renderer-mark="true">Göğü yırtan güç dışarıdan mı geldi, yoksa insanın içinden mi?</strong></p>

<p>Bazı günler vardır; yalnızca gökyüzü değil, insanın içi de yırtılır. Atlas, tanrıların sustuğu, düzenlerin çöktüğü bir dünyada büyür. Efsaneler artık masal değil, hayatta kalmanın dilidir. Bu çağda gerçek ile mit, insan ile kader arasındaki sınırlar silinmiştir. Bu bir kahramanlık hikâyesi değil; yük taşımanın destanıdır. Atlas, omuzlarında yalnızca kendi kaderini değil, unutulmuş bir dünyanın hatırasını da [&hellip;]</p>
