{"id":24282,"date":"2026-04-17T11:36:06","date_gmt":"2026-04-17T08:36:06","guid":{"rendered":"https:\/\/kutluyayinevi.com\/magaza\/?post_type=product&#038;p=24282"},"modified":"2026-04-17T11:36:06","modified_gmt":"2026-04-17T08:36:06","slug":"basarinin-bedeli-elif-tiryaki","status":"publish","type":"product","link":"https:\/\/kutluyayinevi.com\/magaza\/urun\/basarinin-bedeli-elif-tiryaki\/","title":{"rendered":"Ba\u015far\u0131n\u0131n Bedeli &#8211; Elif Tiryaki"},"content":{"rendered":"<p data-renderer-start-pos=\"1\"><em data-renderer-mark=\"true\">Ba\u015far\u0131\u2026<\/em><br \/>\n<em data-renderer-mark=\"true\">Herkes ister ama \u00e7ok az\u0131 bedelini ger\u00e7ekten \u00f6demeye haz\u0131rd\u0131r.<\/em><\/p>\n<p data-renderer-start-pos=\"72\"><em data-renderer-mark=\"true\">Bu kitap, \u201cnas\u0131l ba\u015far\u0131l\u0131 olunur?\u201d sorusuna haz\u0131r cevaplar sunmaz.<\/em><br \/>\n<em data-renderer-mark=\"true\">Onun yerine, daha zor bir yol se\u00e7er:<\/em><br \/>\n<em data-renderer-mark=\"true\">\u0130nsan\u0131 kendisiyle y\u00fczle\u015ftirir.<\/em><\/p>\n<p data-renderer-start-pos=\"208\"><em data-renderer-mark=\"true\">D\u00fcr\u00fcstl\u00fc\u011f\u00fc bir erdem de\u011fil, bir cesaret meselesi olarak ele al\u0131r.<\/em><br \/>\n<em data-renderer-mark=\"true\">D\u00fc\u015fmenin son de\u011fil, y\u00f6n de\u011fi\u015ftirmek oldu\u011funu hat\u0131rlat\u0131r.<\/em><br \/>\n<em data-renderer-mark=\"true\">Kalbiyle g\u00f6renlerin inceli\u011fini, vazge\u00e7meyenlerin i\u00e7 g\u00fcc\u00fcn\u00fc anlat\u0131r.<\/em><br \/>\n<em data-renderer-mark=\"true\">Ve en sessiz ger\u00e7eklerle y\u00fczle\u015fmeye davet eder:<\/em><br \/>\n<em data-renderer-mark=\"true\">Herkesin bildi\u011fi ama kimsenin konu\u015famad\u0131\u011f\u0131 hakikatlerle\u2026<\/em><\/p>\n<p data-renderer-start-pos=\"505\"><em data-renderer-mark=\"true\">\u201cBa\u015far\u0131n\u0131n Bedeli\u201d,<\/em><br \/>\n<em data-renderer-mark=\"true\">ki\u015fisel geli\u015fim kitab\u0131 olman\u0131n \u00f6tesinde,<\/em><br \/>\n<em data-renderer-mark=\"true\">okuyucusunu sahnenin tam ortas\u0131na \u00e7\u0131karan bir i\u00e7 yolculuktur.<\/em><\/p>\n<p data-renderer-start-pos=\"629\"><em data-renderer-mark=\"true\">Bu sayfalarda kendini bulabilir,<\/em><br \/>\n<em data-renderer-mark=\"true\">kendinle hesapla\u015fabilir<\/em><br \/>\n<em data-renderer-mark=\"true\">ve belki de ilk kez ger\u00e7ekten kendi sesini duyabilirsin.<\/em><\/p>\n<p data-renderer-start-pos=\"744\"><em data-renderer-mark=\"true\">\u00c7\u00fcnk\u00fc ger\u00e7ek ba\u015far\u0131;<\/em><br \/>\n<em data-renderer-mark=\"true\">alk\u0131\u015flarda de\u011fil,<\/em><br \/>\n<em data-renderer-mark=\"true\">kendinle bar\u0131\u015ft\u0131\u011f\u0131n yerde ba\u015flar.<\/em><\/p>\n<p data-renderer-start-pos=\"818\"><em data-renderer-mark=\"true\">Elif T\u0130RYAK\u0130,<\/em><br \/>\n<em data-renderer-mark=\"true\">bu kitapta sana bir yol haritas\u0131 de\u011fil,<\/em><br \/>\n<em data-renderer-mark=\"true\">yolculuk cesareti sunuyor.<\/em><\/p>\n","protected":false},"excerpt":{"rendered":"<p>Ba\u015far\u0131\u2026 Herkes ister ama \u00e7ok az\u0131 bedelini ger\u00e7ekten \u00f6demeye haz\u0131rd\u0131r. Bu kitap, \u201cnas\u0131l ba\u015far\u0131l\u0131 olunur?\u201d sorusuna haz\u0131r cevaplar sunmaz. Onun yerine, daha zor bir yol se\u00e7er: \u0130nsan\u0131 kendisiyle y\u00fczle\u015ftirir. D\u00fcr\u00fcstl\u00fc\u011f\u00fc bir erdem de\u011fil, bir cesaret meselesi olarak ele al\u0131r. D\u00fc\u015fmenin son de\u011fil, y\u00f6n de\u011fi\u015ftirmek oldu\u011funu hat\u0131rlat\u0131r. Kalbiyle g\u00f6renlerin inceli\u011fini, vazge\u00e7meyenlerin i\u00e7 g\u00fcc\u00fcn\u00fc anlat\u0131r. Ve en [&hellip;]<\/p>\n","protected":false},"featured_media":24283,"comment_status":"closed","ping_status":"closed","template":"","meta":[],"product_brand":[],"product_cat":[32],"product_tag":[],"class_list":{"0":"post-24282","1":"product","2":"type-product","3":"status-publish","4":"has-post-thumbnail","6":"product_cat-kisisel-gelisim","8":"first","9":"instock","10":"sale","11":"shipping-taxable","12":"purchasable","13":"product-type-simple"},"_links":{"self":[{"href":"https:\/\/kutluyayinevi.com\/magaza\/wp-json\/wp\/v2\/product\/24282","targetHints":{"allow":["GET"]}}],"collection":[{"href":"https:\/\/kutluyayinevi.com\/magaza\/wp-json\/wp\/v2\/product"}],"about":[{"href":"https:\/\/kutluyayinevi.com\/magaza\/wp-json\/wp\/v2\/types\/product"}],"replies":[{"embeddable":true,"href":"https:\/\/kutluyayinevi.com\/magaza\/wp-json\/wp\/v2\/comments?post=24282"}],"wp:featuredmedia":[{"embeddable":true,"href":"https:\/\/kutluyayinevi.com\/magaza\/wp-json\/wp\/v2\/media\/24283"}],"wp:attachment":[{"href":"https:\/\/kutluyayinevi.com\/magaza\/wp-json\/wp\/v2\/media?parent=24282"}],"wp:term":[{"taxonomy":"product_brand","embeddable":true,"href":"https:\/\/kutluyayinevi.com\/magaza\/wp-json\/wp\/v2\/product_brand?post=24282"},{"taxonomy":"product_cat","embeddable":true,"href":"https:\/\/kutluyayinevi.com\/magaza\/wp-json\/wp\/v2\/product_cat?post=24282"},{"taxonomy":"product_tag","embeddable":true,"href":"https:\/\/kutluyayinevi.com\/magaza\/wp-json\/wp\/v2\/product_tag?post=24282"}],"curies":[{"name":"wp","href":"https:\/\/api.w.org\/{rel}","templated":true}]}}