{"id":24290,"date":"2026-04-28T17:03:21","date_gmt":"2026-04-28T14:03:21","guid":{"rendered":"https:\/\/kutluyayinevi.com\/magaza\/?post_type=product&#038;p=24290"},"modified":"2026-04-28T17:03:21","modified_gmt":"2026-04-28T14:03:21","slug":"benim-teraslarim-erkan-batigun","status":"publish","type":"product","link":"https:\/\/kutluyayinevi.com\/magaza\/urun\/benim-teraslarim-erkan-batigun\/","title":{"rendered":"Benim Teraslar\u0131m &#8211; Erkan Bat\u0131g\u00fcn"},"content":{"rendered":"<p data-renderer-start-pos=\"1\">Ben teraslarda b\u00fcy\u00fcyen ve i\u00e7imde b\u00fcy\u00fctt\u00fc\u011f\u00fcm teraslarda ya\u015fayan bir \u00e7ocuktum.<\/p>\n<p data-renderer-start-pos=\"79\">Benim Teraslar\u0131m, yazar\u0131n ya\u015fam\u0131na e\u015flik eden farkl\u0131 teraslar\u0131n tan\u0131kl\u0131\u011f\u0131nda \u015fekillenen bir an\u0131lar yolculu\u011fu. Kimi zaman bir sabah sessizli\u011finde, kimi zaman ak\u015fam r\u00fczgarlar\u0131nda; sevin\u00e7ler, heyecanlar ve duygusall\u0131klar bu teraslarda dile geliyor.<\/p>\n<p data-renderer-start-pos=\"326\">Bu kitap, sadece ge\u00e7mi\u015fe bakmak de\u011fil; durup nefes almak, yukar\u0131dan hayata yeniden bakabilmek \u00fczerine samimi bir \u00e7a\u011fr\u0131. Okur sat\u0131r aralar\u0131nda kendi teraslar\u0131n\u0131, suskunluklar\u0131n\u0131 ve kendi i\u00e7sel yolculu\u011funa dair izleri buluyor.<\/p>\n<p data-renderer-start-pos=\"552\">Benim Teraslar\u0131m, hat\u0131rlaman\u0131n inceli\u011fini, ya\u015fanm\u0131\u015fl\u0131\u011f\u0131n k\u0131r\u0131lgan g\u00fczelli\u011fini ve insan\u0131n kendisiyle kurdu\u011fu sessiz sohbetleri anlatan i\u00e7ten bir an\u0131 kitab\u0131.<\/p>\n","protected":false},"excerpt":{"rendered":"<p>Ben teraslarda b\u00fcy\u00fcyen ve i\u00e7imde b\u00fcy\u00fctt\u00fc\u011f\u00fcm teraslarda ya\u015fayan bir \u00e7ocuktum. Benim Teraslar\u0131m, yazar\u0131n ya\u015fam\u0131na e\u015flik eden farkl\u0131 teraslar\u0131n tan\u0131kl\u0131\u011f\u0131nda \u015fekillenen bir an\u0131lar yolculu\u011fu. Kimi zaman bir sabah sessizli\u011finde, kimi zaman ak\u015fam r\u00fczgarlar\u0131nda; sevin\u00e7ler, heyecanlar ve duygusall\u0131klar bu teraslarda dile geliyor. Bu kitap, sadece ge\u00e7mi\u015fe bakmak de\u011fil; durup nefes almak, yukar\u0131dan hayata yeniden bakabilmek \u00fczerine samimi [&hellip;]<\/p>\n","protected":false},"featured_media":24291,"comment_status":"closed","ping_status":"closed","template":"","meta":[],"product_brand":[],"product_cat":[52],"product_tag":[],"class_list":{"0":"post-24290","1":"product","2":"type-product","3":"status-publish","4":"has-post-thumbnail","6":"product_cat-ani","8":"first","9":"instock","10":"sale","11":"shipping-taxable","12":"purchasable","13":"product-type-simple"},"_links":{"self":[{"href":"https:\/\/kutluyayinevi.com\/magaza\/wp-json\/wp\/v2\/product\/24290","targetHints":{"allow":["GET"]}}],"collection":[{"href":"https:\/\/kutluyayinevi.com\/magaza\/wp-json\/wp\/v2\/product"}],"about":[{"href":"https:\/\/kutluyayinevi.com\/magaza\/wp-json\/wp\/v2\/types\/product"}],"replies":[{"embeddable":true,"href":"https:\/\/kutluyayinevi.com\/magaza\/wp-json\/wp\/v2\/comments?post=24290"}],"wp:featuredmedia":[{"embeddable":true,"href":"https:\/\/kutluyayinevi.com\/magaza\/wp-json\/wp\/v2\/media\/24291"}],"wp:attachment":[{"href":"https:\/\/kutluyayinevi.com\/magaza\/wp-json\/wp\/v2\/media?parent=24290"}],"wp:term":[{"taxonomy":"product_brand","embeddable":true,"href":"https:\/\/kutluyayinevi.com\/magaza\/wp-json\/wp\/v2\/product_brand?post=24290"},{"taxonomy":"product_cat","embeddable":true,"href":"https:\/\/kutluyayinevi.com\/magaza\/wp-json\/wp\/v2\/product_cat?post=24290"},{"taxonomy":"product_tag","embeddable":true,"href":"https:\/\/kutluyayinevi.com\/magaza\/wp-json\/wp\/v2\/product_tag?post=24290"}],"curies":[{"name":"wp","href":"https:\/\/api.w.org\/{rel}","templated":true}]}}

Benim Teraslarım &#8211; Erkan Batıgün

<p data-renderer-start-pos="1">Ben teraslarda büyüyen ve içimde büyüttüğüm teraslarda yaşayan bir çocuktum.</p>
<p data-renderer-start-pos="79">Benim Teraslarım, yazarın yaşamına eşlik eden farklı terasların tanıklığında şekillenen bir anılar yolculuğu. Kimi zaman bir sabah sessizliğinde, kimi zaman akşam rüzgarlarında; sevinçler, heyecanlar ve duygusallıklar bu teraslarda dile geliyor.</p>
<p data-renderer-start-pos="326">Bu kitap, sadece geçmişe bakmak değil; durup nefes almak, yukarıdan hayata yeniden bakabilmek üzerine samimi bir çağrı. Okur satır aralarında kendi teraslarını, suskunluklarını ve kendi içsel yolculuğuna dair izleri buluyor.</p>
<p data-renderer-start-pos="552">Benim Teraslarım, hatırlamanın inceliğini, yaşanmışlığın kırılgan güzelliğini ve insanın kendisiyle kurduğu sessiz sohbetleri anlatan içten bir anı kitabı.</p>

<p>Ben teraslarda büyüyen ve içimde büyüttüğüm teraslarda yaşayan bir çocuktum. Benim Teraslarım, yazarın yaşamına eşlik eden farklı terasların tanıklığında şekillenen bir anılar yolculuğu. Kimi zaman bir sabah sessizliğinde, kimi zaman akşam rüzgarlarında; sevinçler, heyecanlar ve duygusallıklar bu teraslarda dile geliyor. Bu kitap, sadece geçmişe bakmak değil; durup nefes almak, yukarıdan hayata yeniden bakabilmek üzerine samimi [&hellip;]</p>
