{"id":24295,"date":"2026-04-28T17:05:34","date_gmt":"2026-04-28T14:05:34","guid":{"rendered":"https:\/\/kutluyayinevi.com\/magaza\/?post_type=product&#038;p=24295"},"modified":"2026-04-28T17:05:34","modified_gmt":"2026-04-28T14:05:34","slug":"ruyet-gazel-yigit","status":"publish","type":"product","link":"https:\/\/kutluyayinevi.com\/magaza\/urun\/ruyet-gazel-yigit\/","title":{"rendered":"R\u00fcyet &#8211; Gazel Yi\u011fit"},"content":{"rendered":"<p data-renderer-start-pos=\"1\">Hissediyordu\u2026<\/p>\n<p data-renderer-start-pos=\"16\">Onun karanl\u0131\u011f\u0131n\u0131 bir \u0131\u015f\u0131k do\u011furacakt\u0131.<\/p>\n<p data-renderer-start-pos=\"56\">Ebru, ge\u00e7mi\u015finden ka\u00e7mak i\u00e7in geri d\u00f6nd\u00fc.<br \/>\nAma baz\u0131 yerler, insan\u0131 iyile\u015ftirmez\u2026 hat\u0131rlat\u0131r.<\/p>\n<p data-renderer-start-pos=\"149\">Unuttu\u011funu zannetti\u011fi bir g\u00fcn, zihninin labirentlerinde<br \/>\noldu\u011fundan daha canl\u0131yd\u0131.<br \/>\nBir \u00e7ocuk\u2026<br \/>\nBir \u00f6l\u00fcm\u2026<br \/>\nVe anlat\u0131lmam\u0131\u015f ger\u00e7ekler\u2026<\/p>\n<p data-renderer-start-pos=\"280\">Hat\u0131rlamak her zaman iyile\u015fmek de\u011fildi.<br \/>\nBazen sadece daha da derinlere inmekti.<\/p>\n<p data-renderer-start-pos=\"361\">Kasaban\u0131n sessizli\u011fi, eski bir aynan\u0131n kar\u015f\u0131s\u0131nda par\u00e7alan\u0131rken;<br \/>\nEbru, kendi i\u00e7indeki yabanc\u0131yla y\u00fczle\u015fmek zorunda kal\u0131r.<\/p>\n","protected":false},"excerpt":{"rendered":"<p>Hissediyordu\u2026 Onun karanl\u0131\u011f\u0131n\u0131 bir \u0131\u015f\u0131k do\u011furacakt\u0131. Ebru, ge\u00e7mi\u015finden ka\u00e7mak i\u00e7in geri d\u00f6nd\u00fc. Ama baz\u0131 yerler, insan\u0131 iyile\u015ftirmez\u2026 hat\u0131rlat\u0131r. Unuttu\u011funu zannetti\u011fi bir g\u00fcn, zihninin labirentlerinde oldu\u011fundan daha canl\u0131yd\u0131. Bir \u00e7ocuk\u2026 Bir \u00f6l\u00fcm\u2026 Ve anlat\u0131lmam\u0131\u015f ger\u00e7ekler\u2026 Hat\u0131rlamak her zaman iyile\u015fmek de\u011fildi. Bazen sadece daha da derinlere inmekti. Kasaban\u0131n sessizli\u011fi, eski bir aynan\u0131n kar\u015f\u0131s\u0131nda par\u00e7alan\u0131rken; Ebru, kendi i\u00e7indeki [&hellip;]<\/p>\n","protected":false},"featured_media":24296,"comment_status":"closed","ping_status":"closed","template":"","meta":[],"product_brand":[],"product_cat":[24],"product_tag":[],"class_list":{"0":"post-24295","1":"product","2":"type-product","3":"status-publish","4":"has-post-thumbnail","6":"product_cat-roman","8":"first","9":"instock","10":"sale","11":"shipping-taxable","12":"purchasable","13":"product-type-simple"},"_links":{"self":[{"href":"https:\/\/kutluyayinevi.com\/magaza\/wp-json\/wp\/v2\/product\/24295","targetHints":{"allow":["GET"]}}],"collection":[{"href":"https:\/\/kutluyayinevi.com\/magaza\/wp-json\/wp\/v2\/product"}],"about":[{"href":"https:\/\/kutluyayinevi.com\/magaza\/wp-json\/wp\/v2\/types\/product"}],"replies":[{"embeddable":true,"href":"https:\/\/kutluyayinevi.com\/magaza\/wp-json\/wp\/v2\/comments?post=24295"}],"wp:featuredmedia":[{"embeddable":true,"href":"https:\/\/kutluyayinevi.com\/magaza\/wp-json\/wp\/v2\/media\/24296"}],"wp:attachment":[{"href":"https:\/\/kutluyayinevi.com\/magaza\/wp-json\/wp\/v2\/media?parent=24295"}],"wp:term":[{"taxonomy":"product_brand","embeddable":true,"href":"https:\/\/kutluyayinevi.com\/magaza\/wp-json\/wp\/v2\/product_brand?post=24295"},{"taxonomy":"product_cat","embeddable":true,"href":"https:\/\/kutluyayinevi.com\/magaza\/wp-json\/wp\/v2\/product_cat?post=24295"},{"taxonomy":"product_tag","embeddable":true,"href":"https:\/\/kutluyayinevi.com\/magaza\/wp-json\/wp\/v2\/product_tag?post=24295"}],"curies":[{"name":"wp","href":"https:\/\/api.w.org\/{rel}","templated":true}]}}

Rüyet &#8211; Gazel Yiğit

<p data-renderer-start-pos="1">Hissediyordu…</p>
<p data-renderer-start-pos="16">Onun karanlığını bir ışık doğuracaktı.</p>
<p data-renderer-start-pos="56">Ebru, geçmişinden kaçmak için geri döndü.<br />
Ama bazı yerler, insanı iyileştirmez… hatırlatır.</p>
<p data-renderer-start-pos="149">Unuttuğunu zannettiği bir gün, zihninin labirentlerinde<br />
olduğundan daha canlıydı.<br />
Bir çocuk…<br />
Bir ölüm…<br />
Ve anlatılmamış gerçekler…</p>
<p data-renderer-start-pos="280">Hatırlamak her zaman iyileşmek değildi.<br />
Bazen sadece daha da derinlere inmekti.</p>
<p data-renderer-start-pos="361">Kasabanın sessizliği, eski bir aynanın karşısında parçalanırken;<br />
Ebru, kendi içindeki yabancıyla yüzleşmek zorunda kalır.</p>

<p>Hissediyordu… Onun karanlığını bir ışık doğuracaktı. Ebru, geçmişinden kaçmak için geri döndü. Ama bazı yerler, insanı iyileştirmez… hatırlatır. Unuttuğunu zannettiği bir gün, zihninin labirentlerinde olduğundan daha canlıydı. Bir çocuk… Bir ölüm… Ve anlatılmamış gerçekler… Hatırlamak her zaman iyileşmek değildi. Bazen sadece daha da derinlere inmekti. Kasabanın sessizliği, eski bir aynanın karşısında parçalanırken; Ebru, kendi içindeki [&hellip;]</p>
