{"id":24302,"date":"2026-04-28T17:09:50","date_gmt":"2026-04-28T14:09:50","guid":{"rendered":"https:\/\/kutluyayinevi.com\/magaza\/?post_type=product&#038;p=24302"},"modified":"2026-04-28T17:09:50","modified_gmt":"2026-04-28T14:09:50","slug":"guz-cicekleri-ege-sen","status":"publish","type":"product","link":"https:\/\/kutluyayinevi.com\/magaza\/urun\/guz-cicekleri-ege-sen\/","title":{"rendered":"G\u00fcz \u00c7i\u00e7ekleri &#8211; Ege \u015een"},"content":{"rendered":"<p data-renderer-start-pos=\"1\">Bu kitapta a\u00e7an \u00e7i\u00e7ekler, mevsimlere ait de\u011fil.<br \/>\nOnlar, i\u00e7imizde donmu\u015f zaman\u0131n \u00e7atlaklar\u0131ndan s\u0131zan sessiz tan\u0131kl\u0131klar.<\/p>\n<p data-renderer-start-pos=\"122\">\u201cG\u00fcz \u00c7i\u00e7ekleri\u201d, kaybolu\u015fun, hat\u0131rlayamaman\u0131n ve bir t\u00fcrl\u00fc uyanamaman\u0131n \u015fiiridir.<br \/>\nHer dize, bir k\u0131r\u0131lman\u0131n e\u015fi\u011finde duran ruhun izini ta\u015f\u0131r.<\/p>\n<p data-renderer-start-pos=\"264\">E\u011fer bir g\u00fcn kendi karanl\u0131\u011f\u0131nda yolunu kaybettiysen,<br \/>\nbu sayfalarda kendine ait bir g\u00f6lge bulabilirsin.<\/p>\n","protected":false},"excerpt":{"rendered":"<p>Bu kitapta a\u00e7an \u00e7i\u00e7ekler, mevsimlere ait de\u011fil. Onlar, i\u00e7imizde donmu\u015f zaman\u0131n \u00e7atlaklar\u0131ndan s\u0131zan sessiz tan\u0131kl\u0131klar. \u201cG\u00fcz \u00c7i\u00e7ekleri\u201d, kaybolu\u015fun, hat\u0131rlayamaman\u0131n ve bir t\u00fcrl\u00fc uyanamaman\u0131n \u015fiiridir. Her dize, bir k\u0131r\u0131lman\u0131n e\u015fi\u011finde duran ruhun izini ta\u015f\u0131r. E\u011fer bir g\u00fcn kendi karanl\u0131\u011f\u0131nda yolunu kaybettiysen, bu sayfalarda kendine ait bir g\u00f6lge bulabilirsin.<\/p>\n","protected":false},"featured_media":24303,"comment_status":"closed","ping_status":"closed","template":"","meta":[],"product_brand":[],"product_cat":[22],"product_tag":[],"class_list":{"0":"post-24302","1":"product","2":"type-product","3":"status-publish","4":"has-post-thumbnail","6":"product_cat-siir","8":"first","9":"instock","10":"sale","11":"shipping-taxable","12":"purchasable","13":"product-type-simple"},"_links":{"self":[{"href":"https:\/\/kutluyayinevi.com\/magaza\/wp-json\/wp\/v2\/product\/24302","targetHints":{"allow":["GET"]}}],"collection":[{"href":"https:\/\/kutluyayinevi.com\/magaza\/wp-json\/wp\/v2\/product"}],"about":[{"href":"https:\/\/kutluyayinevi.com\/magaza\/wp-json\/wp\/v2\/types\/product"}],"replies":[{"embeddable":true,"href":"https:\/\/kutluyayinevi.com\/magaza\/wp-json\/wp\/v2\/comments?post=24302"}],"wp:featuredmedia":[{"embeddable":true,"href":"https:\/\/kutluyayinevi.com\/magaza\/wp-json\/wp\/v2\/media\/24303"}],"wp:attachment":[{"href":"https:\/\/kutluyayinevi.com\/magaza\/wp-json\/wp\/v2\/media?parent=24302"}],"wp:term":[{"taxonomy":"product_brand","embeddable":true,"href":"https:\/\/kutluyayinevi.com\/magaza\/wp-json\/wp\/v2\/product_brand?post=24302"},{"taxonomy":"product_cat","embeddable":true,"href":"https:\/\/kutluyayinevi.com\/magaza\/wp-json\/wp\/v2\/product_cat?post=24302"},{"taxonomy":"product_tag","embeddable":true,"href":"https:\/\/kutluyayinevi.com\/magaza\/wp-json\/wp\/v2\/product_tag?post=24302"}],"curies":[{"name":"wp","href":"https:\/\/api.w.org\/{rel}","templated":true}]}}