{"id":837,"date":"2018-09-11T18:55:32","date_gmt":"2018-09-11T15:55:32","guid":{"rendered":"https:\/\/kutluyayinevi.com\/magaza\/?post_type=product&#038;p=837"},"modified":"2025-01-28T12:37:29","modified_gmt":"2025-01-28T09:37:29","slug":"vega-vega-diye-bir-yer-gunhan-erdem","status":"publish","type":"product","link":"https:\/\/kutluyayinevi.com\/magaza\/urun\/vega-vega-diye-bir-yer-gunhan-erdem\/","title":{"rendered":"VEGA: Vega Diye Bir Yer &#8211; G\u00fcnhan Erdem"},"content":{"rendered":"","protected":false},"excerpt":{"rendered":"<div class=\"comment-container\">\n<div class=\"action-comment markeddown js-comment\" dir=\"auto\">\n<div class=\"current-comment js-friendly-links js-open-card\">\n<p>Gelece\u011fe do\u011fru bir zaman yolculu\u011funa \u00e7\u0131kmak i\u00e7in haz\u0131r m\u0131s\u0131n\u0131z? O zaman arkan\u0131za yaslan\u0131p bacaklar\u0131n\u0131z\u0131 uzat\u0131n ve kahvenizden bir yudum al\u0131n. Yaln\u0131z, kitab\u0131 okumaya ba\u015flad\u0131\u011f\u0131n\u0131zda dikkat edin, kahveniz so\u011fumas\u0131n. Bu kitapta bir yandan s\u00fcr\u00fckleyici bir maceran\u0131n heyecan\u0131n\u0131 ya\u015farken di\u011fer yandan insano\u011flunun evrimine ili\u015fkin baz\u0131 bilinmeyenleri ke\u015ffedeceksiniz. &#8211; G\u00f6ksel ERDEM<\/p>\n<p>1964 y\u0131l\u0131nda Ankara\u2019da D\u00fcnya\u2019ya gelmi\u015f olan ve ilk roman \u00e7al\u0131\u015fmas\u0131 \u201cVega: Vega Diye Bir Yer\u2026\u201d isimli kitapla okuyucu kar\u015f\u0131s\u0131na \u00e7\u0131kan G\u00fcnhan ERDEM aslen bir akademisyen olup, molek\u00fcler h\u00fccre biyolojisi alan\u0131nda profes\u00f6r unvan\u0131na sahiptir. Evli ve iki \u00e7ocuk babas\u0131 olan yazar, halen akademik \u00e7al\u0131\u015fmalar\u0131n\u0131 s\u00fcrd\u00fcrmektedir.<\/p>\n<\/div>\n<\/div>\n<\/div>\n","protected":false},"featured_media":838,"comment_status":"open","ping_status":"closed","template":"","meta":[],"product_brand":[],"product_cat":[21],"product_tag":[],"class_list":{"0":"post-837","1":"product","2":"type-product","3":"status-publish","4":"has-post-thumbnail","6":"product_cat-bilim-kurgu","8":"first","9":"instock","10":"sale","11":"shipping-taxable","12":"purchasable","13":"product-type-simple"},"_links":{"self":[{"href":"https:\/\/kutluyayinevi.com\/magaza\/wp-json\/wp\/v2\/product\/837","targetHints":{"allow":["GET"]}}],"collection":[{"href":"https:\/\/kutluyayinevi.com\/magaza\/wp-json\/wp\/v2\/product"}],"about":[{"href":"https:\/\/kutluyayinevi.com\/magaza\/wp-json\/wp\/v2\/types\/product"}],"replies":[{"embeddable":true,"href":"https:\/\/kutluyayinevi.com\/magaza\/wp-json\/wp\/v2\/comments?post=837"}],"wp:featuredmedia":[{"embeddable":true,"href":"https:\/\/kutluyayinevi.com\/magaza\/wp-json\/wp\/v2\/media\/838"}],"wp:attachment":[{"href":"https:\/\/kutluyayinevi.com\/magaza\/wp-json\/wp\/v2\/media?parent=837"}],"wp:term":[{"taxonomy":"product_brand","embeddable":true,"href":"https:\/\/kutluyayinevi.com\/magaza\/wp-json\/wp\/v2\/product_brand?post=837"},{"taxonomy":"product_cat","embeddable":true,"href":"https:\/\/kutluyayinevi.com\/magaza\/wp-json\/wp\/v2\/product_cat?post=837"},{"taxonomy":"product_tag","embeddable":true,"href":"https:\/\/kutluyayinevi.com\/magaza\/wp-json\/wp\/v2\/product_tag?post=837"}],"curies":[{"name":"wp","href":"https:\/\/api.w.org\/{rel}","templated":true}]}}